Last updated on 2023-06-07 01:03:34 CEST.
Flavor | Version | Tinstall | Tcheck | Ttotal | Status | Flags |
---|---|---|---|---|---|---|
r-devel-linux-x86_64-debian-clang | 0.66.0 | 21.61 | 296.65 | 318.26 | OK | |
r-devel-linux-x86_64-debian-gcc | 0.66.0 | 16.45 | 234.87 | 251.32 | OK | |
r-devel-linux-x86_64-fedora-clang | 0.66.0 | 407.54 | OK | |||
r-devel-linux-x86_64-fedora-gcc | 0.66.0 | 468.33 | OK | |||
r-devel-windows-x86_64 | 0.66.0 | 20.00 | 422.00 | 442.00 | OK | |
r-patched-linux-x86_64 | 0.66.0 | 25.73 | 300.45 | 326.18 | OK | |
r-release-linux-x86_64 | 0.66.0 | 17.72 | 303.49 | 321.21 | OK | |
r-release-macos-arm64 | 0.66.0 | 7.00 | ERROR | |||
r-release-macos-x86_64 | 0.66.0 | 167.00 | OK | |||
r-release-windows-x86_64 | 0.66.0 | 25.00 | 646.00 | 671.00 | OK | |
r-oldrel-macos-arm64 | 0.66.0 | 171.00 | OK | |||
r-oldrel-macos-x86_64 | 0.66.0 | 209.00 | OK | |||
r-oldrel-windows-x86_64 | 0.66.0 | 24.00 | 557.00 | 581.00 | OK |
Version: 0.66.0
Check: package dependencies
Result: ERROR
Package required but not available: ‘aroma.light’
See section ‘The DESCRIPTION file’ in the ‘Writing R Extensions’
manual.
Flavor: r-release-macos-arm64