CRAN Package Check Results for Package PROSPER

Last updated on 2024-06-21 00:57:19 CEST.

Flavor Version Tinstall Tcheck Ttotal Status Flags
r-devel-linux-x86_64-debian-clang 0.3.3 5.28 39.26 44.54 NOTE
r-devel-linux-x86_64-debian-gcc 0.3.3 4.70 30.45 35.15 NOTE
r-devel-linux-x86_64-fedora-clang 0.3.3 60.13 NOTE
r-devel-linux-x86_64-fedora-gcc 0.3.3 54.68 NOTE
r-devel-windows-x86_64 0.3.3 5.00 53.00 58.00 NOTE
r-patched-linux-x86_64 0.3.3 6.32 39.15 45.47 NOTE
r-release-linux-x86_64 0.3.3 5.16 39.95 45.11 NOTE
r-release-macos-arm64 0.3.3 21.00 NOTE
r-release-macos-x86_64 0.3.3 29.00 NOTE
r-release-windows-x86_64 0.3.3 5.00 54.00 59.00 NOTE
r-oldrel-macos-arm64 0.3.3 21.00 OK
r-oldrel-macos-x86_64 0.3.3 29.00 OK
r-oldrel-windows-x86_64 0.3.3 5.00 59.00 64.00 OK

Check Details

Version: 0.3.3
Check: Rd files
Result: NOTE checkRd: (-1) struc_addSimData.Rd:15: Lost braces 15 | \item{value}{code{data.frame} or code{data.table}} | ^ checkRd: (-1) struc_addSimData.Rd:15: Lost braces 15 | \item{value}{code{data.frame} or code{data.table}} | ^ Flavors: r-devel-linux-x86_64-debian-clang, r-devel-linux-x86_64-debian-gcc, r-devel-linux-x86_64-fedora-clang, r-devel-linux-x86_64-fedora-gcc, r-devel-windows-x86_64, r-patched-linux-x86_64, r-release-linux-x86_64, r-release-macos-arm64, r-release-macos-x86_64, r-release-windows-x86_64