CRAN Package Check Results for Package PRIMAL

Last updated on 2024-06-25 00:58:11 CEST.

Flavor Version Tinstall Tcheck Ttotal Status Flags
r-devel-linux-x86_64-debian-clang 1.0.2 62.26 72.82 135.08 NOTE
r-devel-linux-x86_64-debian-gcc 1.0.2 38.43 56.69 95.12 NOTE
r-devel-linux-x86_64-fedora-clang 1.0.2 160.97 NOTE
r-devel-linux-x86_64-fedora-gcc 1.0.2 185.22 NOTE
r-devel-windows-x86_64 1.0.2 40.00 100.00 140.00 NOTE
r-patched-linux-x86_64 1.0.2 47.39 70.03 117.42 NOTE
r-release-linux-x86_64 1.0.2 50.78 72.46 123.24 NOTE
r-release-macos-arm64 1.0.2 51.00 NOTE
r-release-macos-x86_64 1.0.2 83.00 NOTE
r-release-windows-x86_64 1.0.2 42.00 103.00 145.00 NOTE
r-oldrel-macos-arm64 1.0.2 58.00 NOTE
r-oldrel-macos-x86_64 1.0.2 99.00 NOTE
r-oldrel-windows-x86_64 1.0.2 49.00 117.00 166.00 NOTE

Check Details

Version: 1.0.2
Check: C++ specification
Result: NOTE Specified C++11: please drop specification unless essential Flavors: r-devel-linux-x86_64-debian-clang, r-devel-linux-x86_64-debian-gcc, r-devel-linux-x86_64-fedora-clang, r-devel-linux-x86_64-fedora-gcc, r-devel-windows-x86_64, r-patched-linux-x86_64, r-release-linux-x86_64, r-release-macos-arm64, r-release-macos-x86_64, r-release-windows-x86_64, r-oldrel-macos-arm64, r-oldrel-macos-x86_64, r-oldrel-windows-x86_64

Version: 1.0.2
Check: compiled code
Result: NOTE File ‘PRIMAL/libs/PRIMAL.so’: Found no calls to: ‘R_registerRoutines’, ‘R_useDynamicSymbols’ It is good practice to register native routines and to disable symbol search. See ‘Writing portable packages’ in the ‘Writing R Extensions’ manual. Flavors: r-devel-linux-x86_64-fedora-clang, r-devel-linux-x86_64-fedora-gcc

Version: 1.0.2
Check: installed package size
Result: NOTE installed size is 10.5Mb sub-directories of 1Mb or more: libs 10.1Mb Flavors: r-release-macos-arm64, r-release-macos-x86_64, r-oldrel-macos-arm64, r-oldrel-macos-x86_64