CRAN Package Check Results for Package PRDA

Last updated on 2024-06-24 00:50:17 CEST.

Flavor Version Tinstall Tcheck Ttotal Status Flags
r-devel-linux-x86_64-debian-clang 1.0.0 42.50 238.21 280.71 NOTE
r-devel-linux-x86_64-debian-gcc 1.0.0 27.26 157.94 185.20 NOTE
r-devel-linux-x86_64-fedora-clang 1.0.0 360.24 NOTE
r-devel-linux-x86_64-fedora-gcc 1.0.0 348.82 NOTE
r-devel-windows-x86_64 1.0.0 35.00 227.00 262.00 NOTE
r-patched-linux-x86_64 1.0.0 34.21 225.54 259.75 NOTE
r-release-linux-x86_64 1.0.0 33.16 217.84 251.00 NOTE
r-release-macos-arm64 1.0.0 117.00 NOTE
r-release-macos-x86_64 1.0.0 201.00 NOTE
r-release-windows-x86_64 1.0.0 34.00 224.00 258.00 NOTE
r-oldrel-macos-arm64 1.0.0 128.00 NOTE
r-oldrel-macos-x86_64 1.0.0 240.00 NOTE
r-oldrel-windows-x86_64 1.0.0 42.00 267.00 309.00 NOTE

Check Details

Version: 1.0.0
Check: C++ specification
Result: NOTE Specified C++11: please drop specification unless essential Flavors: r-devel-linux-x86_64-debian-clang, r-devel-linux-x86_64-debian-gcc, r-devel-linux-x86_64-fedora-clang, r-devel-linux-x86_64-fedora-gcc, r-devel-windows-x86_64, r-patched-linux-x86_64, r-release-linux-x86_64, r-release-macos-arm64, r-release-macos-x86_64, r-release-windows-x86_64, r-oldrel-macos-arm64, r-oldrel-macos-x86_64, r-oldrel-windows-x86_64

Version: 1.0.0
Check: Rd files
Result: NOTE checkRd: (-1) PRDA.Rd:8: Lost braces; missing escapes or markup? 8 | Given an hypothetical value of effect size, {PRDA} performs a prospective | ^ checkRd: (-1) PRDA.Rd:22: Lost braces; missing escapes or markup? 22 | In {PRDA} there are two main functions: | ^ checkRd: (-1) PRDA.Rd:51: Lost braces; missing escapes or markup? 51 | Alternatively, {PRDA} allows users to specify a distribution of plausible | ^ Flavors: r-devel-linux-x86_64-debian-clang, r-devel-linux-x86_64-debian-gcc, r-devel-linux-x86_64-fedora-clang, r-devel-linux-x86_64-fedora-gcc, r-devel-windows-x86_64, r-patched-linux-x86_64, r-release-linux-x86_64, r-release-macos-arm64, r-release-macos-x86_64, r-release-windows-x86_64

Version: 1.0.0
Check: LazyData
Result: NOTE 'LazyData' is specified without a 'data' directory Flavors: r-devel-linux-x86_64-debian-clang, r-devel-linux-x86_64-debian-gcc, r-devel-linux-x86_64-fedora-clang, r-devel-linux-x86_64-fedora-gcc, r-devel-windows-x86_64, r-patched-linux-x86_64, r-release-linux-x86_64, r-release-macos-arm64, r-release-macos-x86_64, r-release-windows-x86_64, r-oldrel-macos-arm64, r-oldrel-macos-x86_64, r-oldrel-windows-x86_64