CRAN Package Check Results for Package PQLseq

Last updated on 2024-06-16 00:58:28 CEST.

Flavor Version Tinstall Tcheck Ttotal Status Flags
r-devel-linux-x86_64-debian-clang 1.2.1 56.34 69.06 125.40 NOTE
r-devel-linux-x86_64-debian-gcc 1.2.1 40.56 53.17 93.73 NOTE
r-devel-linux-x86_64-fedora-clang 1.2.1 182.19 NOTE
r-devel-linux-x86_64-fedora-gcc 1.2.1 173.26 NOTE
r-devel-windows-x86_64 1.2.1 46.00 91.00 137.00 NOTE
r-patched-linux-x86_64 1.2.1 44.43 68.14 112.57 NOTE
r-release-linux-x86_64 1.2.1 52.62 69.20 121.82 NOTE
r-release-macos-arm64 1.2.1 44.00 NOTE
r-release-macos-x86_64 1.2.1 60.00 NOTE
r-release-windows-x86_64 1.2.1 45.00 94.00 139.00 NOTE
r-oldrel-macos-arm64 1.2.1 53.00 NOTE
r-oldrel-macos-x86_64 1.2.1 84.00 NOTE
r-oldrel-windows-x86_64 1.2.1 55.00 110.00 165.00 NOTE

Check Details

Version: 1.2.1
Check: C++ specification
Result: NOTE Specified C++11: please drop specification unless essential Flavors: r-devel-linux-x86_64-debian-clang, r-devel-linux-x86_64-debian-gcc, r-devel-linux-x86_64-fedora-clang, r-devel-linux-x86_64-fedora-gcc, r-devel-windows-x86_64, r-patched-linux-x86_64, r-release-linux-x86_64, r-release-macos-arm64, r-release-macos-x86_64, r-release-windows-x86_64, r-oldrel-macos-arm64, r-oldrel-macos-x86_64, r-oldrel-windows-x86_64