CRAN Package Check Results for Package PMCMRplus

Last updated on 2021-09-19 23:50:25 CEST.

Flavor Version Tinstall Tcheck Ttotal Status Flags
r-devel-linux-x86_64-debian-clang 1.9.0 20.21 138.12 158.33 OK
r-devel-linux-x86_64-debian-gcc 1.9.0 15.71 101.66 117.37 OK
r-devel-linux-x86_64-fedora-clang 1.9.0 197.92 OK
r-devel-linux-x86_64-fedora-gcc 1.9.0 189.23 OK
r-devel-windows-x86_64 1.9.0 26.00 123.00 149.00 OK
r-devel-windows-x86_64-gcc10-UCRT 1.9.0 ERROR
r-patched-linux-x86_64 1.9.0 23.89 132.48 156.37 OK
r-patched-solaris-x86 1.9.0 224.20 OK
r-release-linux-x86_64 1.9.0 18.48 132.22 150.70 OK
r-release-macos-arm64 1.9.0 OK
r-release-macos-x86_64 1.9.0 OK
r-release-windows-ix86+x86_64 1.9.0 42.00 205.00 247.00 OK
r-oldrel-macos-x86_64 1.9.0 OK
r-oldrel-windows-ix86+x86_64 1.9.0 40.00 214.00 254.00 OK

Check Details

Version: 1.9.0
Check: whether package can be installed
Result: ERROR
    Installation failed.
Flavor: r-devel-windows-x86_64-gcc10-UCRT