CRAN Package Check Results for Package PLSiMCpp

Last updated on 2024-06-14 00:53:53 CEST.

Flavor Version Tinstall Tcheck Ttotal Status Flags
r-devel-linux-x86_64-debian-clang 1.0.4 52.97 63.20 116.17 NOTE
r-devel-linux-x86_64-debian-gcc 1.0.4 0.36 1.71 2.07 ERROR
r-devel-linux-x86_64-fedora-clang 1.0.4 160.56 NOTE
r-devel-linux-x86_64-fedora-gcc 1.0.4 162.94 NOTE
r-devel-windows-x86_64 1.0.4 43.00 91.00 134.00 NOTE
r-patched-linux-x86_64 1.0.4 46.48 60.07 106.55 NOTE
r-release-linux-x86_64 1.0.4 44.00 60.48 104.48 NOTE
r-release-macos-arm64 1.0.4 42.00 NOTE
r-release-macos-x86_64 1.0.4 68.00 NOTE
r-release-windows-x86_64 1.0.4 43.00 86.00 129.00 NOTE
r-oldrel-macos-arm64 1.0.4 47.00 NOTE
r-oldrel-macos-x86_64 1.0.4 77.00 NOTE
r-oldrel-windows-x86_64 1.0.4 52.00 102.00 154.00 NOTE

Check Details

Version: 1.0.4
Check: C++ specification
Result: NOTE Specified C++11: please drop specification unless essential Flavors: r-devel-linux-x86_64-debian-clang, r-devel-linux-x86_64-fedora-clang, r-devel-linux-x86_64-fedora-gcc, r-devel-windows-x86_64, r-patched-linux-x86_64, r-release-linux-x86_64, r-release-macos-arm64, r-release-macos-x86_64, r-release-windows-x86_64, r-oldrel-macos-arm64, r-oldrel-macos-x86_64, r-oldrel-windows-x86_64

Version: 1.0.4
Check: package dependencies
Result: ERROR Package required but not available: ‘purrr’ See section ‘The DESCRIPTION file’ in the ‘Writing R Extensions’ manual. Flavor: r-devel-linux-x86_64-debian-gcc

Version: 1.0.4
Check: installed package size
Result: NOTE installed size is 5.3Mb sub-directories of 1Mb or more: libs 5.1Mb Flavors: r-release-macos-arm64, r-release-macos-x86_64, r-oldrel-macos-arm64, r-oldrel-macos-x86_64