CRAN Package Check Results for Package PKconverter

Last updated on 2021-10-19 23:53:05 CEST.

Flavor Version Tinstall Tcheck Ttotal Status Flags
r-devel-linux-x86_64-debian-clang 1.5 10.43 55.03 65.46 NOTE
r-devel-linux-x86_64-debian-gcc 1.5 8.06 41.02 49.08 NOTE
r-devel-linux-x86_64-fedora-clang 1.5 89.39 NOTE
r-devel-linux-x86_64-fedora-gcc 1.5 76.68 NOTE
r-devel-windows-x86_64 1.5 16.00 67.00 83.00 NOTE
r-devel-windows-x86_64-gcc10-UCRT 1.5 NOTE
r-patched-linux-x86_64 1.5 11.60 52.15 63.75 NOTE
r-patched-solaris-x86 1.5 100.00 NOTE
r-release-linux-x86_64 1.5 9.77 53.01 62.78 NOTE
r-release-macos-arm64 1.5 NOTE
r-release-macos-x86_64 1.5 NOTE
r-release-windows-ix86+x86_64 1.5 18.00 66.00 84.00 NOTE
r-oldrel-macos-x86_64 1.5 OK
r-oldrel-windows-ix86+x86_64 1.5 18.00 64.00 82.00 OK

Check Details

Version: 1.5
Check: LazyData
Result: NOTE
     'LazyData' is specified without a 'data' directory
Flavors: r-devel-linux-x86_64-debian-clang, r-devel-linux-x86_64-debian-gcc, r-devel-linux-x86_64-fedora-clang, r-devel-linux-x86_64-fedora-gcc, r-devel-windows-x86_64, r-devel-windows-x86_64-gcc10-UCRT, r-patched-linux-x86_64, r-patched-solaris-x86, r-release-linux-x86_64, r-release-macos-arm64, r-release-macos-x86_64, r-release-windows-ix86+x86_64