CRAN Package Check Results for Package PDShiny

Last updated on 2021-10-24 23:51:56 CEST.

Flavor Version Tinstall Tcheck Ttotal Status Flags
r-devel-linux-x86_64-debian-clang 0.1.0 1.82 18.57 20.39 NOTE
r-devel-linux-x86_64-debian-gcc 0.1.0 1.54 15.21 16.75 NOTE
r-devel-linux-x86_64-fedora-clang 0.1.0 36.73 NOTE
r-devel-linux-x86_64-fedora-gcc 0.1.0 25.49 NOTE
r-devel-windows-x86_64 0.1.0 4.00 36.00 40.00 NOTE
r-devel-windows-x86_64-gcc10-UCRT 0.1.0 NOTE
r-patched-linux-x86_64 0.1.0 1.86 18.36 20.22 NOTE
r-patched-solaris-x86 0.1.0 41.50 NOTE
r-release-linux-x86_64 0.1.0 1.86 18.22 20.08 NOTE
r-release-macos-arm64 0.1.0 NOTE
r-release-macos-x86_64 0.1.0 NOTE
r-release-windows-ix86+x86_64 0.1.0 4.00 36.00 40.00 NOTE
r-oldrel-macos-x86_64 0.1.0 OK
r-oldrel-windows-ix86+x86_64 0.1.0 5.00 35.00 40.00 OK

Check Details

Version: 0.1.0
Check: LazyData
Result: NOTE
     'LazyData' is specified without a 'data' directory
Flavors: r-devel-linux-x86_64-debian-clang, r-devel-linux-x86_64-debian-gcc, r-devel-linux-x86_64-fedora-clang, r-devel-linux-x86_64-fedora-gcc, r-devel-windows-x86_64, r-devel-windows-x86_64-gcc10-UCRT, r-patched-linux-x86_64, r-patched-solaris-x86, r-release-linux-x86_64, r-release-macos-arm64, r-release-macos-x86_64, r-release-windows-ix86+x86_64