CRAN Package Check Results for Package PCLassoReg

Last updated on 2022-01-17 23:51:31 CET.

Flavor Version Tinstall Tcheck Ttotal Status Flags
r-devel-linux-x86_64-debian-clang 1.0.0 7.08 110.17 117.25 OK
r-devel-linux-x86_64-debian-gcc 1.0.0 6.35 85.28 91.63 OK
r-devel-linux-x86_64-fedora-clang 1.0.0 142.78 NOTE
r-devel-linux-x86_64-fedora-gcc 1.0.0 135.63 NOTE
r-devel-windows-x86_64-new-UL 1.0.0 40.00 132.00 172.00 OK
r-devel-windows-x86_64-new-TK 1.0.0 NOTE
r-patched-linux-x86_64 1.0.0 8.25 108.34 116.59 OK
r-release-linux-x86_64 1.0.0 OK
r-release-macos-arm64 1.0.0 NOTE
r-release-macos-x86_64 1.0.0 NOTE
r-release-windows-ix86+x86_64 1.0.0 20.00 131.00 151.00 OK
r-oldrel-macos-x86_64 1.0.0 NOTE
r-oldrel-windows-ix86+x86_64 1.0.0 22.00 134.00 156.00 OK

Check Details

Version: 1.0.0
Check: dependencies in R code
Result: NOTE
    Namespace in Imports field not imported from: ‘survival’
     All declared Imports should be used.
Flavors: r-devel-linux-x86_64-fedora-clang, r-devel-linux-x86_64-fedora-gcc, r-devel-windows-x86_64-new-TK, r-release-macos-arm64, r-release-macos-x86_64, r-oldrel-macos-x86_64