CRAN Package Check Results for Package OTrecod

Last updated on 2021-10-24 23:51:56 CEST.

Flavor Version Tinstall Tcheck Ttotal Status Flags
r-devel-linux-x86_64-debian-clang 0.1.1 18.12 342.24 360.36 OK
r-devel-linux-x86_64-debian-gcc 0.1.1 14.60 243.86 258.46 OK
r-devel-linux-x86_64-fedora-clang 0.1.1 424.83 NOTE
r-devel-linux-x86_64-fedora-gcc 0.1.1 442.42 OK
r-devel-windows-x86_64 0.1.1 30.00 414.00 444.00 OK
r-devel-windows-x86_64-gcc10-UCRT 0.1.1 OK
r-patched-linux-x86_64 0.1.1 22.35 323.74 346.09 OK
r-patched-solaris-x86 0.1.1 422.90 OK
r-release-linux-x86_64 0.1.1 19.62 324.40 344.02 OK
r-release-macos-arm64 0.1.1 OK
r-release-macos-x86_64 0.1.1 OK
r-release-windows-ix86+x86_64 0.1.1 35.00 424.00 459.00 OK
r-oldrel-macos-x86_64 0.1.1 OK
r-oldrel-windows-ix86+x86_64 0.1.1 47.00 425.00 472.00 OK

Check Details

Version: 0.1.1
Check: Rd cross-references
Result: NOTE
    Undeclared package ‘survey’ in Rd xrefs
Flavor: r-devel-linux-x86_64-fedora-clang