CRAN Package Check Results for Package OOS

Last updated on 2021-10-19 23:53:03 CEST.

Flavor Version Tinstall Tcheck Ttotal Status Flags
r-devel-linux-x86_64-debian-clang 1.0.0 3.23 368.06 371.29 NOTE
r-devel-linux-x86_64-debian-gcc 1.0.0 2.62 255.37 257.99 NOTE
r-devel-linux-x86_64-fedora-clang 1.0.0 416.63 NOTE
r-devel-linux-x86_64-fedora-gcc 1.0.0 411.01 NOTE
r-devel-windows-x86_64 1.0.0 6.00 426.00 432.00 NOTE
r-devel-windows-x86_64-gcc10-UCRT 1.0.0 NOTE
r-patched-linux-x86_64 1.0.0 3.27 350.16 353.43 NOTE
r-patched-solaris-x86 1.0.0 484.40 NOTE
r-release-linux-x86_64 1.0.0 3.68 346.72 350.40 NOTE
r-release-macos-arm64 1.0.0 NOTE
r-release-macos-x86_64 1.0.0 NOTE
r-release-windows-ix86+x86_64 1.0.0 14.00 414.00 428.00 NOTE
r-oldrel-macos-x86_64 1.0.0 OK
r-oldrel-windows-ix86+x86_64 1.0.0 9.00 430.00 439.00 OK

Check Details

Version: 1.0.0
Check: LazyData
Result: NOTE
     'LazyData' is specified without a 'data' directory
Flavors: r-devel-linux-x86_64-debian-clang, r-devel-linux-x86_64-debian-gcc, r-devel-linux-x86_64-fedora-clang, r-devel-linux-x86_64-fedora-gcc, r-devel-windows-x86_64, r-devel-windows-x86_64-gcc10-UCRT, r-patched-linux-x86_64, r-patched-solaris-x86, r-release-linux-x86_64, r-release-macos-arm64, r-release-macos-x86_64, r-release-windows-ix86+x86_64