CRAN Package Check Results for Package NonlinearTSA

Last updated on 2021-09-19 23:50:21 CEST.

Flavor Version Tinstall Tcheck Ttotal Status Flags
r-devel-linux-x86_64-debian-clang 0.5.0 14.93 125.58 140.51 OK
r-devel-linux-x86_64-debian-gcc 0.5.0 11.94 93.93 105.87 OK
r-devel-linux-x86_64-fedora-clang 0.5.0 171.80 OK
r-devel-linux-x86_64-fedora-gcc 0.5.0 165.90 OK
r-devel-windows-x86_64 0.5.0 16.00 115.00 131.00 OK
r-devel-windows-x86_64-gcc10-UCRT 0.5.0 ERROR
r-patched-linux-x86_64 0.5.0 15.28 116.40 131.68 OK
r-patched-solaris-x86 0.5.0 236.60 OK
r-release-linux-x86_64 0.5.0 14.07 118.45 132.52 OK
r-release-macos-arm64 0.5.0 OK
r-release-macos-x86_64 0.5.0 OK
r-release-windows-ix86+x86_64 0.5.0 36.00 155.00 191.00 OK
r-oldrel-macos-x86_64 0.5.0 OK
r-oldrel-windows-ix86+x86_64 0.5.0 35.00 117.00 152.00 OK

Check Details

Version: 0.5.0
Check: whether package can be installed
Result: WARN
    Found the following significant warnings:
     WARNING: installation-time patches will not be applied, could not get the patches index
Flavor: r-devel-windows-x86_64-gcc10-UCRT

Version: 0.5.0
Check: PDF version of manual
Result: WARN
    LaTeX errors when creating PDF version.
    This typically indicates Rd problems.
Flavor: r-devel-windows-x86_64-gcc10-UCRT

Version: 0.5.0
Check: PDF version of manual without hyperrefs or index
Result: ERROR
    Re-running with no redirection of stdout/stderr.
Flavor: r-devel-windows-x86_64-gcc10-UCRT