CRAN Package Check Results for Package NetworkInference

Last updated on 2024-06-17 00:50:06 CEST.

Flavor Version Tinstall Tcheck Ttotal Status Flags
r-devel-linux-x86_64-debian-clang 1.2.4 66.96 117.36 184.32 NOTE
r-devel-linux-x86_64-debian-gcc 1.2.4 44.73 86.92 131.65 NOTE
r-devel-linux-x86_64-fedora-clang 1.2.4 256.38 NOTE
r-devel-linux-x86_64-fedora-gcc 1.2.4 252.36 NOTE
r-devel-windows-x86_64 1.2.4 53.00 120.00 173.00 NOTE
r-patched-linux-x86_64 1.2.4 52.80 110.67 163.47 NOTE
r-release-linux-x86_64 1.2.4 39.25 112.49 151.74 NOTE
r-release-macos-arm64 1.2.4 68.00 NOTE
r-release-macos-x86_64 1.2.4 142.00 NOTE
r-release-windows-x86_64 1.2.4 54.00 122.00 176.00 NOTE
r-oldrel-macos-arm64 1.2.4 72.00 NOTE
r-oldrel-macos-x86_64 1.2.4 113.00 NOTE
r-oldrel-windows-x86_64 1.2.4 65.00 143.00 208.00 NOTE

Check Details

Version: 1.2.4
Check: C++ specification
Result: NOTE Specified C++11: please drop specification unless essential Flavors: r-devel-linux-x86_64-debian-clang, r-devel-linux-x86_64-debian-gcc, r-devel-linux-x86_64-fedora-clang, r-devel-linux-x86_64-fedora-gcc, r-devel-windows-x86_64, r-patched-linux-x86_64, r-release-linux-x86_64, r-release-macos-arm64, r-release-macos-x86_64, r-release-windows-x86_64, r-oldrel-macos-arm64, r-oldrel-macos-x86_64, r-oldrel-windows-x86_64