Last updated on 2022-05-17 23:56:41 CEST.
Flavor | Version | Tinstall | Tcheck | Ttotal | Status | Flags |
---|---|---|---|---|---|---|
r-devel-linux-x86_64-debian-clang | 1.0.4 | 4.29 | 36.51 | 40.80 | OK | |
r-devel-linux-x86_64-debian-gcc | 1.0.4 | 4.31 | 28.06 | 32.37 | OK | |
r-devel-linux-x86_64-fedora-clang | 1.0.4 | 49.41 | NOTE | |||
r-devel-linux-x86_64-fedora-gcc | 1.0.4 | 48.09 | NOTE | |||
r-devel-windows-x86_64 | 1.0.4 | 45.00 | 64.00 | 109.00 | NOTE | |
r-patched-linux-x86_64 | 1.0.4 | 4.56 | 34.47 | 39.03 | OK | |
r-release-linux-x86_64 | 1.0.4 | 4.38 | 35.36 | 39.74 | OK | |
r-release-macos-arm64 | 1.0.4 | 19.00 | NOTE | |||
r-release-macos-x86_64 | 1.0.4 | 28.00 | NOTE | |||
r-release-windows-x86_64 | 1.0.4 | 32.00 | 57.00 | 89.00 | NOTE | |
r-oldrel-macos-arm64 | 1.0.4 | 24.00 | NOTE | |||
r-oldrel-macos-x86_64 | 1.0.4 | 33.00 | NOTE | |||
r-oldrel-windows-ix86+x86_64 | 1.0.4 | 10.00 | 46.00 | 56.00 | NOTE |
Version: 1.0.4
Check: installed package size
Result: NOTE
installed size is 5.8Mb
sub-directories of 1Mb or more:
data 4.0Mb
doc 1.7Mb
Flavors: r-devel-linux-x86_64-fedora-clang, r-devel-windows-x86_64, r-release-macos-arm64, r-release-macos-x86_64, r-release-windows-x86_64, r-oldrel-macos-arm64, r-oldrel-macos-x86_64, r-oldrel-windows-ix86+x86_64
Version: 1.0.4
Check: dependencies in R code
Result: NOTE
Namespace in Imports field not imported from: ‘tuneR’
All declared Imports should be used.
Flavors: r-devel-linux-x86_64-fedora-clang, r-devel-linux-x86_64-fedora-gcc, r-release-macos-arm64, r-release-macos-x86_64, r-oldrel-macos-arm64, r-oldrel-macos-x86_64