CRAN Package Check Results for Package NPC

Last updated on 2021-09-23 23:50:14 CEST.

Flavor Version Tinstall Tcheck Ttotal Status Flags
r-devel-linux-x86_64-debian-clang 1.1.0 2.43 28.77 31.20 NOTE
r-devel-linux-x86_64-debian-gcc 1.1.0 2.16 22.33 24.49 NOTE
r-devel-linux-x86_64-fedora-clang 1.1.0 47.53 NOTE
r-devel-linux-x86_64-fedora-gcc 1.1.0 36.14 NOTE
r-devel-windows-x86_64 1.1.0 4.00 37.00 41.00 NOTE
r-devel-windows-x86_64-gcc10-UCRT 1.1.0 NOTE
r-patched-linux-x86_64 1.1.0 2.72 27.69 30.41 NOTE
r-patched-solaris-x86 1.1.0 56.00 NOTE
r-release-linux-x86_64 1.1.0 2.67 27.62 30.29 NOTE
r-release-macos-arm64 1.1.0 NOTE
r-release-macos-x86_64 1.1.0 NOTE
r-release-windows-ix86+x86_64 1.1.0 7.00 46.00 53.00 NOTE
r-oldrel-macos-x86_64 1.1.0 OK
r-oldrel-windows-ix86+x86_64 1.1.0 5.00 35.00 40.00 OK

Check Details

Version: 1.1.0
Check: LazyData
Result: NOTE
     'LazyData' is specified without a 'data' directory
Flavors: r-devel-linux-x86_64-debian-clang, r-devel-linux-x86_64-debian-gcc, r-devel-linux-x86_64-fedora-clang, r-devel-linux-x86_64-fedora-gcc, r-devel-windows-x86_64, r-devel-windows-x86_64-gcc10-UCRT, r-patched-linux-x86_64, r-patched-solaris-x86, r-release-linux-x86_64, r-release-macos-arm64, r-release-macos-x86_64, r-release-windows-ix86+x86_64