CRAN Package Check Results for Package NMproject

Last updated on 2021-12-07 23:54:36 CET.

Flavor Version Tinstall Tcheck Ttotal Status Flags
r-devel-linux-x86_64-debian-clang 0.6.7 17.79 213.77 231.56 OK
r-devel-linux-x86_64-debian-gcc 0.6.7 15.54 156.04 171.58 OK
r-devel-linux-x86_64-fedora-clang 0.6.7 272.62 OK
r-devel-linux-x86_64-fedora-gcc 0.6.7 271.02 OK
r-devel-windows-x86_64-new-UL 0.6.7 55.00 338.00 393.00 OK
r-devel-windows-x86_64-new-TK 0.6.7 ERROR
r-devel-windows-x86_64-old 0.6.7 30.00 292.00 322.00 OK
r-patched-linux-x86_64 0.6.7 25.03 201.18 226.21 OK
r-release-linux-x86_64 0.6.7 18.74 199.38 218.12 OK
r-release-macos-arm64 0.6.7 OK
r-release-macos-x86_64 0.6.7 OK
r-release-windows-ix86+x86_64 0.6.7 23.00 185.00 208.00 OK
r-oldrel-macos-x86_64 0.6.7 OK
r-oldrel-windows-ix86+x86_64 0.6.7 31.00 268.00 299.00 OK

Check Details

Version: 0.6.7
Check: tests
Result: ERROR
     Running 'testthat.R'
    Running the tests in 'tests/testthat.R' failed.
    Complete output:
     > library(testthat)
     > library(NMproject)
     >
     > test_check("NMproject")
     Package: localanalysis
     Title: What the Package Does (One Line, Title Case)
     Version: 0.0.0.9000
     Authors@R (parsed):
     * First Last <first.last@example.com> [aut, cre] (YOUR-ORCID-ID)
     Description: What the package does (one paragraph).
     License: `use_mit_license()`, `use_gpl3_license()` or friends to pick a
     license
     Encoding: UTF-8
     Roxygen: list(markdown = TRUE)
     RoxygenNote: 7.1.2
     Package: localanalysis
     Title: What the Package Does (One Line, Title Case)
     Version: 0.0.0.9000
     Authors@R (parsed):
     * First Last <first.last@example.com> [aut, cre] (YOUR-ORCID-ID)
     Description: What the package does (one paragraph).
     License: `use_mit_license()`, `use_gpl3_license()` or friends to pick a
     license
     Encoding: UTF-8
     Roxygen: list(markdown = TRUE)
     RoxygenNote: 7.1.2
     Package: localanalysis
     Title: What the Package Does (One Line, Title Case)
     Version: 0.0.0.9000
     Authors@R (parsed):
     * First Last <first.last@example.com> [aut, cre] (YOUR-ORCID-ID)
     Description: What the package does (one paragraph).
     License: `use_mit_license()`, `use_gpl3_license()` or friends to pick a
     license
     Encoding: UTF-8
     Roxygen: list(markdown = TRUE)
     RoxygenNote: 7.1.2
     inline R code fragments
    
     label: setup (with options)
     List of 1
     $ include: logi FALSE
    
     ordinary text without R code
    
     label: unnamed-chunk-1 (with options)
     List of 2
     $ echo : logi FALSE
     $ message: logi FALSE
    
     ordinary text without R code
    
     label: unnamed-chunk-2
     ordinary text without R code
    
     label: unnamed-chunk-3
     ordinary text without R code
    
     label: unnamed-chunk-4
     ordinary text without R code
    
     label: unnamed-chunk-5
     ordinary text without R code
    
     "C:/PROGRA~1/Pandoc/pandoc" +RTS -K512m -RTS s01_make_data.knit.md --to html4 --from markdown+autolink_bare_uris+tex_math_single_backslash --output s01_make_data.html --lua-filter "C:\r_packages\pkgcheck\lib\rmarkdown\rmarkdown\lua\pagebreak.lua" --lua-filter "C:\r_packages\pkgcheck\lib\rmarkdown\rmarkdown\lua\latex-div.lua" --self-contained --variable bs3=TRUE --standalone --section-divs --template "C:\r_packages\pkgcheck\lib\rmarkdown\rmd\h\default.html" --no-highlight --variable highlightjs=1 --variable theme=bootstrap --include-in-header "C:\r_packages\pkgcheck\CRAN\NMproject\tmp\RtmpKgtyWR\rmarkdown-str2ed0457a1b65.html" --mathjax --variable "mathjax-url:https://mathjax.rstudio.com/latest/MathJax.js?config=TeX-AMS-MML_HTMLorMML"
     'git' is not recognized as an internal or external command,
     operable program or batch file.
     'git' is not recognized as an internal or external command,
     operable program or batch file.
     Package: localanalysis
     Title: What the Package Does (One Line, Title Case)
     Version: 0.0.0.9000
     Authors@R (parsed):
     * First Last <first.last@example.com> [aut, cre] (YOUR-ORCID-ID)
     Description: What the package does (one paragraph).
     License: `use_mit_license()`, `use_gpl3_license()` or friends to pick a
     license
     Encoding: UTF-8
     Roxygen: list(markdown = TRUE)
     RoxygenNote: 7.1.2
     inline R code fragments
    
     label: setup (with options)
     List of 1
     $ include: logi FALSE
    
     ordinary text without R code
    
     label: unnamed-chunk-1 (with options)
     List of 2
     $ echo : logi FALSE
     $ message: logi FALSE
    
     ordinary text without R code
    
     label: unnamed-chunk-2
     ordinary text without R code
    
     label: unnamed-chunk-3
     ordinary text without R code
    
     label: unnamed-chunk-4
     ordinary text without R code
    
     label: unnamed-chunk-5
     ordinary text without R code
    
     "C:/PROGRA~1/Pandoc/pandoc" +RTS -K512m -RTS s01_make_data.knit.md --to html4 --from markdown+autolink_bare_uris+tex_math_single_backslash --output s01_make_data.html --lua-filter "C:\r_packages\pkgcheck\lib\rmarkdown\rmarkdown\lua\pagebreak.lua" --lua-filter "C:\r_packages\pkgcheck\lib\rmarkdown\rmarkdown\lua\latex-div.lua" --self-contained --variable bs3=TRUE --standalone --section-divs --template "C:\r_packages\pkgcheck\lib\rmarkdown\rmd\h\default.html" --no-highlight --variable highlightjs=1 --variable theme=bootstrap --include-in-header "C:\r_packages\pkgcheck\CRAN\NMproject\tmp\RtmpKgtyWR\rmarkdown-str2ed0477f42e0d.html" --mathjax --variable "mathjax-url:https://mathjax.rstudio.com/latest/MathJax.js?config=TeX-AMS-MML_HTMLorMML"
     inline R code fragments
    
     label: setup (with options)
     List of 1
     $ include: logi FALSE
    
     ordinary text without R code
    
     label: unnamed-chunk-1 (with options)
     List of 2
     $ echo : logi FALSE
     $ message: logi FALSE
    
     ordinary text without R code
    
     label: parent_ob
     ordinary text without R code
    
     label: basic_gof
     ordinary text without R code
    
     label: sim
     ordinary text without R code
    
     label: sim_diags
     ordinary text without R code
    
     label: manual_edit
     'git' is not recognized as an internal or external command,
     operable program or batch file.
     'git' is not recognized as an internal or external command,
     operable program or batch file.
     adding: test_nmproject/ (stored 0%)
     adding: test_nmproject/.cache/ (stored 0%)
     adding: test_nmproject/.cache/execute.Models--a12t1 (stored 0%)
     adding: test_nmproject/.cache/execute.Models--a12t4 (stored 0%)
     adding: test_nmproject/.cache/execute.Models--a2t1 (stored 0%)
     adding: test_nmproject/.cache/execute.Models--a2t2 (stored 0%)
     adding: test_nmproject/.cache/execute.Models--a4t1 (stored 0%)
     adding: test_nmproject/.cache/execute.Models--a4t3 (stored 0%)
     adding: test_nmproject/.cache/execute.Models--a4t4 (stored 0%)
     adding: test_nmproject/.cache/execute.Models--c1 (stored 0%)
     adding: test_nmproject/.cache/execute.Models--c1_f1--K--LIN2--linear--c1_f1_K_LIN2_linear (stored 0%)
     adding: test_nmproject/.cache/execute.Models--c1_f1--K--LIN2--power--c1_f1_K_LIN2_power (stored 0%)
     adding: test_nmproject/.cache/execute.Models--c1_f1--K--RND1--linear--c1_f1_K_RND1_linear (stored 0%)
     adding: test_nmproject/.cache/execute.Models--c1_f1--KA--BN1--linear--c1_f1_KA_BN1_linear (stored 0%)
     adding: test_nmproject/.cache/execute.Models--c1_f1--KA--LIN1--linear--c1_f1_KA_LIN1_linear (stored 0%)
     adding: test_nmproject/.cache/execute.Models--c1_f1--KA--LIN1--power--c1_f1_KA_LIN1_power (stored 0%)
     adding: test_nmproject/.cache/execute.Models--c1_f1--KA--RND1--linear--c1_f1_KA_RND1_linear (stored 0%)
     adding: test_nmproject/.cache/execute.Models--c1_f1--V--LIN3--linear--c1_f1_V_LIN3_linear (stored 0%)
     adding: test_nmproject/.cache/execute.Models--c1_f1--V--LIN3--power--c1_f1_V_LIN3_power (stored 0%)
     adding: test_nmproject/.cache/execute.Models--c1_f1--V--RND1--linear--c1_f1_V_RND1_linear (stored 0%)
     adding: test_nmproject/.cache/execute.Models--c1_f2--K--LIN2--linear--c1_f2_K_LIN2_linear (stored 0%)
     adding: test_nmproject/.cache/execute.Models--c1_f2--K--LIN2--linear--m1s (stored 0%)
     adding: test_nmproject/.cache/execute.Models--c1_f2--K--LIN2--power--c1_f2_K_LIN2_power (stored 0%)
     adding: test_nmproject/.cache/execute.Models--c1_f2--K--RND1--linear--c1_f2_K_RND1_linear (stored 0%)
     adding: test_nmproject/.cache/execute.Models--c1_f2--KA--BN1--linear--c1_f2_KA_BN1_linear (stored 0%)
     adding: test_nmproject/.cache/execute.Models--c1_f2--KA--RND1--linear--c1_f2_KA_RND1_linear (stored 0%)
     adding: test_nmproject/.cache/execute.Models--c1_f2--V--LIN3--linear--c1_f2_V_LIN3_linear (stored 0%)
     adding: test_nmproject/.cache/execute.Models--c1_f2--V--LIN3--power--c1_f2_V_LIN3_power (stored 0%)
     adding: test_nmproject/.cache/execute.Models--c1_f2--V--RND1--linear--c1_f2_V_RND1_linear (stored 0%)
     adding: test_nmproject/.cache/execute.Models--c1_f2_b1--K--LIN2--c1_f2_b1_K_LIN2_linear (stored 0%)
     adding: test_nmproject/.cache/execute.Models--c1_f2_b1--KA--LIN1--c1_f2_b1_KA_LIN1_linear (stored 0%)
     adding: test_nmproject/.cache/execute.Models--m1 (stored 0%)
     adding: test_nmproject/.cache/execute.Models--m1-.-Scripts--basic_boot.Rmd (stored 0%)
     adding: test_nmproject/.cache/execute.Models--m1-.-Scripts--basic_gof.Rmd (stored 0%)
     adding: test_nmproject/.cache/execute.Models--m1s (stored 0%)
     adding: test_nmproject/.cache/execute.Models--m1s-.-Scripts--basic_ppc.Rmd (stored 0%)
     adding: test_nmproject/.cache/execute.Models--m1s-.-Scripts--basic_vpc.Rmd (stored 0%)
     adding: test_nmproject/.cache/execute.Models--m1_boot--1 (stored 0%)
     adding: test_nmproject/.cache/execute.Models--m1_boot--2 (stored 0%)
     adding: test_nmproject/.cache/execute.Models--m1_boot--3 (stored 0%)
     adding: test_nmproject/.cache/execute.Models--m1_boot--4 (stored 0%)
     adding: test_nmproject/.cache/execute.Models--m1_coretest--1 (stored 0%)
     adding: test_nmproject/.cache/execute.Models--m1_coretest--2 (stored 0%)
     adding: test_nmproject/.cache/execute.Models--m1_coretest--3 (stored 0%)
     adding: test_nmproject/.cache/execute.Models--m1_simest--1 (stored 0%)
     adding: test_nmproject/.cache/execute.Models--m1_simest--2 (stored 0%)
     adding: test_nmproject/.cache/execute.Models--m1_simest--3 (stored 0%)
     adding: test_nmproject/.cache/execute.Models--m1_simest--est--1 (stored 0%)
     adding: test_nmproject/.cache/execute.Models--m1_simest--est--2 (stored 0%)
     adding: test_nmproject/.cache/execute.Models--m1_simest--est--3 (stored 0%)
     adding: test_nmproject/.cache/execute.Models--m2 (stored 0%)
     adding: test_nmproject/.cache/execute.Models--m2WT (stored 0%)
     adding: test_nmproject/.gitignore (stored 0%)
     adding: test_nmproject/.Rbuildignore (deflated 49%)
     adding: test_nmproject/.Rprofile (deflated 38%)
     adding: test_nmproject/DerivedData/ (stored 0%)
     adding: test_nmproject/DerivedData/bootsplit_data.csv.RData (deflated 21%)
     adding: test_nmproject/DerivedData/data.csv (deflated 69%)
     adding: test_nmproject/DerivedData/data.RDS (stored 0%)
     adding: test_nmproject/DerivedData/Readme.txt (stored 0%)
     adding: test_nmproject/DESCRIPTION (deflated 32%)
     adding: test_nmproject/last.dump.rda (deflated 4%)
     adding: test_nmproject/Models/ (stored 0%)
     adding: test_nmproject/Models/a12t1/ (stored 0%)
     adding: test_nmproject/Models/a12t1/meta.yaml (deflated 54%)
     adding: test_nmproject/Models/a12t1/NM_run1/ (stored 0%)
     adding: test_nmproject/Models/a12t1/NM_run1/psn.clt (deflated 89%)
     adding: test_nmproject/Models/a12t1/NM_run1/psn.coi (deflated 92%)
     adding: test_nmproject/Models/a12t1/NM_run1/psn.cor (deflated 92%)
     adding: test_nmproject/Models/a12t1/NM_run1/psn.cov (deflated 92%)
     adding: test_nmproject/Models/a12t1/NM_run1/psn.cpu (deflated 15%)
     adding: test_nmproject/Models/a12t1/NM_run1/psn.ext (deflated 92%)
     adding: test_nmproject/Models/a12t1/NM_run1/psn.lst (deflated 85%)
     adding: test_nmproject/Models/a12t1/NM_run1/psn.mod (deflated 58%)
     adding: test_nmproject/Models/a12t1/NM_run1/psn.phi (deflated 80%)
     adding: test_nmproject/Models/a12t1/NM_run1/psn.shk (deflated 82%)
     adding: test_nmproject/Models/a12t1/NM_run1/psn.shm (deflated 91%)
     adding: test_nmproject/Models/a12t4/ (stored 0%)
     adding: test_nmproject/Models/a12t4/meta.yaml (deflated 54%)
     adding: test_nmproject/Models/a12t4/NM_run1/ (stored 0%)
     adding: test_nmproject/Models/a12t4/NM_run1/psn.clt (deflated 89%)
     adding: test_nmproject/Models/a12t4/NM_run1/psn.coi (deflated 92%)
     adding: test_nmproject/Models/a12t4/NM_run1/psn.cor (deflated 92%)
     adding: test_nmproject/Models/a12t4/NM_run1/psn.cov (deflated 92%)
     adding: test_nmproject/Models/a12t4/NM_run1/psn.cpu (deflated 15%)
     adding: test_nmproject/Models/a12t4/NM_run1/psn.ext (deflated 92%)
     adding: test_nmproject/Models/a12t4/NM_run1/psn.lst (deflated 85%)
     adding: test_nmproject/Models/a12t4/NM_run1/psn.mod (deflated 58%)
     adding: test_nmproject/Models/a12t4/NM_run1/psn.phi (deflated 80%)
     adding: test_nmproject/Models/a12t4/NM_run1/psn.shk (deflated 83%)
     adding: test_nmproject/Models/a12t4/NM_run1/psn.shm (deflated 91%)
     adding: test_nmproject/Models/a2t1/ (stored 0%)
     adding: test_nmproject/Models/a2t1/meta.yaml (deflated 53%)
     adding: test_nmproject/Models/a2t1/NM_run1/ (stored 0%)
     adding: test_nmproject/Models/a2t1/NM_run1/psn.clt (deflated 75%)
     adding: test_nmproject/Models/a2t1/NM_run1/psn.cnv (deflated 62%)
     adding: test_nmproject/Models/a2t1/NM_run1/psn.coi (deflated 82%)
     adding: test_nmproject/Models/a2t1/NM_run1/psn.cor (deflated 82%)
     adding: test_nmproject/Models/a2t1/NM_run1/psn.cov (deflated 82%)
     adding: test_nmproject/Models/a2t1/NM_run1/psn.cpu (deflated 15%)
     adding: test_nmproject/Models/a2t1/NM_run1/psn.ext (deflated 81%)
     adding: test_nmproject/Models/a2t1/NM_run1/psn.lst (deflated 82%)
     adding: test_nmproject/Models/a2t1/NM_run1/psn.mod (deflated 55%)
     adding: test_nmproject/Models/a2t1/NM_run1/psn.phi (deflated 65%)
     adding: test_nmproject/Models/a2t1/NM_run1/psn.shk (deflated 73%)
     adding: test_nmproject/Models/a2t1/NM_run1/psn.shm (deflated 90%)
     adding: test_nmproject/Models/a2t2/ (stored 0%)
     adding: test_nmproject/Models/a2t2/meta.yaml (deflated 53%)
     adding: test_nmproject/Models/a2t2/NM_run1/ (stored 0%)
     adding: test_nmproject/Models/a2t2/NM_run1/psn.clt (deflated 75%)
     adding: test_nmproject/Models/a2t2/NM_run1/psn.cnv (deflated 62%)
     adding: test_nmproject/Models/a2t2/NM_run1/psn.coi (deflated 82%)
     adding: test_nmproject/Models/a2t2/NM_run1/psn.cor (deflated 82%)
     adding: test_nmproject/Models/a2t2/NM_run1/psn.cov (deflated 82%)
     adding: test_nmproject/Models/a2t2/NM_run1/psn.cpu (deflated 15%)
     adding: test_nmproject/Models/a2t2/NM_run1/psn.ext (deflated 81%)
     adding: test_nmproject/Models/a2t2/NM_run1/psn.lst (deflated 82%)
     adding: test_nmproject/Models/a2t2/NM_run1/psn.mod (deflated 55%)
     adding: test_nmproject/Models/a2t2/NM_run1/psn.phi (deflated 66%)
     adding: test_nmproject/Models/a2t2/NM_run1/psn.shk (deflated 73%)
     adding: test_nmproject/Models/a2t2/NM_run1/psn.shm (deflated 90%)
     adding: test_nmproject/Models/a4t1/ (stored 0%)
     adding: test_nmproject/Models/a4t1/meta.yaml (deflated 53%)
     adding: test_nmproject/Models/a4t1/NM_run1/ (stored 0%)
     adding: test_nmproject/Models/a4t1/NM_run1/psn.clt (deflated 84%)
     adding: test_nmproject/Models/a4t1/NM_run1/psn.cnv (deflated 71%)
     adding: test_nmproject/Models/a4t1/NM_run1/psn.coi (deflated 89%)
     adding: test_nmproject/Models/a4t1/NM_run1/psn.cor (deflated 89%)
     adding: test_nmproject/Models/a4t1/NM_run1/psn.cov (deflated 89%)
     adding: test_nmproject/Models/a4t1/NM_run1/psn.cpu (deflated 8%)
     adding: test_nmproject/Models/a4t1/NM_run1/psn.ext (deflated 82%)
     adding: test_nmproject/Models/a4t1/NM_run1/psn.lst (deflated 83%)
     adding: test_nmproject/Models/a4t1/NM_run1/psn.mod (deflated 56%)
     adding: test_nmproject/Models/a4t1/NM_run1/psn.phi (deflated 65%)
     adding: test_nmproject/Models/a4t1/NM_run1/psn.shk (deflated 74%)
     adding: test_nmproject/Models/a4t1/NM_run1/psn.shm (deflated 91%)
     adding: test_nmproject/Models/a4t3/ (stored 0%)
     adding: test_nmproject/Models/a4t3/meta.yaml (deflated 53%)
     adding: test_nmproject/Models/a4t3/NM_run1/ (stored 0%)
     adding: test_nmproject/Models/a4t3/NM_run1/psn.clt (deflated 82%)
     adding: test_nmproject/Models/a4t3/NM_run1/psn.coi (deflated 87%)
     adding: test_nmproject/Models/a4t3/NM_run1/psn.cor (deflated 87%)
     adding: test_nmproject/Models/a4t3/NM_run1/psn.cov (deflated 87%)
     adding: test_nmproject/Models/a4t3/NM_run1/psn.cpu (deflated 15%)
     adding: test_nmproject/Models/a4t3/NM_run1/psn.ext (deflated 89%)
     adding: test_nmproject/Models/a4t3/NM_run1/psn.lst (deflated 81%)
     adding: test_nmproject/Models/a4t3/NM_run1/psn.mod (deflated 56%)
     adding: test_nmproject/Models/a4t3/NM_run1/psn.phi (deflated 79%)
     adding: test_nmproject/Models/a4t3/NM_run1/psn.shk (deflated 82%)
     adding: test_nmproject/Models/a4t3/NM_run1/psn.shm (deflated 90%)
     adding: test_nmproject/Models/a4t4/ (stored 0%)
     adding: test_nmproject/Models/a4t4/meta.yaml (deflated 53%)
     adding: test_nmproject/Models/a4t4/NM_run1/ (stored 0%)
     adding: test_nmproject/Models/a4t4/NM_run1/psn.clt (deflated 84%)
     adding: test_nmproject/Models/a4t4/NM_run1/psn.cnv (deflated 71%)
     adding: test_nmproject/Models/a4t4/NM_run1/psn.coi (deflated 89%)
     adding: test_nmproject/Models/a4t4/NM_run1/psn.cor (deflated 89%)
     adding: test_nmproject/Models/a4t4/NM_run1/psn.cov (deflated 89%)
     adding: test_nmproject/Models/a4t4/NM_run1/psn.cpu (deflated 8%)
     adding: test_nmproject/Models/a4t4/NM_run1/psn.ext (deflated 83%)
     adding: test_nmproject/Models/a4t4/NM_run1/psn.lst (deflated 82%)
     adding: test_nmproject/Models/a4t4/NM_run1/psn.mod (deflated 56%)
     adding: test_nmproject/Models/a4t4/NM_run1/psn.phi (deflated 65%)
     adding: test_nmproject/Models/a4t4/NM_run1/psn.shk (deflated 72%)
     adding: test_nmproject/Models/a4t4/NM_run1/psn.shm (deflated 91%)
     adding: test_nmproject/Models/base-tarjinde-2021-08-15-16-55-38 (deflated 54%)
     adding: test_nmproject/Models/c1/ (stored 0%)
     adding: test_nmproject/Models/c1/meta.yaml (deflated 53%)
     adding: test_nmproject/Models/c1/NM_run1/ (stored 0%)
     adding: test_nmproject/Models/c1/NM_run1/psn.clt (deflated 75%)
     adding: test_nmproject/Models/c1/NM_run1/psn.cnv (deflated 62%)
     adding: test_nmproject/Models/c1/NM_run1/psn.coi (deflated 82%)
     adding: test_nmproject/Models/c1/NM_run1/psn.cor (deflated 82%)
     adding: test_nmproject/Models/c1/NM_run1/psn.cov (deflated 82%)
     adding: test_nmproject/Models/c1/NM_run1/psn.cpu (deflated 15%)
     adding: test_nmproject/Models/c1/NM_run1/psn.ext (deflated 81%)
     adding: test_nmproject/Models/c1/NM_run1/psn.lst (deflated 82%)
     adding: test_nmproject/Models/c1/NM_run1/psn.mod (deflated 55%)
     adding: test_nmproject/Models/c1/NM_run1/psn.phi (deflated 65%)
     adding: test_nmproject/Models/c1/NM_run1/psn.shk (deflated 73%)
     adding: test_nmproject/Models/c1/NM_run1/psn.shm (deflated 90%)
     adding: test_nmproject/Models/c1_f1/ (stored 0%)
     adding: test_nmproject/Models/c1_f1/K/ (stored 0%)
     adding: test_nmproject/Models/c1_f1/K/LIN2/ (stored 0%)
     adding: test_nmproject/Models/c1_f1/K/LIN2/linear/ (stored 0%)
     adding: test_nmproject/Models/c1_f1/K/LIN2/linear/c1_f1_K_LIN2_linear/ (stored 0%)
     adding: test_nmproject/Models/c1_f1/K/LIN2/linear/c1_f1_K_LIN2_linear/meta.yaml (deflated 58%)
     adding: test_nmproject/Models/c1_f1/K/LIN2/linear/c1_f1_K_LIN2_linear/NM_run1/ (stored 0%)
     adding: test_nmproject/Models/c1_f1/K/LIN2/linear/c1_f1_K_LIN2_linear/NM_run1/psn.clt (deflated 75%)
     adding: test_nmproject/Models/c1_f1/K/LIN2/linear/c1_f1_K_LIN2_linear/NM_run1/psn.cnv (deflated 62%)
     adding: test_nmproject/Models/c1_f1/K/LIN2/linear/c1_f1_K_LIN2_linear/NM_run1/psn.coi (deflated 82%)
     adding: test_nmproject/Models/c1_f1/K/LIN2/linear/c1_f1_K_LIN2_linear/NM_run1/psn.cor (deflated 82%)
     adding: test_nmproject/Models/c1_f1/K/LIN2/linear/c1_f1_K_LIN2_linear/NM_run1/psn.cov (deflated 82%)
     adding: test_nmproject/Models/c1_f1/K/LIN2/linear/c1_f1_K_LIN2_linear/NM_run1/psn.cpu (deflated 8%)
     adding: test_nmproject/Models/c1_f1/K/LIN2/linear/c1_f1_K_LIN2_linear/NM_run1/psn.ext (deflated 79%)
     adding: test_nmproject/Models/c1_f1/K/LIN2/linear/c1_f1_K_LIN2_linear/NM_run1/psn.lst (deflated 82%)
     adding: test_nmproject/Models/c1_f1/K/LIN2/linear/c1_f1_K_LIN2_linear/NM_run1/psn.mod (deflated 56%)
     adding: test_nmproject/Models/c1_f1/K/LIN2/linear/c1_f1_K_LIN2_linear/NM_run1/psn.phi (deflated 67%)
     adding: test_nmproject/Models/c1_f1/K/LIN2/linear/c1_f1_K_LIN2_linear/NM_run1/psn.shk (deflated 73%)
     adding: test_nmproject/Models/c1_f1/K/LIN2/linear/c1_f1_K_LIN2_linear/NM_run1/psn.shm (deflated 90%)
     adding: test_nmproject/Models/c1_f1/K/LIN2/linear/runc1_f1_K_LIN2_linear.coi (deflated 82%)
     adding: test_nmproject/Models/c1_f1/K/LIN2/linear/runc1_f1_K_LIN2_linear.cor (deflated 82%)
     adding: test_nmproject/Models/c1_f1/K/LIN2/linear/runc1_f1_K_LIN2_linear.cov (deflated 82%)
     adding: test_nmproject/Models/c1_f1/K/LIN2/linear/runc1_f1_K_LIN2_linear.ext (deflated 79%)
     adding: test_nmproject/Models/c1_f1/K/LIN2/linear/runc1_f1_K_LIN2_linear.lst (deflated 82%)
     adding: test_nmproject/Models/c1_f1/K/LIN2/linear/runc1_f1_K_LIN2_linear.mod (deflated 54%)
     adding: test_nmproject/Models/c1_f1/K/LIN2/linear/runc1_f1_K_LIN2_linear.phi (deflated 67%)
     adding: test_nmproject/Models/c1_f1/K/LIN2/power/ (stored 0%)
     adding: test_nmproject/Models/c1_f1/K/LIN2/power/c1_f1_K_LIN2_power/ (stored 0%)
     adding: test_nmproject/Models/c1_f1/K/LIN2/power/c1_f1_K_LIN2_power/meta.yaml (deflated 57%)
     adding: test_nmproject/Models/c1_f1/K/LIN2/power/c1_f1_K_LIN2_power/NM_run1/ (stored 0%)
     adding: test_nmproject/Models/c1_f1/K/LIN2/power/c1_f1_K_LIN2_power/NM_run1/psn.clt (deflated 75%)
     adding: test_nmproject/Models/c1_f1/K/LIN2/power/c1_f1_K_LIN2_power/NM_run1/psn.cnv (deflated 63%)
     adding: test_nmproject/Models/c1_f1/K/LIN2/power/c1_f1_K_LIN2_power/NM_run1/psn.coi (deflated 82%)
     adding: test_nmproject/Models/c1_f1/K/LIN2/power/c1_f1_K_LIN2_power/NM_run1/psn.cor (deflated 82%)
     adding: test_nmproject/Models/c1_f1/K/LIN2/power/c1_f1_K_LIN2_power/NM_run1/psn.cov (deflated 82%)
     adding: test_nmproject/Models/c1_f1/K/LIN2/power/c1_f1_K_LIN2_power/NM_run1/psn.cpu (deflated 15%)
     adding: test_nmproject/Models/c1_f1/K/LIN2/power/c1_f1_K_LIN2_power/NM_run1/psn.ext (deflated 80%)
     adding: test_nmproject/Models/c1_f1/K/LIN2/power/c1_f1_K_LIN2_power/NM_run1/psn.lst (deflated 82%)
     adding: test_nmproject/Models/c1_f1/K/LIN2/power/c1_f1_K_LIN2_power/NM_run1/psn.mod (deflated 56%)
     adding: test_nmproject/Models/c1_f1/K/LIN2/power/c1_f1_K_LIN2_power/NM_run1/psn.phi (deflated 67%)
     adding: test_nmproject/Models/c1_f1/K/LIN2/power/c1_f1_K_LIN2_power/NM_run1/psn.shk (deflated 73%)
     adding: test_nmproject/Models/c1_f1/K/LIN2/power/c1_f1_K_LIN2_power/NM_run1/psn.shm (deflated 90%)
     adding: test_nmproject/Models/c1_f1/K/LIN2/power/runc1_f1_K_LIN2_power.coi (deflated 82%)
     adding: test_nmproject/Models/c1_f1/K/LIN2/power/runc1_f1_K_LIN2_power.cor (deflated 82%)
     adding: test_nmproject/Models/c1_f1/K/LIN2/power/runc1_f1_K_LIN2_power.cov (deflated 82%)
     adding: test_nmproject/Models/c1_f1/K/LIN2/power/runc1_f1_K_LIN2_power.ext (deflated 80%)
     adding: test_nmproject/Models/c1_f1/K/LIN2/power/runc1_f1_K_LIN2_power.lst (deflated 82%)
     adding: test_nmproject/Models/c1_f1/K/LIN2/power/runc1_f1_K_LIN2_power.mod (deflated 54%)
     adding: test_nmproject/Models/c1_f1/K/LIN2/power/runc1_f1_K_LIN2_power.phi (deflated 67%)
     adding: test_nmproject/Models/c1_f1/K/RND1/ (stored 0%)
     adding: test_nmproject/Models/c1_f1/K/RND1/linear/ (stored 0%)
     adding: test_nmproject/Models/c1_f1/K/RND1/linear/c1_f1_K_RND1_linear/ (stored 0%)
     adding: test_nmproject/Models/c1_f1/K/RND1/linear/c1_f1_K_RND1_linear/meta.yaml (deflated 58%)
     adding: test_nmproject/Models/c1_f1/K/RND1/linear/c1_f1_K_RND1_linear/NM_run1/ (stored 0%)
     adding: test_nmproject/Models/c1_f1/K/RND1/linear/c1_f1_K_RND1_linear/NM_run1/psn.clt (deflated 75%)
     adding: test_nmproject/Models/c1_f1/K/RND1/linear/c1_f1_K_RND1_linear/NM_run1/psn.cnv (deflated 62%)
     adding: test_nmproject/Models/c1_f1/K/RND1/linear/c1_f1_K_RND1_linear/NM_run1/psn.coi (deflated 82%)
     adding: test_nmproject/Models/c1_f1/K/RND1/linear/c1_f1_K_RND1_linear/NM_run1/psn.cor (deflated 82%)
     adding: test_nmproject/Models/c1_f1/K/RND1/linear/c1_f1_K_RND1_linear/NM_run1/psn.cov (deflated 82%)
     adding: test_nmproject/Models/c1_f1/K/RND1/linear/c1_f1_K_RND1_linear/NM_run1/psn.cpu (deflated 15%)
     adding: test_nmproject/Models/c1_f1/K/RND1/linear/c1_f1_K_RND1_linear/NM_run1/psn.ext (deflated 81%)
     adding: test_nmproject/Models/c1_f1/K/RND1/linear/c1_f1_K_RND1_linear/NM_run1/psn.lst (deflated 82%)
     adding: test_nmproject/Models/c1_f1/K/RND1/linear/c1_f1_K_RND1_linear/NM_run1/psn.mod (deflated 56%)
     adding: test_nmproject/Models/c1_f1/K/RND1/linear/c1_f1_K_RND1_linear/NM_run1/psn.phi (deflated 66%)
     adding: test_nmproject/Models/c1_f1/K/RND1/linear/c1_f1_K_RND1_linear/NM_run1/psn.shk (deflated 73%)
     adding: test_nmproject/Models/c1_f1/K/RND1/linear/c1_f1_K_RND1_linear/NM_run1/psn.shm (deflated 90%)
     adding: test_nmproject/Models/c1_f1/K/RND1/linear/runc1_f1_K_RND1_linear.coi (deflated 82%)
     adding: test_nmproject/Models/c1_f1/K/RND1/linear/runc1_f1_K_RND1_linear.cor (deflated 82%)
     adding: test_nmproject/Models/c1_f1/K/RND1/linear/runc1_f1_K_RND1_linear.cov (deflated 82%)
     adding: test_nmproject/Models/c1_f1/K/RND1/linear/runc1_f1_K_RND1_linear.ext (deflated 81%)
     adding: test_nmproject/Models/c1_f1/K/RND1/linear/runc1_f1_K_RND1_linear.lst (deflated 82%)
     adding: test_nmproject/Models/c1_f1/K/RND1/linear/runc1_f1_K_RND1_linear.mod (deflated 54%)
     adding: test_nmproject/Models/c1_f1/K/RND1/linear/runc1_f1_K_RND1_linear.phi (deflated 66%)
     adding: test_nmproject/Models/c1_f1/KA/ (stored 0%)
     adding: test_nmproject/Models/c1_f1/KA/BN1/ (stored 0%)
     adding: test_nmproject/Models/c1_f1/KA/BN1/linear/ (stored 0%)
     adding: test_nmproject/Models/c1_f1/KA/BN1/linear/c1_f1_KA_BN1_linear/ (stored 0%)
     adding: test_nmproject/Models/c1_f1/KA/BN1/linear/c1_f1_KA_BN1_linear/meta.yaml (deflated 58%)
     adding: test_nmproject/Models/c1_f1/KA/BN1/linear/c1_f1_KA_BN1_linear/NM_run1/ (stored 0%)
     adding: test_nmproject/Models/c1_f1/KA/BN1/linear/c1_f1_KA_BN1_linear/NM_run1/psn.clt (deflated 75%)
     adding: test_nmproject/Models/c1_f1/KA/BN1/linear/c1_f1_KA_BN1_linear/NM_run1/psn.cnv (deflated 63%)
     adding: test_nmproject/Models/c1_f1/KA/BN1/linear/c1_f1_KA_BN1_linear/NM_run1/psn.coi (deflated 82%)
     adding: test_nmproject/Models/c1_f1/KA/BN1/linear/c1_f1_KA_BN1_linear/NM_run1/psn.cor (deflated 82%)
     adding: test_nmproject/Models/c1_f1/KA/BN1/linear/c1_f1_KA_BN1_linear/NM_run1/psn.cov (deflated 82%)
     adding: test_nmproject/Models/c1_f1/KA/BN1/linear/c1_f1_KA_BN1_linear/NM_run1/psn.cpu (deflated 15%)
     adding: test_nmproject/Models/c1_f1/KA/BN1/linear/c1_f1_KA_BN1_linear/NM_run1/psn.ext (deflated 81%)
     adding: test_nmproject/Models/c1_f1/KA/BN1/linear/c1_f1_KA_BN1_linear/NM_run1/psn.lst (deflated 82%)
     adding: test_nmproject/Models/c1_f1/KA/BN1/linear/c1_f1_KA_BN1_linear/NM_run1/psn.mod (deflated 56%)
     adding: test_nmproject/Models/c1_f1/KA/BN1/linear/c1_f1_KA_BN1_linear/NM_run1/psn.phi (deflated 66%)
     adding: test_nmproject/Models/c1_f1/KA/BN1/linear/c1_f1_KA_BN1_linear/NM_run1/psn.shk (deflated 73%)
     adding: test_nmproject/Models/c1_f1/KA/BN1/linear/c1_f1_KA_BN1_linear/NM_run1/psn.shm (deflated 90%)
     adding: test_nmproject/Models/c1_f1/KA/BN1/linear/runc1_f1_KA_BN1_linear.coi (deflated 82%)
     adding: test_nmproject/Models/c1_f1/KA/BN1/linear/runc1_f1_KA_BN1_linear.cor (deflated 82%)
     adding: test_nmproject/Models/c1_f1/KA/BN1/linear/runc1_f1_KA_BN1_linear.cov (deflated 82%)
     adding: test_nmproject/Models/c1_f1/KA/BN1/linear/runc1_f1_KA_BN1_linear.ext (deflated 81%)
     adding: test_nmproject/Models/c1_f1/KA/BN1/linear/runc1_f1_KA_BN1_linear.lst (deflated 82%)
     adding: test_nmproject/Models/c1_f1/KA/BN1/linear/runc1_f1_KA_BN1_linear.mod (deflated 55%)
     adding: test_nmproject/Models/c1_f1/KA/BN1/linear/runc1_f1_KA_BN1_linear.phi (deflated 66%)
     adding: test_nmproject/Models/c1_f1/KA/LIN1/ (stored 0%)
     adding: test_nmproject/Models/c1_f1/KA/LIN1/linear/ (stored 0%)
     adding: test_nmproject/Models/c1_f1/KA/LIN1/linear/c1_f1_KA_LIN1_linear/ (stored 0%)
     adding: test_nmproject/Models/c1_f1/KA/LIN1/linear/c1_f1_KA_LIN1_linear/meta.yaml (deflated 58%)
     adding: test_nmproject/Models/c1_f1/KA/LIN1/linear/c1_f1_KA_LIN1_linear/NM_run1/ (stored 0%)
     adding: test_nmproject/Models/c1_f1/KA/LIN1/linear/c1_f1_KA_LIN1_linear/NM_run1/psn.clt (deflated 75%)
     adding: test_nmproject/Models/c1_f1/KA/LIN1/linear/c1_f1_KA_LIN1_linear/NM_run1/psn.cnv (deflated 62%)
     adding: test_nmproject/Models/c1_f1/KA/LIN1/linear/c1_f1_KA_LIN1_linear/NM_run1/psn.coi (deflated 82%)
     adding: test_nmproject/Models/c1_f1/KA/LIN1/linear/c1_f1_KA_LIN1_linear/NM_run1/psn.cor (deflated 82%)
     adding: test_nmproject/Models/c1_f1/KA/LIN1/linear/c1_f1_KA_LIN1_linear/NM_run1/psn.cov (deflated 82%)
     adding: test_nmproject/Models/c1_f1/KA/LIN1/linear/c1_f1_KA_LIN1_linear/NM_run1/psn.cpu (deflated 8%)
     adding: test_nmproject/Models/c1_f1/KA/LIN1/linear/c1_f1_KA_LIN1_linear/NM_run1/psn.ext (deflated 81%)
     adding: test_nmproject/Models/c1_f1/KA/LIN1/linear/c1_f1_KA_LIN1_linear/NM_run1/psn.lst (deflated 80%)
     adding: test_nmproject/Models/c1_f1/KA/LIN1/linear/c1_f1_KA_LIN1_linear/NM_run1/psn.mod (deflated 56%)
     adding: test_nmproject/Models/c1_f1/KA/LIN1/linear/c1_f1_KA_LIN1_linear/NM_run1/psn.phi (deflated 66%)
     adding: test_nmproject/Models/c1_f1/KA/LIN1/linear/c1_f1_KA_LIN1_linear/NM_run1/psn.shk (deflated 72%)
     adding: test_nmproject/Models/c1_f1/KA/LIN1/linear/c1_f1_KA_LIN1_linear/NM_run1/psn.shm (deflated 90%)
     adding: test_nmproject/Models/c1_f1/KA/LIN1/linear/runc1_f1_KA_LIN1_linear.coi (deflated 82%)
     adding: test_nmproject/Models/c1_f1/KA/LIN1/linear/runc1_f1_KA_LIN1_linear.cor (deflated 82%)
     adding: test_nmproject/Models/c1_f1/KA/LIN1/linear/runc1_f1_KA_LIN1_linear.cov (deflated 82%)
     adding: test_nmproject/Models/c1_f1/KA/LIN1/linear/runc1_f1_KA_LIN1_linear.ext (deflated 81%)
     adding: test_nmproject/Models/c1_f1/KA/LIN1/linear/runc1_f1_KA_LIN1_linear.lst (deflated 80%)
     adding: test_nmproject/Models/c1_f1/KA/LIN1/linear/runc1_f1_KA_LIN1_linear.mod (deflated 55%)
     adding: test_nmproject/Models/c1_f1/KA/LIN1/linear/runc1_f1_KA_LIN1_linear.phi (deflated 66%)
     adding: test_nmproject/Models/c1_f1/KA/LIN1/power/ (stored 0%)
     adding: test_nmproject/Models/c1_f1/KA/LIN1/power/c1_f1_KA_LIN1_power/ (stored 0%)
     adding: test_nmproject/Models/c1_f1/KA/LIN1/power/c1_f1_KA_LIN1_power/meta.yaml (deflated 57%)
     adding: test_nmproject/Models/c1_f1/KA/LIN1/power/c1_f1_KA_LIN1_power/NM_run1/ (stored 0%)
     adding: test_nmproject/Models/c1_f1/KA/LIN1/power/c1_f1_KA_LIN1_power/NM_run1/psn.clt (deflated 75%)
     adding: test_nmproject/Models/c1_f1/KA/LIN1/power/c1_f1_KA_LIN1_power/NM_run1/psn.cnv (deflated 62%)
     adding: test_nmproject/Models/c1_f1/KA/LIN1/power/c1_f1_KA_LIN1_power/NM_run1/psn.coi (deflated 82%)
     adding: test_nmproject/Models/c1_f1/KA/LIN1/power/c1_f1_KA_LIN1_power/NM_run1/psn.cor (deflated 82%)
     adding: test_nmproject/Models/c1_f1/KA/LIN1/power/c1_f1_KA_LIN1_power/NM_run1/psn.cov (deflated 81%)
     adding: test_nmproject/Models/c1_f1/KA/LIN1/power/c1_f1_KA_LIN1_power/NM_run1/psn.cpu (deflated 8%)
     adding: test_nmproject/Models/c1_f1/KA/LIN1/power/c1_f1_KA_LIN1_power/NM_run1/psn.ext (deflated 79%)
     adding: test_nmproject/Models/c1_f1/KA/LIN1/power/c1_f1_KA_LIN1_power/NM_run1/psn.lst (deflated 80%)
     adding: test_nmproject/Models/c1_f1/KA/LIN1/power/c1_f1_KA_LIN1_power/NM_run1/psn.mod (deflated 56%)
     adding: test_nmproject/Models/c1_f1/KA/LIN1/power/c1_f1_KA_LIN1_power/NM_run1/psn.phi (deflated 66%)
     adding: test_nmproject/Models/c1_f1/KA/LIN1/power/c1_f1_KA_LIN1_power/NM_run1/psn.shk (deflated 72%)
     adding: test_nmproject/Models/c1_f1/KA/LIN1/power/c1_f1_KA_LIN1_power/NM_run1/psn.shm (deflated 90%)
     adding: test_nmproject/Models/c1_f1/KA/LIN1/power/runc1_f1_KA_LIN1_power.coi (deflated 82%)
     adding: test_nmproject/Models/c1_f1/KA/LIN1/power/runc1_f1_KA_LIN1_power.cor (deflated 82%)
     adding: test_nmproject/Models/c1_f1/KA/LIN1/power/runc1_f1_KA_LIN1_power.cov (deflated 81%)
     adding: test_nmproject/Models/c1_f1/KA/LIN1/power/runc1_f1_KA_LIN1_power.ext (deflated 79%)
     adding: test_nmproject/Models/c1_f1/KA/LIN1/power/runc1_f1_KA_LIN1_power.lst (deflated 80%)
     adding: test_nmproject/Models/c1_f1/KA/LIN1/power/runc1_f1_KA_LIN1_power.mod (deflated 54%)
     adding: test_nmproject/Models/c1_f1/KA/LIN1/power/runc1_f1_KA_LIN1_power.phi (deflated 66%)
     adding: test_nmproject/Models/c1_f1/KA/RND1/ (stored 0%)
     adding: test_nmproject/Models/c1_f1/KA/RND1/linear/ (stored 0%)
     adding: test_nmproject/Models/c1_f1/KA/RND1/linear/c1_f1_KA_RND1_linear/ (stored 0%)
     adding: test_nmproject/Models/c1_f1/KA/RND1/linear/c1_f1_KA_RND1_linear/meta.yaml (deflated 58%)
     adding: test_nmproject/Models/c1_f1/KA/RND1/linear/c1_f1_KA_RND1_linear/NM_run1/ (stored 0%)
     adding: test_nmproject/Models/c1_f1/KA/RND1/linear/c1_f1_KA_RND1_linear/NM_run1/psn.clt (deflated 75%)
     adding: test_nmproject/Models/c1_f1/KA/RND1/linear/c1_f1_KA_RND1_linear/NM_run1/psn.cnv (deflated 63%)
     adding: test_nmproject/Models/c1_f1/KA/RND1/linear/c1_f1_KA_RND1_linear/NM_run1/psn.coi (deflated 82%)
     adding: test_nmproject/Models/c1_f1/KA/RND1/linear/c1_f1_KA_RND1_linear/NM_run1/psn.cor (deflated 82%)
     adding: test_nmproject/Models/c1_f1/KA/RND1/linear/c1_f1_KA_RND1_linear/NM_run1/psn.cov (deflated 82%)
     adding: test_nmproject/Models/c1_f1/KA/RND1/linear/c1_f1_KA_RND1_linear/NM_run1/psn.cpu (deflated 15%)
     adding: test_nmproject/Models/c1_f1/KA/RND1/linear/c1_f1_KA_RND1_linear/NM_run1/psn.ext (deflated 82%)
     adding: test_nmproject/Models/c1_f1/KA/RND1/linear/c1_f1_KA_RND1_linear/NM_run1/psn.lst (deflated 82%)
     adding: test_nmproject/Models/c1_f1/KA/RND1/linear/c1_f1_KA_RND1_linear/NM_run1/psn.mod (deflated 56%)
     adding: test_nmproject/Models/c1_f1/KA/RND1/linear/c1_f1_KA_RND1_linear/NM_run1/psn.phi (deflated 66%)
     adding: test_nmproject/Models/c1_f1/KA/RND1/linear/c1_f1_KA_RND1_linear/NM_run1/psn.shk (deflated 73%)
     adding: test_nmproject/Models/c1_f1/KA/RND1/linear/c1_f1_KA_RND1_linear/NM_run1/psn.shm (deflated 90%)
     adding: test_nmproject/Models/c1_f1/KA/RND1/linear/runc1_f1_KA_RND1_linear.coi (deflated 82%)
     adding: test_nmproject/Models/c1_f1/KA/RND1/linear/runc1_f1_KA_RND1_linear.cor (deflated 82%)
     adding: test_nmproject/Models/c1_f1/KA/RND1/linear/runc1_f1_KA_RND1_linear.cov (deflated 82%)
     adding: test_nmproject/Models/c1_f1/KA/RND1/linear/runc1_f1_KA_RND1_linear.ext (deflated 82%)
     adding: test_nmproject/Models/c1_f1/KA/RND1/linear/runc1_f1_KA_RND1_linear.lst (deflated 82%)
     adding: test_nmproject/Models/c1_f1/KA/RND1/linear/runc1_f1_KA_RND1_linear.mod (deflated 55%)
     adding: test_nmproject/Models/c1_f1/KA/RND1/linear/runc1_f1_KA_RND1_linear.phi (deflated 66%)
     adding: test_nmproject/Models/c1_f1/V/ (stored 0%)
     adding: test_nmproject/Models/c1_f1/V/LIN3/ (stored 0%)
     adding: test_nmproject/Models/c1_f1/V/LIN3/linear/ (stored 0%)
     adding: test_nmproject/Models/c1_f1/V/LIN3/linear/c1_f1_V_LIN3_linear/ (stored 0%)
     adding: test_nmproject/Models/c1_f1/V/LIN3/linear/c1_f1_V_LIN3_linear/meta.yaml (deflated 58%)
     adding: test_nmproject/Models/c1_f1/V/LIN3/linear/c1_f1_V_LIN3_linear/NM_run1/ (stored 0%)
     adding: test_nmproject/Models/c1_f1/V/LIN3/linear/c1_f1_V_LIN3_linear/NM_run1/psn.clt (deflated 74%)
     adding: test_nmproject/Models/c1_f1/V/LIN3/linear/c1_f1_V_LIN3_linear/NM_run1/psn.cnv (deflated 62%)
     adding: test_nmproject/Models/c1_f1/V/LIN3/linear/c1_f1_V_LIN3_linear/NM_run1/psn.coi (deflated 82%)
     adding: test_nmproject/Models/c1_f1/V/LIN3/linear/c1_f1_V_LIN3_linear/NM_run1/psn.cor (deflated 82%)
     adding: test_nmproject/Models/c1_f1/V/LIN3/linear/c1_f1_V_LIN3_linear/NM_run1/psn.cov (deflated 81%)
     adding: test_nmproject/Models/c1_f1/V/LIN3/linear/c1_f1_V_LIN3_linear/NM_run1/psn.cpu (deflated 15%)
     adding: test_nmproject/Models/c1_f1/V/LIN3/linear/c1_f1_V_LIN3_linear/NM_run1/psn.ext (deflated 80%)
     adding: test_nmproject/Models/c1_f1/V/LIN3/linear/c1_f1_V_LIN3_linear/NM_run1/psn.lst (deflated 82%)
     adding: test_nmproject/Models/c1_f1/V/LIN3/linear/c1_f1_V_LIN3_linear/NM_run1/psn.mod (deflated 56%)
     adding: test_nmproject/Models/c1_f1/V/LIN3/linear/c1_f1_V_LIN3_linear/NM_run1/psn.phi (deflated 67%)
     adding: test_nmproject/Models/c1_f1/V/LIN3/linear/c1_f1_V_LIN3_linear/NM_run1/psn.shk (deflated 72%)
     adding: test_nmproject/Models/c1_f1/V/LIN3/linear/c1_f1_V_LIN3_linear/NM_run1/psn.shm (deflated 90%)
     adding: test_nmproject/Models/c1_f1/V/LIN3/linear/runc1_f1_V_LIN3_linear.coi (deflated 82%)
     adding: test_nmproject/Models/c1_f1/V/LIN3/linear/runc1_f1_V_LIN3_linear.cor (deflated 82%)
     adding: test_nmproject/Models/c1_f1/V/LIN3/linear/runc1_f1_V_LIN3_linear.cov (deflated 81%)
     adding: test_nmproject/Models/c1_f1/V/LIN3/linear/runc1_f1_V_LIN3_linear.ext (deflated 80%)
     adding: test_nmproject/Models/c1_f1/V/LIN3/linear/runc1_f1_V_LIN3_linear.lst (deflated 82%)
     adding: test_nmproject/Models/c1_f1/V/LIN3/linear/runc1_f1_V_LIN3_linear.mod (deflated 54%)
     adding: test_nmproject/Models/c1_f1/V/LIN3/linear/runc1_f1_V_LIN3_linear.phi (deflated 67%)
     adding: test_nmproject/Models/c1_f1/V/LIN3/power/ (stored 0%)
     adding: test_nmproject/Models/c1_f1/V/LIN3/power/c1_f1_V_LIN3_power/ (stored 0%)
     adding: test_nmproject/Models/c1_f1/V/LIN3/power/c1_f1_V_LIN3_power/meta.yaml (deflated 57%)
     adding: test_nmproject/Models/c1_f1/V/LIN3/power/c1_f1_V_LIN3_power/NM_run1/ (stored 0%)
     adding: test_nmproject/Models/c1_f1/V/LIN3/power/c1_f1_V_LIN3_power/NM_run1/psn.clt (deflated 74%)
     adding: test_nmproject/Models/c1_f1/V/LIN3/power/c1_f1_V_LIN3_power/NM_run1/psn.cnv (deflated 63%)
     adding: test_nmproject/Models/c1_f1/V/LIN3/power/c1_f1_V_LIN3_power/NM_run1/psn.coi (deflated 82%)
     adding: test_nmproject/Models/c1_f1/V/LIN3/power/c1_f1_V_LIN3_power/NM_run1/psn.cor (deflated 82%)
     adding: test_nmproject/Models/c1_f1/V/LIN3/power/c1_f1_V_LIN3_power/NM_run1/psn.cov (deflated 81%)
     adding: test_nmproject/Models/c1_f1/V/LIN3/power/c1_f1_V_LIN3_power/NM_run1/psn.cpu (deflated 15%)
     adding: test_nmproject/Models/c1_f1/V/LIN3/power/c1_f1_V_LIN3_power/NM_run1/psn.ext (deflated 80%)
     adding: test_nmproject/Models/c1_f1/V/LIN3/power/c1_f1_V_LIN3_power/NM_run1/psn.lst (deflated 81%)
     adding: test_nmproject/Models/c1_f1/V/LIN3/power/c1_f1_V_LIN3_power/NM_run1/psn.mod (deflated 56%)
     adding: test_nmproject/Models/c1_f1/V/LIN3/power/c1_f1_V_LIN3_power/NM_run1/psn.phi (deflated 67%)
     adding: test_nmproject/Models/c1_f1/V/LIN3/power/c1_f1_V_LIN3_power/NM_run1/psn.shk (deflated 73%)
     adding: test_nmproject/Models/c1_f1/V/LIN3/power/c1_f1_V_LIN3_power/NM_run1/psn.shm (deflated 90%)
     adding: test_nmproject/Models/c1_f1/V/LIN3/power/runc1_f1_V_LIN3_power.coi (deflated 82%)
     adding: test_nmproject/Models/c1_f1/V/LIN3/power/runc1_f1_V_LIN3_power.cor (deflated 82%)
     adding: test_nmproject/Models/c1_f1/V/LIN3/power/runc1_f1_V_LIN3_power.cov (deflated 81%)
     adding: test_nmproject/Models/c1_f1/V/LIN3/power/runc1_f1_V_LIN3_power.ext (deflated 80%)
     adding: test_nmproject/Models/c1_f1/V/LIN3/power/runc1_f1_V_LIN3_power.lst (deflated 81%)
     adding: test_nmproject/Models/c1_f1/V/LIN3/power/runc1_f1_V_LIN3_power.mod (deflated 54%)
     adding: test_nmproject/Models/c1_f1/V/LIN3/power/runc1_f1_V_LIN3_power.phi (deflated 67%)
     adding: test_nmproject/Models/c1_f1/V/RND1/ (stored 0%)
     adding: test_nmproject/Models/c1_f1/V/RND1/linear/ (stored 0%)
     adding: test_nmproject/Models/c1_f1/V/RND1/linear/c1_f1_V_RND1_linear/ (stored 0%)
     adding: test_nmproject/Models/c1_f1/V/RND1/linear/c1_f1_V_RND1_linear/meta.yaml (deflated 58%)
     adding: test_nmproject/Models/c1_f1/V/RND1/linear/c1_f1_V_RND1_linear/NM_run1/ (stored 0%)
     adding: test_nmproject/Models/c1_f1/V/RND1/linear/c1_f1_V_RND1_linear/NM_run1/psn.clt (deflated 75%)
     adding: test_nmproject/Models/c1_f1/V/RND1/linear/c1_f1_V_RND1_linear/NM_run1/psn.cnv (deflated 63%)
     adding: test_nmproject/Models/c1_f1/V/RND1/linear/c1_f1_V_RND1_linear/NM_run1/psn.coi (deflated 82%)
     adding: test_nmproject/Models/c1_f1/V/RND1/linear/c1_f1_V_RND1_linear/NM_run1/psn.cor (deflated 82%)
     adding: test_nmproject/Models/c1_f1/V/RND1/linear/c1_f1_V_RND1_linear/NM_run1/psn.cov (deflated 82%)
     adding: test_nmproject/Models/c1_f1/V/RND1/linear/c1_f1_V_RND1_linear/NM_run1/psn.cpu (deflated 15%)
     adding: test_nmproject/Models/c1_f1/V/RND1/linear/c1_f1_V_RND1_linear/NM_run1/psn.ext (deflated 81%)
     adding: test_nmproject/Models/c1_f1/V/RND1/linear/c1_f1_V_RND1_linear/NM_run1/psn.lst (deflated 82%)
     adding: test_nmproject/Models/c1_f1/V/RND1/linear/c1_f1_V_RND1_linear/NM_run1/psn.mod (deflated 56%)
     adding: test_nmproject/Models/c1_f1/V/RND1/linear/c1_f1_V_RND1_linear/NM_run1/psn.phi (deflated 66%)
     adding: test_nmproject/Models/c1_f1/V/RND1/linear/c1_f1_V_RND1_linear/NM_run1/psn.shk (deflated 73%)
     adding: test_nmproject/Models/c1_f1/V/RND1/linear/c1_f1_V_RND1_linear/NM_run1/psn.shm (deflated 90%)
     adding: test_nmproject/Models/c1_f1/V/RND1/linear/runc1_f1_V_RND1_linear.coi (deflated 82%)
     adding: test_nmproject/Models/c1_f1/V/RND1/linear/runc1_f1_V_RND1_linear.cor (deflated 82%)
     adding: test_nmproject/Models/c1_f1/V/RND1/linear/runc1_f1_V_RND1_linear.cov (deflated 82%)
     adding: test_nmproject/Models/c1_f1/V/RND1/linear/runc1_f1_V_RND1_linear.ext (deflated 81%)
     adding: test_nmproject/Models/c1_f1/V/RND1/linear/runc1_f1_V_RND1_linear.lst (deflated 82%)
     adding: test_nmproject/Models/c1_f1/V/RND1/linear/runc1_f1_V_RND1_linear.mod (deflated 54%)
     adding: test_nmproject/Models/c1_f1/V/RND1/linear/runc1_f1_V_RND1_linear.phi (deflated 66%)
     adding: test_nmproject/Models/c1_f2/ (stored 0%)
     adding: test_nmproject/Models/c1_f2/K/ (stored 0%)
     adding: test_nmproject/Models/c1_f2/K/LIN2/ (stored 0%)
     adding: test_nmproject/Models/c1_f2/K/LIN2/linear/ (stored 0%)
     adding: test_nmproject/Models/c1_f2/K/LIN2/linear/c1_f2_K_LIN2_linear/ (stored 0%)
     adding: test_nmproject/Models/c1_f2/K/LIN2/linear/c1_f2_K_LIN2_linear/meta.yaml (deflated 58%)
     adding: test_nmproject/Models/c1_f2/K/LIN2/linear/c1_f2_K_LIN2_linear/NMout.RDS (stored 0%)
     adding: test_nmproject/Models/c1_f2/K/LIN2/linear/c1_f2_K_LIN2_linear/NM_run1/ (stored 0%)
     adding: test_nmproject/Models/c1_f2/K/LIN2/linear/c1_f2_K_LIN2_linear/NM_run1/psn.clt (deflated 74%)
     adding: test_nmproject/Models/c1_f2/K/LIN2/linear/c1_f2_K_LIN2_linear/NM_run1/psn.cnv (deflated 63%)
     adding: test_nmproject/Models/c1_f2/K/LIN2/linear/c1_f2_K_LIN2_linear/NM_run1/psn.coi (deflated 81%)
     adding: test_nmproject/Models/c1_f2/K/LIN2/linear/c1_f2_K_LIN2_linear/NM_run1/psn.cor (deflated 82%)
     adding: test_nmproject/Models/c1_f2/K/LIN2/linear/c1_f2_K_LIN2_linear/NM_run1/psn.cov (deflated 81%)
     adding: test_nmproject/Models/c1_f2/K/LIN2/linear/c1_f2_K_LIN2_linear/NM_run1/psn.cpu (deflated 8%)
     adding: test_nmproject/Models/c1_f2/K/LIN2/linear/c1_f2_K_LIN2_linear/NM_run1/psn.ext (deflated 80%)
     adding: test_nmproject/Models/c1_f2/K/LIN2/linear/c1_f2_K_LIN2_linear/NM_run1/psn.lst (deflated 80%)
     adding: test_nmproject/Models/c1_f2/K/LIN2/linear/c1_f2_K_LIN2_linear/NM_run1/psn.mod (deflated 58%)
     adding: test_nmproject/Models/c1_f2/K/LIN2/linear/c1_f2_K_LIN2_linear/NM_run1/psn.phi (deflated 66%)
     adding: test_nmproject/Models/c1_f2/K/LIN2/linear/c1_f2_K_LIN2_linear/NM_run1/psn.shk (deflated 72%)
     adding: test_nmproject/Models/c1_f2/K/LIN2/linear/c1_f2_K_LIN2_linear/NM_run1/psn.shm (deflated 90%)
     adding: test_nmproject/Models/c1_f2/K/LIN2/linear/m1s/ (stored 0%)
     adding: test_nmproject/Models/c1_f2/K/LIN2/linear/m1s/meta.yaml (deflated 53%)
     adding: test_nmproject/Models/c1_f2/K/LIN2/linear/m1s/NMout.RDS (deflated 3%)
     adding: test_nmproject/Models/c1_f2/K/LIN2/linear/m1s/NM_run1/ (stored 0%)
     adding: test_nmproject/Models/c1_f2/K/LIN2/linear/m1s/NM_run1/psn.cpu (deflated 15%)
     adding: test_nmproject/Models/c1_f2/K/LIN2/linear/m1s/NM_run1/psn.ext (stored 0%)
     adding: test_nmproject/Models/c1_f2/K/LIN2/linear/m1s/NM_run1/psn.lst (deflated 71%)
     adding: test_nmproject/Models/c1_f2/K/LIN2/linear/m1s/NM_run1/psn.mod (deflated 56%)
     adding: test_nmproject/Models/c1_f2/K/LIN2/linear/runc1_f2_K_LIN2_linear.coi (deflated 81%)
     adding: test_nmproject/Models/c1_f2/K/LIN2/linear/runc1_f2_K_LIN2_linear.cor (deflated 82%)
     adding: test_nmproject/Models/c1_f2/K/LIN2/linear/runc1_f2_K_LIN2_linear.cov (deflated 81%)
     adding: test_nmproject/Models/c1_f2/K/LIN2/linear/runc1_f2_K_LIN2_linear.ext (deflated 80%)
     adding: test_nmproject/Models/c1_f2/K/LIN2/linear/runc1_f2_K_LIN2_linear.lst (deflated 80%)
     adding: test_nmproject/Models/c1_f2/K/LIN2/linear/runc1_f2_K_LIN2_linear.mod (deflated 56%)
     adding: test_nmproject/Models/c1_f2/K/LIN2/linear/runc1_f2_K_LIN2_linear.phi (deflated 66%)
     adding: test_nmproject/Models/c1_f2/K/LIN2/linear/runm1s.ext (stored 0%)
     adding: test_nmproject/Models/c1_f2/K/LIN2/linear/runm1s.lst (deflated 71%)
     adding: test_nmproject/Models/c1_f2/K/LIN2/linear/runm1s.mod (deflated 55%)
     adding: test_nmproject/Models/c1_f2/K/LIN2/power/ (stored 0%)
     adding: test_nmproject/Models/c1_f2/K/LIN2/power/c1_f2_K_LIN2_power/ (stored 0%)
     adding: test_nmproject/Models/c1_f2/K/LIN2/power/c1_f2_K_LIN2_power/meta.yaml (deflated 57%)
     adding: test_nmproject/Models/c1_f2/K/LIN2/power/c1_f2_K_LIN2_power/NM_run1/ (stored 0%)
     adding: test_nmproject/Models/c1_f2/K/LIN2/power/c1_f2_K_LIN2_power/NM_run1/psn.clt (deflated 74%)
     adding: test_nmproject/Models/c1_f2/K/LIN2/power/c1_f2_K_LIN2_power/NM_run1/psn.cnv (deflated 63%)
     adding: test_nmproject/Models/c1_f2/K/LIN2/power/c1_f2_K_LIN2_power/NM_run1/psn.coi (deflated 81%)
     adding: test_nmproject/Models/c1_f2/K/LIN2/power/c1_f2_K_LIN2_power/NM_run1/psn.cor (deflated 81%)
     adding: test_nmproject/Models/c1_f2/K/LIN2/power/c1_f2_K_LIN2_power/NM_run1/psn.cov (deflated 81%)
     adding: test_nmproject/Models/c1_f2/K/LIN2/power/c1_f2_K_LIN2_power/NM_run1/psn.cpu (deflated 8%)
     adding: test_nmproject/Models/c1_f2/K/LIN2/power/c1_f2_K_LIN2_power/NM_run1/psn.ext (deflated 80%)
     adding: test_nmproject/Models/c1_f2/K/LIN2/power/c1_f2_K_LIN2_power/NM_run1/psn.lst (deflated 80%)
     adding: test_nmproject/Models/c1_f2/K/LIN2/power/c1_f2_K_LIN2_power/NM_run1/psn.mod (deflated 57%)
     adding: test_nmproject/Models/c1_f2/K/LIN2/power/c1_f2_K_LIN2_power/NM_run1/psn.phi (deflated 66%)
     adding: test_nmproject/Models/c1_f2/K/LIN2/power/c1_f2_K_LIN2_power/NM_run1/psn.shk (deflated 72%)
     adding: test_nmproject/Models/c1_f2/K/LIN2/power/c1_f2_K_LIN2_power/NM_run1/psn.shm (deflated 90%)
     adding: test_nmproject/Models/c1_f2/K/LIN2/power/runc1_f2_K_LIN2_power.coi (deflated 81%)
     adding: test_nmproject/Models/c1_f2/K/LIN2/power/runc1_f2_K_LIN2_power.cor (deflated 81%)
     adding: test_nmproject/Models/c1_f2/K/LIN2/power/runc1_f2_K_LIN2_power.cov (deflated 81%)
     adding: test_nmproject/Models/c1_f2/K/LIN2/power/runc1_f2_K_LIN2_power.ext (deflated 80%)
     adding: test_nmproject/Models/c1_f2/K/LIN2/power/runc1_f2_K_LIN2_power.lst (deflated 80%)
     adding: test_nmproject/Models/c1_f2/K/LIN2/power/runc1_f2_K_LIN2_power.mod (deflated 56%)
     adding: test_nmproject/Models/c1_f2/K/LIN2/power/runc1_f2_K_LIN2_power.phi (deflated 66%)
     adding: test_nmproject/Models/c1_f2/K/RND1/ (stored 0%)
     adding: test_nmproject/Models/c1_f2/K/RND1/linear/ (stored 0%)
     adding: test_nmproject/Models/c1_f2/K/RND1/linear/c1_f2_K_RND1_linear/ (stored 0%)
     adding: test_nmproject/Models/c1_f2/K/RND1/linear/c1_f2_K_RND1_linear/meta.yaml (deflated 58%)
     adding: test_nmproject/Models/c1_f2/K/RND1/linear/c1_f2_K_RND1_linear/NM_run1/ (stored 0%)
     adding: test_nmproject/Models/c1_f2/K/RND1/linear/c1_f2_K_RND1_linear/NM_run1/psn.clt (deflated 74%)
     adding: test_nmproject/Models/c1_f2/K/RND1/linear/c1_f2_K_RND1_linear/NM_run1/psn.cnv (deflated 63%)
     adding: test_nmproject/Models/c1_f2/K/RND1/linear/c1_f2_K_RND1_linear/NM_run1/psn.coi (deflated 81%)
     adding: test_nmproject/Models/c1_f2/K/RND1/linear/c1_f2_K_RND1_linear/NM_run1/psn.cor (deflated 81%)
     adding: test_nmproject/Models/c1_f2/K/RND1/linear/c1_f2_K_RND1_linear/NM_run1/psn.cov (deflated 81%)
     adding: test_nmproject/Models/c1_f2/K/RND1/linear/c1_f2_K_RND1_linear/NM_run1/psn.cpu (deflated 8%)
     adding: test_nmproject/Models/c1_f2/K/RND1/linear/c1_f2_K_RND1_linear/NM_run1/psn.ext (deflated 80%)
     adding: test_nmproject/Models/c1_f2/K/RND1/linear/c1_f2_K_RND1_linear/NM_run1/psn.lst (deflated 80%)
     adding: test_nmproject/Models/c1_f2/K/RND1/linear/c1_f2_K_RND1_linear/NM_run1/psn.mod (deflated 58%)
     adding: test_nmproject/Models/c1_f2/K/RND1/linear/c1_f2_K_RND1_linear/NM_run1/psn.phi (deflated 67%)
     adding: test_nmproject/Models/c1_f2/K/RND1/linear/c1_f2_K_RND1_linear/NM_run1/psn.shk (deflated 72%)
     adding: test_nmproject/Models/c1_f2/K/RND1/linear/c1_f2_K_RND1_linear/NM_run1/psn.shm (deflated 90%)
     adding: test_nmproject/Models/c1_f2/K/RND1/linear/runc1_f2_K_RND1_linear.coi (deflated 81%)
     adding: test_nmproject/Models/c1_f2/K/RND1/linear/runc1_f2_K_RND1_linear.cor (deflated 81%)
     adding: test_nmproject/Models/c1_f2/K/RND1/linear/runc1_f2_K_RND1_linear.cov (deflated 81%)
     adding: test_nmproject/Models/c1_f2/K/RND1/linear/runc1_f2_K_RND1_linear.ext (deflated 80%)
     adding: test_nmproject/Models/c1_f2/K/RND1/linear/runc1_f2_K_RND1_linear.lst (deflated 80%)
     adding: test_nmproject/Models/c1_f2/K/RND1/linear/runc1_f2_K_RND1_linear.mod (deflated 56%)
     adding: test_nmproject/Models/c1_f2/K/RND1/linear/runc1_f2_K_RND1_linear.phi (deflated 67%)
     adding: test_nmproject/Models/c1_f2/KA/ (stored 0%)
     adding: test_nmproject/Models/c1_f2/KA/BN1/ (stored 0%)
     adding: test_nmproject/Models/c1_f2/KA/BN1/linear/ (stored 0%)
     adding: test_nmproject/Models/c1_f2/KA/BN1/linear/c1_f2_KA_BN1_linear/ (stored 0%)
     adding: test_nmproject/Models/c1_f2/KA/BN1/linear/c1_f2_KA_BN1_linear/meta.yaml (deflated 57%)
     adding: test_nmproject/Models/c1_f2/KA/BN1/linear/c1_f2_KA_BN1_linear/NM_run1/ (stored 0%)
     adding: test_nmproject/Models/c1_f2/KA/BN1/linear/c1_f2_KA_BN1_linear/NM_run1/psn.clt (deflated 74%)
     adding: test_nmproject/Models/c1_f2/KA/BN1/linear/c1_f2_KA_BN1_linear/NM_run1/psn.cnv (deflated 63%)
     adding: test_nmproject/Models/c1_f2/KA/BN1/linear/c1_f2_KA_BN1_linear/NM_run1/psn.coi (deflated 81%)
     adding: test_nmproject/Models/c1_f2/KA/BN1/linear/c1_f2_KA_BN1_linear/NM_run1/psn.cor (deflated 81%)
     adding: test_nmproject/Models/c1_f2/KA/BN1/linear/c1_f2_KA_BN1_linear/NM_run1/psn.cov (deflated 81%)
     adding: test_nmproject/Models/c1_f2/KA/BN1/linear/c1_f2_KA_BN1_linear/NM_run1/psn.cpu (deflated 8%)
     adding: test_nmproject/Models/c1_f2/KA/BN1/linear/c1_f2_KA_BN1_linear/NM_run1/psn.ext (deflated 80%)
     adding: test_nmproject/Models/c1_f2/KA/BN1/linear/c1_f2_KA_BN1_linear/NM_run1/psn.lst (deflated 80%)
     adding: test_nmproject/Models/c1_f2/KA/BN1/linear/c1_f2_KA_BN1_linear/NM_run1/psn.mod (deflated 57%)
     adding: test_nmproject/Models/c1_f2/KA/BN1/linear/c1_f2_KA_BN1_linear/NM_run1/psn.phi (deflated 66%)
     adding: test_nmproject/Models/c1_f2/KA/BN1/linear/c1_f2_KA_BN1_linear/NM_run1/psn.shk (deflated 72%)
     adding: test_nmproject/Models/c1_f2/KA/BN1/linear/c1_f2_KA_BN1_linear/NM_run1/psn.shm (deflated 90%)
     adding: test_nmproject/Models/c1_f2/KA/BN1/linear/runc1_f2_KA_BN1_linear.coi (deflated 81%)
     adding: test_nmproject/Models/c1_f2/KA/BN1/linear/runc1_f2_KA_BN1_linear.cor (deflated 81%)
     adding: test_nmproject/Models/c1_f2/KA/BN1/linear/runc1_f2_KA_BN1_linear.cov (deflated 81%)
     adding: test_nmproject/Models/c1_f2/KA/BN1/linear/runc1_f2_KA_BN1_linear.ext (deflated 80%)
     adding: test_nmproject/Models/c1_f2/KA/BN1/linear/runc1_f2_KA_BN1_linear.lst (deflated 80%)
     adding: test_nmproject/Models/c1_f2/KA/BN1/linear/runc1_f2_KA_BN1_linear.mod (deflated 56%)
     adding: test_nmproject/Models/c1_f2/KA/BN1/linear/runc1_f2_KA_BN1_linear.phi (deflated 66%)
     adding: test_nmproject/Models/c1_f2/KA/RND1/ (stored 0%)
     adding: test_nmproject/Models/c1_f2/KA/RND1/linear/ (stored 0%)
     adding: test_nmproject/Models/c1_f2/KA/RND1/linear/c1_f2_KA_RND1_linear/ (stored 0%)
     adding: test_nmproject/Models/c1_f2/KA/RND1/linear/c1_f2_KA_RND1_linear/meta.yaml (deflated 58%)
     adding: test_nmproject/Models/c1_f2/KA/RND1/linear/c1_f2_KA_RND1_linear/NM_run1/ (stored 0%)
     adding: test_nmproject/Models/c1_f2/KA/RND1/linear/c1_f2_KA_RND1_linear/NM_run1/psn.clt (deflated 74%)
     adding: test_nmproject/Models/c1_f2/KA/RND1/linear/c1_f2_KA_RND1_linear/NM_run1/psn.cnv (deflated 64%)
     adding: test_nmproject/Models/c1_f2/KA/RND1/linear/c1_f2_KA_RND1_linear/NM_run1/psn.coi (deflated 81%)
     adding: test_nmproject/Models/c1_f2/KA/RND1/linear/c1_f2_KA_RND1_linear/NM_run1/psn.cor (deflated 81%)
     adding: test_nmproject/Models/c1_f2/KA/RND1/linear/c1_f2_KA_RND1_linear/NM_run1/psn.cov (deflated 81%)
     adding: test_nmproject/Models/c1_f2/KA/RND1/linear/c1_f2_KA_RND1_linear/NM_run1/psn.cpu (deflated 8%)
     adding: test_nmproject/Models/c1_f2/KA/RND1/linear/c1_f2_KA_RND1_linear/NM_run1/psn.ext (deflated 81%)
     adding: test_nmproject/Models/c1_f2/KA/RND1/linear/c1_f2_KA_RND1_linear/NM_run1/psn.lst (deflated 80%)
     adding: test_nmproject/Models/c1_f2/KA/RND1/linear/c1_f2_KA_RND1_linear/NM_run1/psn.mod (deflated 57%)
     adding: test_nmproject/Models/c1_f2/KA/RND1/linear/c1_f2_KA_RND1_linear/NM_run1/psn.phi (deflated 67%)
     adding: test_nmproject/Models/c1_f2/KA/RND1/linear/c1_f2_KA_RND1_linear/NM_run1/psn.shk (deflated 72%)
     adding: test_nmproject/Models/c1_f2/KA/RND1/linear/c1_f2_KA_RND1_linear/NM_run1/psn.shm (deflated 90%)
     adding: test_nmproject/Models/c1_f2/KA/RND1/linear/runc1_f2_KA_RND1_linear.coi (deflated 81%)
     adding: test_nmproject/Models/c1_f2/KA/RND1/linear/runc1_f2_KA_RND1_linear.cor (deflated 81%)
     adding: test_nmproject/Models/c1_f2/KA/RND1/linear/runc1_f2_KA_RND1_linear.cov (deflated 81%)
     adding: test_nmproject/Models/c1_f2/KA/RND1/linear/runc1_f2_KA_RND1_linear.ext (deflated 81%)
     adding: test_nmproject/Models/c1_f2/KA/RND1/linear/runc1_f2_KA_RND1_linear.lst (deflated 80%)
     adding: test_nmproject/Models/c1_f2/KA/RND1/linear/runc1_f2_KA_RND1_linear.mod (deflated 56%)
     adding: test_nmproject/Models/c1_f2/KA/RND1/linear/runc1_f2_KA_RND1_linear.phi (deflated 67%)
     adding: test_nmproject/Models/c1_f2/V/ (stored 0%)
     adding: test_nmproject/Models/c1_f2/V/LIN3/ (stored 0%)
     adding: test_nmproject/Models/c1_f2/V/LIN3/linear/ (stored 0%)
     adding: test_nmproject/Models/c1_f2/V/LIN3/linear/c1_f2_V_LIN3_linear/ (stored 0%)
     adding: test_nmproject/Models/c1_f2/V/LIN3/linear/c1_f2_V_LIN3_linear/meta.yaml (deflated 58%)
     adding: test_nmproject/Models/c1_f2/V/LIN3/linear/c1_f2_V_LIN3_linear/NM_run1/ (stored 0%)
     adding: test_nmproject/Models/c1_f2/V/LIN3/linear/c1_f2_V_LIN3_linear/NM_run1/psn.clt (deflated 75%)
     adding: test_nmproject/Models/c1_f2/V/LIN3/linear/c1_f2_V_LIN3_linear/NM_run1/psn.cnv (deflated 63%)
     adding: test_nmproject/Models/c1_f2/V/LIN3/linear/c1_f2_V_LIN3_linear/NM_run1/psn.coi (deflated 81%)
     adding: test_nmproject/Models/c1_f2/V/LIN3/linear/c1_f2_V_LIN3_linear/NM_run1/psn.cor (deflated 82%)
     adding: test_nmproject/Models/c1_f2/V/LIN3/linear/c1_f2_V_LIN3_linear/NM_run1/psn.cov (deflated 81%)
     adding: test_nmproject/Models/c1_f2/V/LIN3/linear/c1_f2_V_LIN3_linear/NM_run1/psn.cpu (deflated 8%)
     adding: test_nmproject/Models/c1_f2/V/LIN3/linear/c1_f2_V_LIN3_linear/NM_run1/psn.ext (deflated 80%)
     adding: test_nmproject/Models/c1_f2/V/LIN3/linear/c1_f2_V_LIN3_linear/NM_run1/psn.lst (deflated 80%)
     adding: test_nmproject/Models/c1_f2/V/LIN3/linear/c1_f2_V_LIN3_linear/NM_run1/psn.mod (deflated 58%)
     adding: test_nmproject/Models/c1_f2/V/LIN3/linear/c1_f2_V_LIN3_linear/NM_run1/psn.phi (deflated 66%)
     adding: test_nmproject/Models/c1_f2/V/LIN3/linear/c1_f2_V_LIN3_linear/NM_run1/psn.shk (deflated 72%)
     adding: test_nmproject/Models/c1_f2/V/LIN3/linear/c1_f2_V_LIN3_linear/NM_run1/psn.shm (deflated 90%)
     adding: test_nmproject/Models/c1_f2/V/LIN3/linear/runc1_f2_V_LIN3_linear.coi (deflated 81%)
     adding: test_nmproject/Models/c1_f2/V/LIN3/linear/runc1_f2_V_LIN3_linear.cor (deflated 82%)
     adding: test_nmproject/Models/c1_f2/V/LIN3/linear/runc1_f2_V_LIN3_linear.cov (deflated 81%)
     adding: test_nmproject/Models/c1_f2/V/LIN3/linear/runc1_f2_V_LIN3_linear.ext (deflated 80%)
     adding: test_nmproject/Models/c1_f2/V/LIN3/linear/runc1_f2_V_LIN3_linear.lst (deflated 80%)
     adding: test_nmproject/Models/c1_f2/V/LIN3/linear/runc1_f2_V_LIN3_linear.mod (deflated 56%)
     adding: test_nmproject/Models/c1_f2/V/LIN3/linear/runc1_f2_V_LIN3_linear.phi (deflated 66%)
     adding: test_nmproject/Models/c1_f2/V/LIN3/power/ (stored 0%)
     adding: test_nmproject/Models/c1_f2/V/LIN3/power/c1_f2_V_LIN3_power/ (stored 0%)
     adding: test_nmproject/Models/c1_f2/V/LIN3/power/c1_f2_V_LIN3_power/meta.yaml (deflated 57%)
     adding: test_nmproject/Models/c1_f2/V/LIN3/power/c1_f2_V_LIN3_power/NM_run1/ (stored 0%)
     adding: test_nmproject/Models/c1_f2/V/LIN3/power/c1_f2_V_LIN3_power/NM_run1/psn.clt (deflated 74%)
     adding: test_nmproject/Models/c1_f2/V/LIN3/power/c1_f2_V_LIN3_power/NM_run1/psn.cnv (deflated 63%)
     adding: test_nmproject/Models/c1_f2/V/LIN3/power/c1_f2_V_LIN3_power/NM_run1/psn.coi (deflated 81%)
     adding: test_nmproject/Models/c1_f2/V/LIN3/power/c1_f2_V_LIN3_power/NM_run1/psn.cor (deflated 82%)
     adding: test_nmproject/Models/c1_f2/V/LIN3/power/c1_f2_V_LIN3_power/NM_run1/psn.cov (deflated 81%)
     adding: test_nmproject/Models/c1_f2/V/LIN3/power/c1_f2_V_LIN3_power/NM_run1/psn.cpu (deflated 8%)
     adding: test_nmproject/Models/c1_f2/V/LIN3/power/c1_f2_V_LIN3_power/NM_run1/psn.ext (deflated 80%)
     adding: test_nmproject/Models/c1_f2/V/LIN3/power/c1_f2_V_LIN3_power/NM_run1/psn.lst (deflated 80%)
     adding: test_nmproject/Models/c1_f2/V/LIN3/power/c1_f2_V_LIN3_power/NM_run1/psn.mod (deflated 57%)
     adding: test_nmproject/Models/c1_f2/V/LIN3/power/c1_f2_V_LIN3_power/NM_run1/psn.phi (deflated 66%)
     adding: test_nmproject/Models/c1_f2/V/LIN3/power/c1_f2_V_LIN3_power/NM_run1/psn.shk (deflated 73%)
     adding: test_nmproject/Models/c1_f2/V/LIN3/power/c1_f2_V_LIN3_power/NM_run1/psn.shm (deflated 90%)
     adding: test_nmproject/Models/c1_f2/V/LIN3/power/runc1_f2_V_LIN3_power.coi (deflated 81%)
     adding: test_nmproject/Models/c1_f2/V/LIN3/power/runc1_f2_V_LIN3_power.cor (deflated 82%)
     adding: test_nmproject/Models/c1_f2/V/LIN3/power/runc1_f2_V_LIN3_power.cov (deflated 81%)
     adding: test_nmproject/Models/c1_f2/V/LIN3/power/runc1_f2_V_LIN3_power.ext (deflated 80%)
     adding: test_nmproject/Models/c1_f2/V/LIN3/power/runc1_f2_V_LIN3_power.lst (deflated 80%)
     adding: test_nmproject/Models/c1_f2/V/LIN3/power/runc1_f2_V_LIN3_power.mod (deflated 56%)
     adding: test_nmproject/Models/c1_f2/V/LIN3/power/runc1_f2_V_LIN3_power.phi (deflated 66%)
     adding: test_nmproject/Models/c1_f2/V/RND1/ (stored 0%)
     adding: test_nmproject/Models/c1_f2/V/RND1/linear/ (stored 0%)
     adding: test_nmproject/Models/c1_f2/V/RND1/linear/c1_f2_V_RND1_linear/ (stored 0%)
     adding: test_nmproject/Models/c1_f2/V/RND1/linear/c1_f2_V_RND1_linear/meta.yaml (deflated 58%)
     adding: test_nmproject/Models/c1_f2/V/RND1/linear/c1_f2_V_RND1_linear/NM_run1/ (stored 0%)
     adding: test_nmproject/Models/c1_f2/V/RND1/linear/c1_f2_V_RND1_linear/NM_run1/psn.clt (deflated 74%)
     adding: test_nmproject/Models/c1_f2/V/RND1/linear/c1_f2_V_RND1_linear/NM_run1/psn.cnv (deflated 63%)
     adding: test_nmproject/Models/c1_f2/V/RND1/linear/c1_f2_V_RND1_linear/NM_run1/psn.coi (deflated 81%)
     adding: test_nmproject/Models/c1_f2/V/RND1/linear/c1_f2_V_RND1_linear/NM_run1/psn.cor (deflated 81%)
     adding: test_nmproject/Models/c1_f2/V/RND1/linear/c1_f2_V_RND1_linear/NM_run1/psn.cov (deflated 81%)
     adding: test_nmproject/Models/c1_f2/V/RND1/linear/c1_f2_V_RND1_linear/NM_run1/psn.cpu (deflated 8%)
     adding: test_nmproject/Models/c1_f2/V/RND1/linear/c1_f2_V_RND1_linear/NM_run1/psn.ext (deflated 80%)
     adding: test_nmproject/Models/c1_f2/V/RND1/linear/c1_f2_V_RND1_linear/NM_run1/psn.lst (deflated 80%)
     adding: test_nmproject/Models/c1_f2/V/RND1/linear/c1_f2_V_RND1_linear/NM_run1/psn.mod (deflated 58%)
     adding: test_nmproject/Models/c1_f2/V/RND1/linear/c1_f2_V_RND1_linear/NM_run1/psn.phi (deflated 67%)
     adding: test_nmproject/Models/c1_f2/V/RND1/linear/c1_f2_V_RND1_linear/NM_run1/psn.shk (deflated 72%)
     adding: test_nmproject/Models/c1_f2/V/RND1/linear/c1_f2_V_RND1_linear/NM_run1/psn.shm (deflated 90%)
     adding: test_nmproject/Models/c1_f2/V/RND1/linear/runc1_f2_V_RND1_linear.coi (deflated 81%)
     adding: test_nmproject/Models/c1_f2/V/RND1/linear/runc1_f2_V_RND1_linear.cor (deflated 81%)
     adding: test_nmproject/Models/c1_f2/V/RND1/linear/runc1_f2_V_RND1_linear.cov (deflated 81%)
     adding: test_nmproject/Models/c1_f2/V/RND1/linear/runc1_f2_V_RND1_linear.ext (deflated 80%)
     adding: test_nmproject/Models/c1_f2/V/RND1/linear/runc1_f2_V_RND1_linear.lst (deflated 80%)
     adding: test_nmproject/Models/c1_f2/V/RND1/linear/runc1_f2_V_RND1_linear.mod (deflated 56%)
     adding: test_nmproject/Models/c1_f2/V/RND1/linear/runc1_f2_V_RND1_linear.phi (deflated 67%)
     adding: test_nmproject/Models/c1_f2_b1/ (stored 0%)
     adding: test_nmproject/Models/c1_f2_b1/K/ (stored 0%)
     adding: test_nmproject/Models/c1_f2_b1/K/LIN2/ (stored 0%)
     adding: test_nmproject/Models/c1_f2_b1/K/LIN2/c1_f2_b1_K_LIN2_linear/ (stored 0%)
     adding: test_nmproject/Models/c1_f2_b1/K/LIN2/c1_f2_b1_K_LIN2_linear/meta.yaml (deflated 58%)
     adding: test_nmproject/Models/c1_f2_b1/K/LIN2/c1_f2_b1_K_LIN2_linear/NM_run1/ (stored 0%)
     adding: test_nmproject/Models/c1_f2_b1/K/LIN2/c1_f2_b1_K_LIN2_linear/NM_run1/psn.clt (deflated 75%)
     adding: test_nmproject/Models/c1_f2_b1/K/LIN2/c1_f2_b1_K_LIN2_linear/NM_run1/psn.cnv (deflated 62%)
     adding: test_nmproject/Models/c1_f2_b1/K/LIN2/c1_f2_b1_K_LIN2_linear/NM_run1/psn.coi (deflated 82%)
     adding: test_nmproject/Models/c1_f2_b1/K/LIN2/c1_f2_b1_K_LIN2_linear/NM_run1/psn.cor (deflated 82%)
     adding: test_nmproject/Models/c1_f2_b1/K/LIN2/c1_f2_b1_K_LIN2_linear/NM_run1/psn.cov (deflated 82%)
     adding: test_nmproject/Models/c1_f2_b1/K/LIN2/c1_f2_b1_K_LIN2_linear/NM_run1/psn.cpu (deflated 8%)
     adding: test_nmproject/Models/c1_f2_b1/K/LIN2/c1_f2_b1_K_LIN2_linear/NM_run1/psn.ext (deflated 81%)
     adding: test_nmproject/Models/c1_f2_b1/K/LIN2/c1_f2_b1_K_LIN2_linear/NM_run1/psn.lst (deflated 80%)
     adding: test_nmproject/Models/c1_f2_b1/K/LIN2/c1_f2_b1_K_LIN2_linear/NM_run1/psn.mod (deflated 56%)
     adding: test_nmproject/Models/c1_f2_b1/K/LIN2/c1_f2_b1_K_LIN2_linear/NM_run1/psn.phi (deflated 66%)
     adding: test_nmproject/Models/c1_f2_b1/K/LIN2/c1_f2_b1_K_LIN2_linear/NM_run1/psn.shk (deflated 72%)
     adding: test_nmproject/Models/c1_f2_b1/K/LIN2/c1_f2_b1_K_LIN2_linear/NM_run1/psn.shm (deflated 90%)
     adding: test_nmproject/Models/c1_f2_b1/K/LIN2/runc1_f2_b1_K_LIN2_linear.coi (deflated 82%)
     adding: test_nmproject/Models/c1_f2_b1/K/LIN2/runc1_f2_b1_K_LIN2_linear.cor (deflated 82%)
     adding: test_nmproject/Models/c1_f2_b1/K/LIN2/runc1_f2_b1_K_LIN2_linear.cov (deflated 82%)
     adding: test_nmproject/Models/c1_f2_b1/K/LIN2/runc1_f2_b1_K_LIN2_linear.ext (deflated 81%)
     adding: test_nmproject/Models/c1_f2_b1/K/LIN2/runc1_f2_b1_K_LIN2_linear.lst (deflated 80%)
     adding: test_nmproject/Models/c1_f2_b1/K/LIN2/runc1_f2_b1_K_LIN2_linear.mod (deflated 55%)
     adding: test_nmproject/Models/c1_f2_b1/K/LIN2/runc1_f2_b1_K_LIN2_linear.phi (deflated 66%)
     adding: test_nmproject/Models/c1_f2_b1/KA/ (stored 0%)
     adding: test_nmproject/Models/c1_f2_b1/KA/LIN1/ (stored 0%)
     adding: test_nmproject/Models/c1_f2_b1/KA/LIN1/c1_f2_b1_KA_LIN1_linear/ (stored 0%)
     adding: test_nmproject/Models/c1_f2_b1/KA/LIN1/c1_f2_b1_KA_LIN1_linear/meta.yaml (deflated 58%)
     adding: test_nmproject/Models/c1_f2_b1/KA/LIN1/c1_f2_b1_KA_LIN1_linear/NM_run1/ (stored 0%)
     adding: test_nmproject/Models/c1_f2_b1/KA/LIN1/c1_f2_b1_KA_LIN1_linear/NM_run1/psn.clt (deflated 75%)
     adding: test_nmproject/Models/c1_f2_b1/KA/LIN1/c1_f2_b1_KA_LIN1_linear/NM_run1/psn.cnv (deflated 62%)
     adding: test_nmproject/Models/c1_f2_b1/KA/LIN1/c1_f2_b1_KA_LIN1_linear/NM_run1/psn.coi (deflated 82%)
     adding: test_nmproject/Models/c1_f2_b1/KA/LIN1/c1_f2_b1_KA_LIN1_linear/NM_run1/psn.cor (deflated 82%)
     adding: test_nmproject/Models/c1_f2_b1/KA/LIN1/c1_f2_b1_KA_LIN1_linear/NM_run1/psn.cov (deflated 82%)
     adding: test_nmproject/Models/c1_f2_b1/KA/LIN1/c1_f2_b1_KA_LIN1_linear/NM_run1/psn.cpu (deflated 8%)
     adding: test_nmproject/Models/c1_f2_b1/KA/LIN1/c1_f2_b1_KA_LIN1_linear/NM_run1/psn.ext (deflated 79%)
     adding: test_nmproject/Models/c1_f2_b1/KA/LIN1/c1_f2_b1_KA_LIN1_linear/NM_run1/psn.lst (deflated 82%)
     adding: test_nmproject/Models/c1_f2_b1/KA/LIN1/c1_f2_b1_KA_LIN1_linear/NM_run1/psn.mod (deflated 56%)
     adding: test_nmproject/Models/c1_f2_b1/KA/LIN1/c1_f2_b1_KA_LIN1_linear/NM_run1/psn.phi (deflated 67%)
     adding: test_nmproject/Models/c1_f2_b1/KA/LIN1/c1_f2_b1_KA_LIN1_linear/NM_run1/psn.shk (deflated 73%)
     adding: test_nmproject/Models/c1_f2_b1/KA/LIN1/c1_f2_b1_KA_LIN1_linear/NM_run1/psn.shm (deflated 90%)
     adding: test_nmproject/Models/c1_f2_b1/KA/LIN1/runc1_f2_b1_KA_LIN1_linear.coi (deflated 82%)
     adding: test_nmproject/Models/c1_f2_b1/KA/LIN1/runc1_f2_b1_KA_LIN1_linear.cor (deflated 82%)
     adding: test_nmproject/Models/c1_f2_b1/KA/LIN1/runc1_f2_b1_KA_LIN1_linear.cov (deflated 82%)
     adding: test_nmproject/Models/c1_f2_b1/KA/LIN1/runc1_f2_b1_KA_LIN1_linear.ext (deflated 79%)
     adding: test_nmproject/Models/c1_f2_b1/KA/LIN1/runc1_f2_b1_KA_LIN1_linear.lst (deflated 82%)
     adding: test_nmproject/Models/c1_f2_b1/KA/LIN1/runc1_f2_b1_KA_LIN1_linear.mod (deflated 54%)
     adding: test_nmproject/Models/c1_f2_b1/KA/LIN1/runc1_f2_b1_KA_LIN1_linear.phi (deflated 67%)
     adding: test_nmproject/Models/catabm1 (deflated 76%)
     adding: test_nmproject/Models/cotabm1 (deflated 76%)
     adding: test_nmproject/Models/decision_cache/ (stored 0%)
     adding: test_nmproject/Models/decision_cache/c061492d286801c0146ec4fd6da17f1d.RDS (stored 0%)
     adding: test_nmproject/Models/m1/ (stored 0%)
     adding: test_nmproject/Models/m1/meta.yaml (deflated 53%)
     adding: test_nmproject/Models/m1/NMout.RDS (stored 0%)
     adding: test_nmproject/Models/m1/NM_run1/ (stored 0%)
     adding: test_nmproject/Models/m1/NM_run1/catabm1 (deflated 76%)
     adding: test_nmproject/Models/m1/NM_run1/cotabm1 (deflated 76%)
     adding: test_nmproject/Models/m1/NM_run1/patabm1 (deflated 83%)
     adding: test_nmproject/Models/m1/NM_run1/psn.clt (deflated 75%)
     adding: test_nmproject/Models/m1/NM_run1/psn.cnv (deflated 62%)
     adding: test_nmproject/Models/m1/NM_run1/psn.coi (deflated 82%)
     adding: test_nmproject/Models/m1/NM_run1/psn.cor (deflated 82%)
     adding: test_nmproject/Models/m1/NM_run1/psn.cov (deflated 82%)
     adding: test_nmproject/Models/m1/NM_run1/psn.cpu (deflated 15%)
     adding: test_nmproject/Models/m1/NM_run1/psn.ext (deflated 81%)
     adding: test_nmproject/Models/m1/NM_run1/psn.lst (deflated 82%)
     adding: test_nmproject/Models/m1/NM_run1/psn.mod (deflated 55%)
     adding: test_nmproject/Models/m1/NM_run1/psn.phi (deflated 65%)
     adding: test_nmproject/Models/m1/NM_run1/psn.shk (deflated 73%)
     adding: test_nmproject/Models/m1/NM_run1/psn.shm (deflated 90%)
     adding: test_nmproject/Models/m1/NM_run1/sdtabm1 (deflated 74%)
     adding: test_nmproject/Models/m1s/ (stored 0%)
     adding: test_nmproject/Models/m1s/meta.yaml (deflated 53%)
     adding: test_nmproject/Models/m1s/NMout.RDS (deflated 2%)
     adding: test_nmproject/Models/m1s/NM_run1/ (stored 0%)
     adding: test_nmproject/Models/m1s/NM_run1/psn.cpu (deflated 15%)
     adding: test_nmproject/Models/m1s/NM_run1/psn.ext (stored 0%)
     adding: test_nmproject/Models/m1s/NM_run1/psn.lst (deflated 71%)
     adding: test_nmproject/Models/m1s/NM_run1/psn.mod (deflated 54%)
     adding: test_nmproject/Models/m1_boot/ (stored 0%)
     adding: test_nmproject/Models/m1_boot/1/ (stored 0%)
     adding: test_nmproject/Models/m1_boot/1/meta.yaml (deflated 52%)
     adding: test_nmproject/Models/m1_boot/1/NM_run1/ (stored 0%)
     adding: test_nmproject/Models/m1_boot/1/NM_run1/FMSG (deflated 44%)
     adding: test_nmproject/Models/m1_boot/1/NM_run1/modelname (stored 0%)
     adding: test_nmproject/Models/m1_boot/1/NM_run1/psn.cpu (deflated 15%)
     adding: test_nmproject/Models/m1_boot/1/NM_run1/psn.ext (deflated 72%)
     adding: test_nmproject/Models/m1_boot/1/NM_run1/psn.lst (deflated 72%)
     adding: test_nmproject/Models/m1_boot/1/NM_run1/psn.mod (deflated 55%)
     adding: test_nmproject/Models/m1_boot/1/NM_run1/psn.phi (deflated 85%)
     adding: test_nmproject/Models/m1_boot/1/NM_run1/psn.shk (deflated 81%)
     adding: test_nmproject/Models/m1_boot/1/NM_run1/psn.shm (deflated 88%)
     adding: test_nmproject/Models/m1_boot/1/NM_run1/psn_nonmem_error_messages.txt (stored 0%)
     adding: test_nmproject/Models/m1_boot/2/ (stored 0%)
     adding: test_nmproject/Models/m1_boot/2/meta.yaml (deflated 53%)
     adding: test_nmproject/Models/m1_boot/2/NM_run1/ (stored 0%)
     adding: test_nmproject/Models/m1_boot/2/NM_run1/psn.clt (deflated 75%)
     adding: test_nmproject/Models/m1_boot/2/NM_run1/psn.cnv (deflated 62%)
     adding: test_nmproject/Models/m1_boot/2/NM_run1/psn.coi (deflated 82%)
     adding: test_nmproject/Models/m1_boot/2/NM_run1/psn.cor (deflated 82%)
     adding: test_nmproject/Models/m1_boot/2/NM_run1/psn.cov (deflated 82%)
     adding: test_nmproject/Models/m1_boot/2/NM_run1/psn.cpu (deflated 15%)
     adding: test_nmproject/Models/m1_boot/2/NM_run1/psn.ext (deflated 81%)
     adding: test_nmproject/Models/m1_boot/2/NM_run1/psn.lst (deflated 82%)
     adding: test_nmproject/Models/m1_boot/2/NM_run1/psn.mod (deflated 55%)
     adding: test_nmproject/Models/m1_boot/2/NM_run1/psn.phi (deflated 65%)
     adding: test_nmproject/Models/m1_boot/2/NM_run1/psn.shk (deflated 72%)
     adding: test_nmproject/Models/m1_boot/2/NM_run1/psn.shm (deflated 90%)
     adding: test_nmproject/Models/m1_boot/3/ (stored 0%)
     adding: test_nmproject/Models/m1_boot/3/meta.yaml (deflated 53%)
     adding: test_nmproject/Models/m1_boot/3/NM_run1/ (stored 0%)
     adding: test_nmproject/Models/m1_boot/3/NM_run1/psn.clt (deflated 75%)
     adding: test_nmproject/Models/m1_boot/3/NM_run1/psn.cnv (deflated 62%)
     adding: test_nmproject/Models/m1_boot/3/NM_run1/psn.coi (deflated 82%)
     adding: test_nmproject/Models/m1_boot/3/NM_run1/psn.cor (deflated 82%)
     adding: test_nmproject/Models/m1_boot/3/NM_run1/psn.cov (deflated 82%)
     adding: test_nmproject/Models/m1_boot/3/NM_run1/psn.cpu (deflated 15%)
     adding: test_nmproject/Models/m1_boot/3/NM_run1/psn.ext (deflated 81%)
     adding: test_nmproject/Models/m1_boot/3/NM_run1/psn.lst (deflated 82%)
     adding: test_nmproject/Models/m1_boot/3/NM_run1/psn.mod (deflated 55%)
     adding: test_nmproject/Models/m1_boot/3/NM_run1/psn.phi (deflated 66%)
     adding: test_nmproject/Models/m1_boot/3/NM_run1/psn.shk (deflated 73%)
     adding: test_nmproject/Models/m1_boot/3/NM_run1/psn.shm (deflated 90%)
     adding: test_nmproject/Models/m1_boot/4/ (stored 0%)
     adding: test_nmproject/Models/m1_boot/4/meta.yaml (deflated 53%)
     adding: test_nmproject/Models/m1_boot/4/NM_run1/ (stored 0%)
     adding: test_nmproject/Models/m1_boot/4/NM_run1/psn.clt (deflated 75%)
     adding: test_nmproject/Models/m1_boot/4/NM_run1/psn.cnv (deflated 62%)
     adding: test_nmproject/Models/m1_boot/4/NM_run1/psn.coi (deflated 82%)
     adding: test_nmproject/Models/m1_boot/4/NM_run1/psn.cor (deflated 82%)
     adding: test_nmproject/Models/m1_boot/4/NM_run1/psn.cov (deflated 82%)
     adding: test_nmproject/Models/m1_boot/4/NM_run1/psn.cpu (deflated 15%)
     adding: test_nmproject/Models/m1_boot/4/NM_run1/psn.ext (deflated 81%)
     adding: test_nmproject/Models/m1_boot/4/NM_run1/psn.lst (deflated 82%)
     adding: test_nmproject/Models/m1_boot/4/NM_run1/psn.mod (deflated 55%)
     adding: test_nmproject/Models/m1_boot/4/NM_run1/psn.phi (deflated 66%)
     adding: test_nmproject/Models/m1_boot/4/NM_run1/psn.shk (deflated 73%)
     adding: test_nmproject/Models/m1_boot/4/NM_run1/psn.shm (deflated 90%)
     adding: test_nmproject/Models/m1_boot/run1.mod (deflated 53%)
     adding: test_nmproject/Models/m1_boot/run2.coi (deflated 82%)
     adding: test_nmproject/Models/m1_boot/run2.cor (deflated 82%)
     adding: test_nmproject/Models/m1_boot/run2.cov (deflated 82%)
     adding: test_nmproject/Models/m1_boot/run2.ext (deflated 81%)
     adding: test_nmproject/Models/m1_boot/run2.lst (deflated 82%)
     adding: test_nmproject/Models/m1_boot/run2.mod (deflated 53%)
     adding: test_nmproject/Models/m1_boot/run2.phi (deflated 65%)
     adding: test_nmproject/Models/m1_boot/run3.coi (deflated 82%)
     adding: test_nmproject/Models/m1_boot/run3.cor (deflated 82%)
     adding: test_nmproject/Models/m1_boot/run3.cov (deflated 82%)
     adding: test_nmproject/Models/m1_boot/run3.ext (deflated 81%)
     adding: test_nmproject/Models/m1_boot/run3.lst (deflated 82%)
     adding: test_nmproject/Models/m1_boot/run3.mod (deflated 53%)
     adding: test_nmproject/Models/m1_boot/run3.phi (deflated 66%)
     adding: test_nmproject/Models/m1_boot/run4.coi (deflated 82%)
     adding: test_nmproject/Models/m1_boot/run4.cor (deflated 82%)
     adding: test_nmproject/Models/m1_boot/run4.cov (deflated 82%)
     adding: test_nmproject/Models/m1_boot/run4.ext (deflated 81%)
     adding: test_nmproject/Models/m1_boot/run4.lst (deflated 82%)
     adding: test_nmproject/Models/m1_boot/run4.mod (deflated 53%)
     adding: test_nmproject/Models/m1_boot/run4.phi (deflated 66%)
     adding: test_nmproject/Models/m1_coretest/ (stored 0%)
     adding: test_nmproject/Models/m1_coretest/1/ (stored 0%)
     adding: test_nmproject/Models/m1_coretest/1/meta.yaml (deflated 53%)
     adding: test_nmproject/Models/m1_coretest/1/NM_run1/ (stored 0%)
     adding: test_nmproject/Models/m1_coretest/1/NM_run1/nmmpi.sh (deflated 97%)
     adding: test_nmproject/Models/m1_coretest/1/NM_run1/psn.clt (deflated 75%)
     adding: test_nmproject/Models/m1_coretest/1/NM_run1/psn.cnv (deflated 62%)
     adding: test_nmproject/Models/m1_coretest/1/NM_run1/psn.coi (deflated 82%)
     adding: test_nmproject/Models/m1_coretest/1/NM_run1/psn.cor (deflated 82%)
     adding: test_nmproject/Models/m1_coretest/1/NM_run1/psn.cov (deflated 82%)
     adding: test_nmproject/Models/m1_coretest/1/NM_run1/psn.cpu (deflated 15%)
     adding: test_nmproject/Models/m1_coretest/1/NM_run1/psn.ext (deflated 81%)
     adding: test_nmproject/Models/m1_coretest/1/NM_run1/psn.lst (deflated 82%)
     adding: test_nmproject/Models/m1_coretest/1/NM_run1/psn.mod (deflated 55%)
     adding: test_nmproject/Models/m1_coretest/1/NM_run1/psn.phi (deflated 65%)
     adding: test_nmproject/Models/m1_coretest/1/NM_run1/psn.shk (deflated 73%)
     adding: test_nmproject/Models/m1_coretest/1/NM_run1/psn.shm (deflated 90%)
     adding: test_nmproject/Models/m1_coretest/2/ (stored 0%)
     adding: test_nmproject/Models/m1_coretest/2/meta.yaml (deflated 53%)
     adding: test_nmproject/Models/m1_coretest/2/NM_run1/ (stored 0%)
     adding: test_nmproject/Models/m1_coretest/2/NM_run1/fort.4 (stored 0%)
     adding: test_nmproject/Models/m1_coretest/2/NM_run1/mpiloc (deflated 10%)
     adding: test_nmproject/Models/m1_coretest/2/NM_run1/nmmpi.sh (deflated 26%)
     adding: test_nmproject/Models/m1_coretest/2/NM_run1/nmpathlist.txt (deflated 12%)
     adding: test_nmproject/Models/m1_coretest/2/NM_run1/psn.clt (deflated 75%)
     adding: test_nmproject/Models/m1_coretest/2/NM_run1/psn.cnv (deflated 62%)
     adding: test_nmproject/Models/m1_coretest/2/NM_run1/psn.coi (deflated 82%)
     adding: test_nmproject/Models/m1_coretest/2/NM_run1/psn.cor (deflated 82%)
     adding: test_nmproject/Models/m1_coretest/2/NM_run1/psn.cov (deflated 82%)
     adding: test_nmproject/Models/m1_coretest/2/NM_run1/psn.cpu (deflated 15%)
     adding: test_nmproject/Models/m1_coretest/2/NM_run1/psn.ext (deflated 81%)
     adding: test_nmproject/Models/m1_coretest/2/NM_run1/psn.lst (deflated 82%)
     adding: test_nmproject/Models/m1_coretest/2/NM_run1/psn.mod (deflated 55%)
     adding: test_nmproject/Models/m1_coretest/2/NM_run1/psn.phi (deflated 66%)
     adding: test_nmproject/Models/m1_coretest/2/NM_run1/psn.shk (deflated 73%)
     adding: test_nmproject/Models/m1_coretest/2/NM_run1/psn.shm (deflated 90%)
     adding: test_nmproject/Models/m1_coretest/3/ (stored 0%)
     adding: test_nmproject/Models/m1_coretest/3/meta.yaml (deflated 53%)
     adding: test_nmproject/Models/m1_coretest/3/NM_run1/ (stored 0%)
     adding: test_nmproject/Models/m1_coretest/3/NM_run1/fort.4 (stored 0%)
     adding: test_nmproject/Models/m1_coretest/3/NM_run1/mpiloc (deflated 10%)
     adding: test_nmproject/Models/m1_coretest/3/NM_run1/nmmpi.sh (deflated 47%)
     adding: test_nmproject/Models/m1_coretest/3/NM_run1/nmpathlist.txt (deflated 12%)
     adding: test_nmproject/Models/m1_coretest/3/NM_run1/psn.clt (deflated 75%)
     adding: test_nmproject/Models/m1_coretest/3/NM_run1/psn.cnv (deflated 62%)
     adding: test_nmproject/Models/m1_coretest/3/NM_run1/psn.coi (deflated 82%)
     adding: test_nmproject/Models/m1_coretest/3/NM_run1/psn.cor (deflated 82%)
     adding: test_nmproject/Models/m1_coretest/3/NM_run1/psn.cov (deflated 82%)
     adding: test_nmproject/Models/m1_coretest/3/NM_run1/psn.cpu (deflated 15%)
     adding: test_nmproject/Models/m1_coretest/3/NM_run1/psn.ext (deflated 81%)
     adding: test_nmproject/Models/m1_coretest/3/NM_run1/psn.lst (deflated 82%)
     adding: test_nmproject/Models/m1_coretest/3/NM_run1/psn.mod (deflated 55%)
     adding: test_nmproject/Models/m1_coretest/3/NM_run1/psn.phi (deflated 66%)
     adding: test_nmproject/Models/m1_coretest/3/NM_run1/psn.shk (deflated 73%)
     adding: test_nmproject/Models/m1_coretest/3/NM_run1/psn.shm (deflated 90%)
     adding: test_nmproject/Models/m1_coretest/run1.coi (deflated 82%)
     adding: test_nmproject/Models/m1_coretest/run1.cor (deflated 82%)
     adding: test_nmproject/Models/m1_coretest/run1.cov (deflated 82%)
     adding: test_nmproject/Models/m1_coretest/run1.ext (deflated 81%)
     adding: test_nmproject/Models/m1_coretest/run1.lst (deflated 82%)
     adding: test_nmproject/Models/m1_coretest/run1.mod (deflated 53%)
     adding: test_nmproject/Models/m1_coretest/run1.phi (deflated 65%)
     adding: test_nmproject/Models/m1_coretest/run2.coi (deflated 82%)
     adding: test_nmproject/Models/m1_coretest/run2.cor (deflated 82%)
     adding: test_nmproject/Models/m1_coretest/run2.cov (deflated 82%)
     adding: test_nmproject/Models/m1_coretest/run2.ext (deflated 81%)
     adding: test_nmproject/Models/m1_coretest/run2.lst (deflated 82%)
     adding: test_nmproject/Models/m1_coretest/run2.mod (deflated 53%)
     adding: test_nmproject/Models/m1_coretest/run2.phi (deflated 66%)
     adding: test_nmproject/Models/m1_coretest/run3.coi (deflated 82%)
     adding: test_nmproject/Models/m1_coretest/run3.cor (deflated 82%)
     adding: test_nmproject/Models/m1_coretest/run3.cov (deflated 82%)
     adding: test_nmproject/Models/m1_coretest/run3.ext (deflated 81%)
     adding: test_nmproject/Models/m1_coretest/run3.lst (deflated 82%)
     adding: test_nmproject/Models/m1_coretest/run3.mod (deflated 53%)
     adding: test_nmproject/Models/m1_coretest/run3.phi (deflated 66%)
     adding: test_nmproject/Models/m1_simest/ (stored 0%)
     adding: test_nmproject/Models/m1_simest/1/ (stored 0%)
     adding: test_nmproject/Models/m1_simest/1/meta.yaml (deflated 52%)
     adding: test_nmproject/Models/m1_simest/1/NMout.RDS (stored 0%)
     adding: test_nmproject/Models/m1_simest/1/NM_run1/ (stored 0%)
     adding: test_nmproject/Models/m1_simest/1/NM_run1/psn.cpu (deflated 15%)
     adding: test_nmproject/Models/m1_simest/1/NM_run1/psn.ext (stored 0%)
     adding: test_nmproject/Models/m1_simest/1/NM_run1/psn.lst (deflated 63%)
     adding: test_nmproject/Models/m1_simest/1/NM_run1/psn.mod (deflated 54%)
     adding: test_nmproject/Models/m1_simest/1/simdata.csv (deflated 61%)
     adding: test_nmproject/Models/m1_simest/1/simdata.RDS (stored 0%)
     adding: test_nmproject/Models/m1_simest/2/ (stored 0%)
     adding: test_nmproject/Models/m1_simest/2/meta.yaml (deflated 52%)
     adding: test_nmproject/Models/m1_simest/2/NMout.RDS (stored 0%)
     adding: test_nmproject/Models/m1_simest/2/NM_run1/ (stored 0%)
     adding: test_nmproject/Models/m1_simest/2/NM_run1/psn.cpu (deflated 15%)
     adding: test_nmproject/Models/m1_simest/2/NM_run1/psn.ext (stored 0%)
     adding: test_nmproject/Models/m1_simest/2/NM_run1/psn.lst (deflated 63%)
     adding: test_nmproject/Models/m1_simest/2/NM_run1/psn.mod (deflated 54%)
     adding: test_nmproject/Models/m1_simest/2/simdata.csv (deflated 60%)
     adding: test_nmproject/Models/m1_simest/2/simdata.RDS (stored 0%)
     adding: test_nmproject/Models/m1_simest/3/ (stored 0%)
     adding: test_nmproject/Models/m1_simest/3/meta.yaml (deflated 52%)
     adding: test_nmproject/Models/m1_simest/3/NMout.RDS (stored 0%)
     adding: test_nmproject/Models/m1_simest/3/NM_run1/ (stored 0%)
     adding: test_nmproject/Models/m1_simest/3/NM_run1/psn.cpu (deflated 15%)
     adding: test_nmproject/Models/m1_simest/3/NM_run1/psn.ext (stored 0%)
     adding: test_nmproject/Models/m1_simest/3/NM_run1/psn.lst (deflated 63%)
     adding: test_nmproject/Models/m1_simest/3/NM_run1/psn.mod (deflated 54%)
     adding: test_nmproject/Models/m1_simest/3/simdata.csv (deflated 61%)
     adding: test_nmproject/Models/m1_simest/3/simdata.RDS (stored 0%)
     adding: test_nmproject/Models/m1_simest/est/ (stored 0%)
     adding: test_nmproject/Models/m1_simest/est/1/ (stored 0%)
     adding: test_nmproject/Models/m1_simest/est/1/meta.yaml (deflated 53%)
     adding: test_nmproject/Models/m1_simest/est/1/NM_run1/ (stored 0%)
     adding: test_nmproject/Models/m1_simest/est/1/NM_run1/psn.clt (deflated 75%)
     adding: test_nmproject/Models/m1_simest/est/1/NM_run1/psn.cnv (deflated 62%)
     adding: test_nmproject/Models/m1_simest/est/1/NM_run1/psn.coi (deflated 82%)
     adding: test_nmproject/Models/m1_simest/est/1/NM_run1/psn.cor (deflated 82%)
     adding: test_nmproject/Models/m1_simest/est/1/NM_run1/psn.cov (deflated 82%)
     adding: test_nmproject/Models/m1_simest/est/1/NM_run1/psn.cpu (deflated 15%)
     adding: test_nmproject/Models/m1_simest/est/1/NM_run1/psn.ext (deflated 79%)
     adding: test_nmproject/Models/m1_simest/est/1/NM_run1/psn.lst (deflated 82%)
     adding: test_nmproject/Models/m1_simest/est/1/NM_run1/psn.mod (deflated 55%)
     adding: test_nmproject/Models/m1_simest/est/1/NM_run1/psn.phi (deflated 65%)
     adding: test_nmproject/Models/m1_simest/est/1/NM_run1/psn.shk (deflated 72%)
     adding: test_nmproject/Models/m1_simest/est/1/NM_run1/psn.shm (deflated 90%)
     adding: test_nmproject/Models/m1_simest/est/2/ (stored 0%)
     adding: test_nmproject/Models/m1_simest/est/2/meta.yaml (deflated 53%)
     adding: test_nmproject/Models/m1_simest/est/2/NM_run1/ (stored 0%)
     adding: test_nmproject/Models/m1_simest/est/2/NM_run1/psn.clt (deflated 75%)
     adding: test_nmproject/Models/m1_simest/est/2/NM_run1/psn.cnv (deflated 63%)
     adding: test_nmproject/Models/m1_simest/est/2/NM_run1/psn.coi (deflated 82%)
     adding: test_nmproject/Models/m1_simest/est/2/NM_run1/psn.cor (deflated 82%)
     adding: test_nmproject/Models/m1_simest/est/2/NM_run1/psn.cov (deflated 82%)
     adding: test_nmproject/Models/m1_simest/est/2/NM_run1/psn.cpu (deflated 15%)
     adding: test_nmproject/Models/m1_simest/est/2/NM_run1/psn.ext (deflated 81%)
     adding: test_nmproject/Models/m1_simest/est/2/NM_run1/psn.lst (deflated 82%)
     adding: test_nmproject/Models/m1_simest/est/2/NM_run1/psn.mod (deflated 55%)
     adding: test_nmproject/Models/m1_simest/est/2/NM_run1/psn.phi (deflated 66%)
     adding: test_nmproject/Models/m1_simest/est/2/NM_run1/psn.shk (deflated 72%)
     adding: test_nmproject/Models/m1_simest/est/2/NM_run1/psn.shm (deflated 90%)
     adding: test_nmproject/Models/m1_simest/est/3/ (stored 0%)
     adding: test_nmproject/Models/m1_simest/est/3/meta.yaml (deflated 53%)
     adding: test_nmproject/Models/m1_simest/est/3/NM_run1/ (stored 0%)
     adding: test_nmproject/Models/m1_simest/est/3/NM_run1/psn.clt (deflated 74%)
     adding: test_nmproject/Models/m1_simest/est/3/NM_run1/psn.cnv (deflated 62%)
     adding: test_nmproject/Models/m1_simest/est/3/NM_run1/psn.coi (deflated 82%)
     adding: test_nmproject/Models/m1_simest/est/3/NM_run1/psn.cor (deflated 82%)
     adding: test_nmproject/Models/m1_simest/est/3/NM_run1/psn.cov (deflated 82%)
     adding: test_nmproject/Models/m1_simest/est/3/NM_run1/psn.cpu (deflated 15%)
     adding: test_nmproject/Models/m1_simest/est/3/NM_run1/psn.ext (deflated 81%)
     adding: test_nmproject/Models/m1_simest/est/3/NM_run1/psn.lst (deflated 82%)
     adding: test_nmproject/Models/m1_simest/est/3/NM_run1/psn.mod (deflated 55%)
     adding: test_nmproject/Models/m1_simest/est/3/NM_run1/psn.phi (deflated 66%)
     adding: test_nmproject/Models/m1_simest/est/3/NM_run1/psn.shk (deflated 72%)
     adding: test_nmproject/Models/m1_simest/est/3/NM_run1/psn.shm (deflated 90%)
     adding: test_nmproject/Models/m1_simest/est/run1.coi (deflated 82%)
     adding: test_nmproject/Models/m1_simest/est/run1.cor (deflated 82%)
     adding: test_nmproject/Models/m1_simest/est/run1.cov (deflated 82%)
     adding: test_nmproject/Models/m1_simest/est/run1.ext (deflated 79%)
     adding: test_nmproject/Models/m1_simest/est/run1.lst (deflated 82%)
     adding: test_nmproject/Models/m1_simest/est/run1.mod (deflated 53%)
     adding: test_nmproject/Models/m1_simest/est/run1.phi (deflated 65%)
     adding: test_nmproject/Models/m1_simest/est/run2.coi (deflated 82%)
     adding: test_nmproject/Models/m1_simest/est/run2.cor (deflated 82%)
     adding: test_nmproject/Models/m1_simest/est/run2.cov (deflated 82%)
     adding: test_nmproject/Models/m1_simest/est/run2.ext (deflated 81%)
     adding: test_nmproject/Models/m1_simest/est/run2.lst (deflated 82%)
     adding: test_nmproject/Models/m1_simest/est/run2.mod (deflated 53%)
     adding: test_nmproject/Models/m1_simest/est/run2.phi (deflated 66%)
     adding: test_nmproject/Models/m1_simest/est/run3.coi (deflated 82%)
     adding: test_nmproject/Models/m1_simest/est/run3.cor (deflated 82%)
     adding: test_nmproject/Models/m1_simest/est/run3.cov (deflated 82%)
     adding: test_nmproject/Models/m1_simest/est/run3.ext (deflated 81%)
     adding: test_nmproject/Models/m1_simest/est/run3.lst (deflated 82%)
     adding: test_nmproject/Models/m1_simest/est/run3.mod (deflated 53%)
     adding: test_nmproject/Models/m1_simest/est/run3.phi (deflated 66%)
     adding: test_nmproject/Models/m1_simest/run1.ext (stored 0%)
     adding: test_nmproject/Models/m1_simest/run1.lst (deflated 63%)
     adding: test_nmproject/Models/m1_simest/run1.mod (deflated 53%)
     adding: test_nmproject/Models/m1_simest/run2.ext (stored 0%)
     adding: test_nmproject/Models/m1_simest/run2.lst (deflated 63%)
     adding: test_nmproject/Models/m1_simest/run2.mod (deflated 53%)
     adding: test_nmproject/Models/m1_simest/run3.ext (stored 0%)
     adding: test_nmproject/Models/m1_simest/run3.lst (deflated 63%)
     adding: test_nmproject/Models/m1_simest/run3.mod (deflated 53%)
     adding: test_nmproject/Models/m2/ (stored 0%)
     adding: test_nmproject/Models/m2/meta.yaml (deflated 53%)
     adding: test_nmproject/Models/m2/NM_run1/ (stored 0%)
     adding: test_nmproject/Models/m2/NM_run1/psn.clt (deflated 75%)
     adding: test_nmproject/Models/m2/NM_run1/psn.cnv (deflated 62%)
     adding: test_nmproject/Models/m2/NM_run1/psn.coi (deflated 82%)
     adding: test_nmproject/Models/m2/NM_run1/psn.cor (deflated 82%)
     adding: test_nmproject/Models/m2/NM_run1/psn.cov (deflated 82%)
     adding: test_nmproject/Models/m2/NM_run1/psn.cpu (deflated 15%)
     adding: test_nmproject/Models/m2/NM_run1/psn.ext (deflated 81%)
     adding: test_nmproject/Models/m2/NM_run1/psn.lst (deflated 82%)
     adding: test_nmproject/Models/m2/NM_run1/psn.mod (deflated 54%)
     adding: test_nmproject/Models/m2/NM_run1/psn.phi (deflated 66%)
     adding: test_nmproject/Models/m2/NM_run1/psn.shk (deflated 73%)
     adding: test_nmproject/Models/m2/NM_run1/psn.shm (deflated 90%)
     adding: test_nmproject/Models/m2WT/ (stored 0%)
     adding: test_nmproject/Models/m2WT/meta.yaml (deflated 53%)
     adding: test_nmproject/Models/m2WT/NM_run1/ (stored 0%)
     adding: test_nmproject/Models/m2WT/NM_run1/psn.clt (deflated 75%)
     adding: test_nmproject/Models/m2WT/NM_run1/psn.cnv (deflated 62%)
     adding: test_nmproject/Models/m2WT/NM_run1/psn.coi (deflated 82%)
     adding: test_nmproject/Models/m2WT/NM_run1/psn.cor (deflated 82%)
     adding: test_nmproject/Models/m2WT/NM_run1/psn.cov (deflated 82%)
     adding: test_nmproject/Models/m2WT/NM_run1/psn.cpu (deflated 15%)
     adding: test_nmproject/Models/m2WT/NM_run1/psn.ext (deflated 81%)
     adding: test_nmproject/Models/m2WT/NM_run1/psn.lst (deflated 82%)
     adding: test_nmproject/Models/m2WT/NM_run1/psn.mod (deflated 55%)
     adding: test_nmproject/Models/m2WT/NM_run1/psn.phi (deflated 66%)
     adding: test_nmproject/Models/m2WT/NM_run1/psn.shk (deflated 73%)
     adding: test_nmproject/Models/m2WT/NM_run1/psn.shm (deflated 90%)
     adding: test_nmproject/Models/patabm1 (deflated 83%)
     adding: test_nmproject/Models/patches/ (stored 0%)
     adding: test_nmproject/Models/patches/patch-tarjinde-2021-08-15-16-55-38 (deflated 54%)
     adding: test_nmproject/Models/Readme.txt (stored 0%)
     adding: test_nmproject/Models/runa12t1.coi (deflated 92%)
     adding: test_nmproject/Models/runa12t1.cor (deflated 92%)
     adding: test_nmproject/Models/runa12t1.cov (deflated 92%)
     adding: test_nmproject/Models/runa12t1.ext (deflated 92%)
     adding: test_nmproject/Models/runa12t1.lst (deflated 85%)
     adding: test_nmproject/Models/runa12t1.mod (deflated 57%)
     adding: test_nmproject/Models/runa12t1.phi (deflated 80%)
     adding: test_nmproject/Models/runa12t4.coi (deflated 92%)
     adding: test_nmproject/Models/runa12t4.cor (deflated 92%)
     adding: test_nmproject/Models/runa12t4.cov (deflated 92%)
     adding: test_nmproject/Models/runa12t4.ext (deflated 92%)
     adding: test_nmproject/Models/runa12t4.lst (deflated 85%)
     adding: test_nmproject/Models/runa12t4.mod (deflated 56%)
     adding: test_nmproject/Models/runa12t4.phi (deflated 80%)
     adding: test_nmproject/Models/runa2t1.coi (deflated 82%)
     adding: test_nmproject/Models/runa2t1.cor (deflated 82%)
     adding: test_nmproject/Models/runa2t1.cov (deflated 82%)
     adding: test_nmproject/Models/runa2t1.ext (deflated 81%)
     adding: test_nmproject/Models/runa2t1.lst (deflated 82%)
     adding: test_nmproject/Models/runa2t1.mod (deflated 53%)
     adding: test_nmproject/Models/runa2t1.phi (deflated 65%)
     adding: test_nmproject/Models/runa2t2.coi (deflated 82%)
     adding: test_nmproject/Models/runa2t2.cor (deflated 82%)
     adding: test_nmproject/Models/runa2t2.cov (deflated 82%)
     adding: test_nmproject/Models/runa2t2.ext (deflated 81%)
     adding: test_nmproject/Models/runa2t2.lst (deflated 82%)
     adding: test_nmproject/Models/runa2t2.mod (deflated 53%)
     adding: test_nmproject/Models/runa2t2.phi (deflated 66%)
     adding: test_nmproject/Models/runa4t1.coi (deflated 89%)
     adding: test_nmproject/Models/runa4t1.cor (deflated 89%)
     adding: test_nmproject/Models/runa4t1.cov (deflated 89%)
     adding: test_nmproject/Models/runa4t1.ext (deflated 82%)
     adding: test_nmproject/Models/runa4t1.lst (deflated 83%)
     adding: test_nmproject/Models/runa4t1.mod (deflated 55%)
     adding: test_nmproject/Models/runa4t1.phi (deflated 65%)
     adding: test_nmproject/Models/runa4t3.coi (deflated 87%)
     adding: test_nmproject/Models/runa4t3.cor (deflated 87%)
     adding: test_nmproject/Models/runa4t3.cov (deflated 87%)
     adding: test_nmproject/Models/runa4t3.ext (deflated 89%)
     adding: test_nmproject/Models/runa4t3.lst (deflated 81%)
     adding: test_nmproject/Models/runa4t3.mod (deflated 54%)
     adding: test_nmproject/Models/runa4t3.phi (deflated 79%)
     adding: test_nmproject/Models/runa4t4.coi (deflated 89%)
     adding: test_nmproject/Models/runa4t4.cor (deflated 89%)
     adding: test_nmproject/Models/runa4t4.cov (deflated 89%)
     adding: test_nmproject/Models/runa4t4.ext (deflated 83%)
     adding: test_nmproject/Models/runa4t4.lst (deflated 82%)
     adding: test_nmproject/Models/runa4t4.mod (deflated 54%)
     adding: test_nmproject/Models/runa4t4.phi (deflated 65%)
     adding: test_nmproject/Models/runc1.coi (deflated 82%)
     adding: test_nmproject/Models/runc1.cor (deflated 82%)
     adding: test_nmproject/Models/runc1.cov (deflated 82%)
     adding: test_nmproject/Models/runc1.ext (deflated 81%)
     adding: test_nmproject/Models/runc1.lst (deflated 82%)
     adding: test_nmproject/Models/runc1.mod (deflated 53%)
     adding: test_nmproject/Models/runc1.phi (deflated 65%)
     adding: test_nmproject/Models/runm1.coi (deflated 82%)
     adding: test_nmproject/Models/runm1.cor (deflated 82%)
     adding: test_nmproject/Models/runm1.cov (deflated 82%)
     adding: test_nmproject/Models/runm1.ext (deflated 81%)
     adding: test_nmproject/Models/runm1.lst (deflated 82%)
     adding: test_nmproject/Models/runm1.mod (deflated 53%)
     adding: test_nmproject/Models/runm1.phi (deflated 65%)
     adding: test_nmproject/Models/runm1s.ext (stored 0%)
     adding: test_nmproject/Models/runm1s.lst (deflated 71%)
     adding: test_nmproject/Models/runm1s.mod (deflated 53%)
     adding: test_nmproject/Models/runm2.coi (deflated 82%)
     adding: test_nmproject/Models/runm2.cor (deflated 82%)
     adding: test_nmproject/Models/runm2.cov (deflated 82%)
     adding: test_nmproject/Models/runm2.ext (deflated 81%)
     adding: test_nmproject/Models/runm2.lst (deflated 82%)
     adding: test_nmproject/Models/runm2.mod (deflated 53%)
     adding: test_nmproject/Models/runm2.phi (deflated 66%)
     adding: test_nmproject/Models/runm2WT.coi (deflated 82%)
     adding: test_nmproject/Models/runm2WT.cor (deflated 82%)
     adding: test_nmproject/Models/runm2WT.cov (deflated 82%)
     adding: test_nmproject/Models/runm2WT.ext (deflated 81%)
     adding: test_nmproject/Models/runm2WT.lst (deflated 82%)
     adding: test_nmproject/Models/runm2WT.mod (deflated 53%)
     adding: test_nmproject/Models/runm2WT.phi (deflated 66%)
     adding: test_nmproject/Models/sdtabm1 (deflated 74%)
     adding: test_nmproject/Models/temp/ (stored 0%)
     adding: test_nmproject/Models/temp/runm1.mod (deflated 54%)
     adding: test_nmproject/Models/temp/runm1s.mod (deflated 54%)
     adding: test_nmproject/NAMESPACE (stored 0%)
     adding: test_nmproject/R/ (stored 0%)
     adding: test_nmproject/R/AUC.R (deflated 58%)
     adding: test_nmproject/README.md (deflated 48%)
     adding: test_nmproject/README.Rmd (deflated 47%)
     adding: test_nmproject/Results/ (stored 0%)
     adding: test_nmproject/Results/basic_gof.m1.nb.html (deflated 58%)
     adding: test_nmproject/Results/basic_ppc.m1s.nb.html (deflated 63%)
     adding: test_nmproject/Results/basic_vpc.m1s.nb.html (deflated 63%)
     adding: test_nmproject/Results/Readme.txt (deflated 4%)
     adding: test_nmproject/Scripts/ (stored 0%)
     adding: test_nmproject/Scripts/basic_boot.Rmd (deflated 53%)
     adding: test_nmproject/Scripts/basic_gof.Rmd (deflated 55%)
     adding: test_nmproject/Scripts/basic_ppc.Rmd (deflated 65%)
     adding: test_nmproject/Scripts/basic_vpc.Rmd (deflated 58%)
     adding: test_nmproject/Scripts/Readme.txt (stored 0%)
     adding: test_nmproject/Scripts/s01_make_data.html (deflated 68%)
     adding: test_nmproject/Scripts/s01_make_data.Rmd (deflated 49%)
     adding: test_nmproject/Scripts/s02_model_log.Rmd (deflated 56%)
     adding: test_nmproject/Scripts/s03_cov_demo_prep.Rmd (deflated 61%)
     adding: test_nmproject/Scripts/s04_covariate_modelling.Rmd (deflated 65%)
     adding: test_nmproject/Scripts/s05_advanced_usage.Rmd (deflated 60%)
     adding: test_nmproject/SourceData/ (stored 0%)
     adding: test_nmproject/SourceData/Readme.txt (stored 0%)
     adding: test_nmproject/SourceData/THEOPP.csv (deflated 64%)
     adding: test_nmproject/staging/ (stored 0%)
     adding: test_nmproject/staging/DerivedData/ (stored 0%)
     adding: test_nmproject/staging/DerivedData/Readme.txt (stored 0%)
     adding: test_nmproject/staging/Models/ (stored 0%)
     adding: test_nmproject/staging/Models/ADVAN2.mod (deflated 54%)
     adding: test_nmproject/staging/Models/patches/ (stored 0%)
     adding: test_nmproject/staging/Models/patches/patch-tarjinde-2021-04-20-13-50-09 (deflated 52%)
     adding: test_nmproject/staging/Models/patches/patch-tarjinde-2021-04-20-13-50-09.tmp (deflated 52%)
     adding: test_nmproject/staging/Models/patches/patch-tarjinde-2021-06-04-17-07-24 (deflated 53%)
     adding: test_nmproject/staging/Models/patches/patch-tarjinde-2021-06-04-17-07-24.tmp (deflated 53%)
     adding: test_nmproject/staging/Models/Readme.txt (stored 0%)
     adding: test_nmproject/staging/R/ (stored 0%)
     adding: test_nmproject/staging/R/AUC.R (deflated 58%)
     adding: test_nmproject/staging/Results/ (stored 0%)
     adding: test_nmproject/staging/Results/Readme.txt (deflated 4%)
     adding: test_nmproject/staging/Scripts/ (stored 0%)
     adding: test_nmproject/staging/Scripts/Readme.txt (stored 0%)
     adding: test_nmproject/staging/SourceData/ (stored 0%)
     adding: test_nmproject/staging/SourceData/Readme.txt (stored 0%)
     adding: test_nmproject/test_nmproject.Rproj (deflated 26%)
     ══ Failed tests ════════════════════════════════════════════════════════════════
     ── Error (test-manual_edit.R:41:3): manual_edit ────────────────────────────────
     Error in `(function (m, patch_id, return_merge_conf_ctl = FALSE)
     {
     patch_id <- gsub("patch-", "", patch_id)
     patch_name <- paste0("patch-", patch_id)
     patch_path <- file.path(nm_dir("models"), "patches", patch_name)
     patch_file_exists <- file.exists(patch_path)
     if (!patch_file_exists)
     stop("patch file doesn't exist")
     patch_contents <- readLines(patch_path)
     temp_ctl_path <- patch_contents[grepl("^---", patch_contents)]
     temp_ctl_path <- gsub("\\S+\\s.{2}(.*)", "\\1", temp_ctl_path)
     mnew <- m %>% simple_field(ctl_path = temp_ctl_path, ctl_name = basename(temp_ctl_path))
     mnew %>% text() %>% writeLines(temp_ctl_path)
     on.exit(unlink(temp_ctl_path))
     patch_cmd <- paste("git apply -C1", patch_path)
     suppressWarnings(res <- system_cmd(patch_cmd, intern = TRUE))
     if (isTRUE(attributes(res)$status > 0)) {
     patch_cmd <- paste("git apply --whitespace=fix -C1",
     patch_path)
     suppressWarnings(res <- system_cmd(patch_cmd, intern = TRUE))
     if (isTRUE(attributes(res)$status > 0)) {
     if (!git_cmd_available)
     stop("need git available from system() for this to work")
     git_log <- git2r::commits()
     if (length(git_log) == 0) {
     usethis::ui_stop("apply_manual_edit() hit an unresolvable merge conflict, \n this is normally due to the control file having changed significantly\n since the manual edit was performed. Right clicking the patch text and \n selecting Addins -> View patch will show the edits the patch is attempting \n to apply. This can be used to create a new patch.")
     }
     orig_commit <- git_log[[1]]
     find_commit <- paste("pre-manual edit: ", patch_id)
     found_commits <- git_log[sapply(git_log, function(commit) commit$message) %in%
     find_commit]
     commit_found <- length(found_commits) == 1
     if (commit_found) {
     check_git_uservalues()
     system("git reset", intern = TRUE)
     git2r::add(path = temp_ctl_path)
     on.exit(system(paste("git reset", orig_commit$sha),
     intern = TRUE), add = TRUE)
     commit_diff <- git2r::diff(git2r::repository(),
     index = TRUE, as_char = TRUE)
     commit_diff <- strsplit(commit_diff, "\n")[[1]]
     empty_commit_coming <- length(commit_diff) ==
     0
     if (empty_commit_coming) {
     usethis::ui_stop("apply_manual_edit() hit an unresolvable merge conflict, \n this is normally due to the control file having changed significantly\n since the manual edit was performed. Right clicking the patch text and \n selecting Addins -> View patch will show the edits the patch is attempting \n to apply. This can be used to create a new patch.")
     }
     commit_msg <- paste("temp commit: ", ctl_path(m))
     git2r::commit(message = commit_msg)
     patch_cmd <- paste("git am -C1 --3way <", patch_path)
     res <- suppressWarnings(system_cmd(patch_cmd,
     intern = TRUE))
     if (any(grepl("git config", res))) {
     usethis::ui_stop("Need to set project level user.name and user.email:\n {usethis::ui_code(\"usethis::use_git_config(scope = 'project', user.name = 'Jane', user.email = 'jane@example.com')\")}\n retry when finished")
     }
     if (isTRUE(attributes(res)$status > 0)) {
     git2r::add(path = temp_ctl_path)
     added_stuff <- git2r::diff(git2r::repository(),
     index = TRUE, as_char = TRUE)
     conflict_present <- FALSE
     if (length(added_stuff) == 1) {
     conflict_present <- any(grepl("\\+<<<<<<<",
     added_stuff))
     }
     if (conflict_present) {
     warn_msg <- paste0("manual edit merge conflict detected:\n\n",
     "-------------------------------------------\n",
     added_stuff, "-------------------------------------------\n")
     if (return_merge_conf_ctl)
     return(readLines(temp_ctl_path))
     usethis::ui_info(warn_msg)
     usethis::ui_stop("You can resolve this conflict by selecting the code\n and ensuring the apply_manual_edit() is the last pipe highlighted\n and then selecting Addins -> Resolve manual edit conflict")
     }
     patch_cmd <- paste("git am --whitespace=fix -C1 --3way <",
     patch_path)
     res <- system_cmd(patch_cmd, intern = TRUE)
     if (isTRUE(attributes(res)$status > 0)) {
     git2r::add(path = temp_ctl_path)
     added_stuff <- git2r::diff(git2r::repository(),
     index = TRUE, as_char = TRUE)
     conflict_present <- FALSE
     if (length(added_stuff) == 1) {
     conflict_present <- any(grepl("\\+<<<<<<< ours",
     added_stuff))
     }
     if (conflict_present) {
     warn_msg <- paste0("manual edit merge conflict detected:\n\n",
     "-------------------------------------------\n",
     added_stuff, "-------------------------------------------\n")
     if (return_merge_conf_ctl)
     return(readLines(temp_ctl_path))
     usethis::ui_info(warn_msg)
     usethis::ui_stop("You can resolve this conflict by highlighting the code\n in your script up to this apply_manual_edit() statement and selecting:\n Addins -> Resolve manual edit conflict")
     }
     }
     }
     }
     else {
     usethis::ui_stop("apply_manual_edit() hit an unresolvable merge conflict, \n this is normally due to the control file having changed significantly\n since the manual edit was performed. Right clicking the patch text and \n selecting Addins -> View patch will show the edits the patch is attempting \n to apply. This can be used to create a new patch.")
     }
     }
     }
     out_file <- readLines(temp_ctl_path)
     m <- m %>% ctl_contents_simple(out_file)
     invisible(m)
     })(m = dots[[1L]][[1L]], patch_id = dots[[2L]][[1L]])`: need git available from system() for this to work
     Backtrace:
     █
     1. ├─m1 %>% child("m1s_temp") %>% update_parameters(m1) %>% apply_manual_edit("tarjinde-2021-08-15-16-55-38") test-manual_edit.R:41:2
     2. ├─NMproject::apply_manual_edit(., "tarjinde-2021-08-15-16-55-38")
     3. └─NMproject:::apply_manual_edit.nm_list(., "tarjinde-2021-08-15-16-55-38")
     4. ├─base::do.call(...)
     5. └─base::mapply(...)
     6. └─(function (m, patch_id, return_merge_conf_ctl = FALSE) ...
     ── Error (test-theopp.R:36:3): run and post ────────────────────────────────────
     Error in `(function (m, patch_id, return_merge_conf_ctl = FALSE)
     {
     patch_id <- gsub("patch-", "", patch_id)
     patch_name <- paste0("patch-", patch_id)
     patch_path <- file.path(nm_dir("models"), "patches", patch_name)
     patch_file_exists <- file.exists(patch_path)
     if (!patch_file_exists)
     stop("patch file doesn't exist")
     patch_contents <- readLines(patch_path)
     temp_ctl_path <- patch_contents[grepl("^---", patch_contents)]
     temp_ctl_path <- gsub("\\S+\\s.{2}(.*)", "\\1", temp_ctl_path)
     mnew <- m %>% simple_field(ctl_path = temp_ctl_path, ctl_name = basename(temp_ctl_path))
     mnew %>% text() %>% writeLines(temp_ctl_path)
     on.exit(unlink(temp_ctl_path))
     patch_cmd <- paste("git apply -C1", patch_path)
     suppressWarnings(res <- system_cmd(patch_cmd, intern = TRUE))
     if (isTRUE(attributes(res)$status > 0)) {
     patch_cmd <- paste("git apply --whitespace=fix -C1",
     patch_path)
     suppressWarnings(res <- system_cmd(patch_cmd, intern = TRUE))
     if (isTRUE(attributes(res)$status > 0)) {
     if (!git_cmd_available)
     stop("need git available from system() for this to work")
     git_log <- git2r::commits()
     if (length(git_log) == 0) {
     usethis::ui_stop("apply_manual_edit() hit an unresolvable merge conflict, \n this is normally due to the control file having changed significantly\n since the manual edit was performed. Right clicking the patch text and \n selecting Addins -> View patch will show the edits the patch is attempting \n to apply. This can be used to create a new patch.")
     }
     orig_commit <- git_log[[1]]
     find_commit <- paste("pre-manual edit: ", patch_id)
     found_commits <- git_log[sapply(git_log, function(commit) commit$message) %in%
     find_commit]
     commit_found <- length(found_commits) == 1
     if (commit_found) {
     check_git_uservalues()
     system("git reset", intern = TRUE)
     git2r::add(path = temp_ctl_path)
     on.exit(system(paste("git reset", orig_commit$sha),
     intern = TRUE), add = TRUE)
     commit_diff <- git2r::diff(git2r::repository(),
     index = TRUE, as_char = TRUE)
     commit_diff <- strsplit(commit_diff, "\n")[[1]]
     empty_commit_coming <- length(commit_diff) ==
     0
     if (empty_commit_coming) {
     usethis::ui_stop("apply_manual_edit() hit an unresolvable merge conflict, \n this is normally due to the control file having changed significantly\n since the manual edit was performed. Right clicking the patch text and \n selecting Addins -> View patch will show the edits the patch is attempting \n to apply. This can be used to create a new patch.")
     }
     commit_msg <- paste("temp commit: ", ctl_path(m))
     git2r::commit(message = commit_msg)
     patch_cmd <- paste("git am -C1 --3way <", patch_path)
     res <- suppressWarnings(system_cmd(patch_cmd,
     intern = TRUE))
     if (any(grepl("git config", res))) {
     usethis::ui_stop("Need to set project level user.name and user.email:\n {usethis::ui_code(\"usethis::use_git_config(scope = 'project', user.name = 'Jane', user.email = 'jane@example.com')\")}\n retry when finished")
     }
     if (isTRUE(attributes(res)$status > 0)) {
     git2r::add(path = temp_ctl_path)
     added_stuff <- git2r::diff(git2r::repository(),
     index = TRUE, as_char = TRUE)
     conflict_present <- FALSE
     if (length(added_stuff) == 1) {
     conflict_present <- any(grepl("\\+<<<<<<<",
     added_stuff))
     }
     if (conflict_present) {
     warn_msg <- paste0("manual edit merge conflict detected:\n\n",
     "-------------------------------------------\n",
     added_stuff, "-------------------------------------------\n")
     if (return_merge_conf_ctl)
     return(readLines(temp_ctl_path))
     usethis::ui_info(warn_msg)
     usethis::ui_stop("You can resolve this conflict by selecting the code\n and ensuring the apply_manual_edit() is the last pipe highlighted\n and then selecting Addins -> Resolve manual edit conflict")
     }
     patch_cmd <- paste("git am --whitespace=fix -C1 --3way <",
     patch_path)
     res <- system_cmd(patch_cmd, intern = TRUE)
     if (isTRUE(attributes(res)$status > 0)) {
     git2r::add(path = temp_ctl_path)
     added_stuff <- git2r::diff(git2r::repository(),
     index = TRUE, as_char = TRUE)
     conflict_present <- FALSE
     if (length(added_stuff) == 1) {
     conflict_present <- any(grepl("\\+<<<<<<< ours",
     added_stuff))
     }
     if (conflict_present) {
     warn_msg <- paste0("manual edit merge conflict detected:\n\n",
     "-------------------------------------------\n",
     added_stuff, "-------------------------------------------\n")
     if (return_merge_conf_ctl)
     return(readLines(temp_ctl_path))
     usethis::ui_info(warn_msg)
     usethis::ui_stop("You can resolve this conflict by highlighting the code\n in your script up to this apply_manual_edit() statement and selecting:\n Addins -> Resolve manual edit conflict")
     }
     }
     }
     }
     else {
     usethis::ui_stop("apply_manual_edit() hit an unresolvable merge conflict, \n this is normally due to the control file having changed significantly\n since the manual edit was performed. Right clicking the patch text and \n selecting Addins -> View patch will show the edits the patch is attempting \n to apply. This can be used to create a new patch.")
     }
     }
     }
     out_file <- readLines(temp_ctl_path)
     m <- m %>% ctl_contents_simple(out_file)
     invisible(m)
     })(m = dots[[1L]][[1L]], patch_id = dots[[2L]][[1L]])`: need git available from system() for this to work
     Backtrace:
     █
     1. └─base::tryCatch(...) test-theopp.R:36:2
     2. └─base:::tryCatchList(expr, classes, parentenv, handlers)
     3. └─base:::tryCatchOne(expr, names, parentenv, handlers[[1L]])
     4. └─value[[3L]](cond)
    
     [ FAIL 2 | WARN 0 | SKIP 0 | PASS 23 ]
     Error: Test failures
     Execution halted
Flavor: r-devel-windows-x86_64-new-TK