CRAN Package Check Results for Package NIMAA

Last updated on 2021-12-03 23:50:05 CET.

Flavor Version Tinstall Tcheck Ttotal Status Flags
r-devel-linux-x86_64-debian-clang 0.1.0 22.40 293.00 315.40 OK
r-devel-linux-x86_64-debian-gcc 0.1.0 18.29 222.34 240.63 OK
r-devel-linux-x86_64-fedora-clang 0.1.0 395.84 NOTE
r-devel-linux-x86_64-fedora-gcc 0.1.0 378.41 NOTE
r-devel-windows-x86_64-new-UL 0.1.0 41.00 355.00 396.00 OK
r-devel-windows-x86_64-new-TK 0.1.0 NOTE
r-devel-windows-x86_64-old 0.1.0 34.00 274.00 308.00 OK
r-patched-linux-x86_64 0.1.0 27.23 282.43 309.66 OK
r-release-linux-x86_64 0.1.0 19.45 279.70 299.15 OK
r-release-macos-arm64 0.1.0 NOTE
r-release-macos-x86_64 0.1.0 NOTE
r-release-windows-ix86+x86_64 0.1.0 53.00 352.00 405.00 OK
r-oldrel-macos-x86_64 0.1.0 NOTE
r-oldrel-windows-ix86+x86_64 0.1.0 53.00 352.00 405.00 OK

Check Details

Version: 0.1.0
Check: data for non-ASCII characters
Result: NOTE
     Note: found 24 marked UTF-8 strings
Flavors: r-devel-linux-x86_64-fedora-clang, r-devel-linux-x86_64-fedora-gcc, r-devel-windows-x86_64-new-TK, r-release-macos-arm64, r-release-macos-x86_64, r-oldrel-macos-x86_64