CRAN Package Check Results for Package NHSRdatasets

Last updated on 2024-06-13 00:55:24 CEST.

Flavor Version Tinstall Tcheck Ttotal Status Flags
r-devel-linux-x86_64-debian-clang 0.3.0 2.01 92.69 94.70 OK
r-devel-linux-x86_64-debian-gcc 0.3.0 0.38 1.83 2.21 ERROR
r-devel-linux-x86_64-fedora-clang 0.3.0 115.50 NOTE
r-devel-linux-x86_64-fedora-gcc 0.3.0 125.03 NOTE
r-devel-windows-x86_64 0.3.0 3.00 90.00 93.00 OK
r-patched-linux-x86_64 0.3.0 2.32 89.83 92.15 OK
r-release-linux-x86_64 0.3.0 2.28 87.39 89.67 OK
r-release-macos-arm64 0.3.0 43.00 OK
r-release-macos-x86_64 0.3.0 66.00 OK
r-release-windows-x86_64 0.3.0 3.00 91.00 94.00 OK
r-oldrel-macos-arm64 0.3.0 48.00 OK
r-oldrel-macos-x86_64 0.3.0 69.00 OK
r-oldrel-windows-x86_64 0.3.0 3.00 100.00 103.00 OK

Check Details

Version: 0.3.0
Check: package dependencies
Result: ERROR Package required but not available: ‘tibble’ Packages suggested but not available for checking: 'dplyr', 'caret', 'readr', 'rsample', 'ggplot2', 'lme4', 'ggrepel', 'lubridate', 'tidyr', 'forcats', 'janitor', 'synthpop' See section ‘The DESCRIPTION file’ in the ‘Writing R Extensions’ manual. Flavor: r-devel-linux-x86_64-debian-gcc

Version: 0.3.0
Check: dependencies in R code
Result: NOTE Namespace in Imports field not imported from: ‘tibble’ All declared Imports should be used. Flavors: r-devel-linux-x86_64-fedora-clang, r-devel-linux-x86_64-fedora-gcc