CRAN Package Check Results for Package NHSDataDictionaRy

Last updated on 2023-05-29 00:59:39 CEST.

Flavor Version Tinstall Tcheck Ttotal Status Flags
r-devel-linux-x86_64-debian-clang 1.2.5 5.84 52.61 58.45 OK
r-devel-linux-x86_64-debian-gcc 1.2.5 4.21 40.56 44.77 OK
r-devel-linux-x86_64-fedora-clang 1.2.5 73.58 NOTE
r-devel-linux-x86_64-fedora-gcc 1.2.5 86.63 NOTE
r-devel-windows-x86_64 1.2.5 6.00 64.00 70.00 OK
r-patched-linux-x86_64 1.2.5 5.63 50.52 56.15 OK
r-release-linux-x86_64 1.2.5 3.40 50.85 54.25 OK
r-release-macos-arm64 1.2.5 58.00 OK
r-release-macos-x86_64 1.2.5 81.00 OK
r-release-windows-x86_64 1.2.5 9.00 77.00 86.00 OK
r-oldrel-macos-arm64 1.2.5 55.00 NOTE
r-oldrel-macos-x86_64 1.2.5 72.00 NOTE
r-oldrel-windows-x86_64 1.2.5 7.00 73.00 80.00 OK

Check Details

Version: 1.2.5
Check: dependencies in R code
Result: NOTE
    Namespace in Imports field not imported from: ‘tibble’
     All declared Imports should be used.
Flavors: r-devel-linux-x86_64-fedora-clang, r-devel-linux-x86_64-fedora-gcc, r-oldrel-macos-arm64, r-oldrel-macos-x86_64