CRAN Package Check Results for Package NHPoisson

Last updated on 2021-09-19 23:50:21 CEST.

Flavor Version Tinstall Tcheck Ttotal Status Flags
r-devel-linux-x86_64-debian-clang 3.3 6.74 70.54 77.28 OK
r-devel-linux-x86_64-debian-gcc 3.3 6.30 51.15 57.45 OK
r-devel-linux-x86_64-fedora-clang 3.3 100.49 OK
r-devel-linux-x86_64-fedora-gcc 3.3 87.99 OK
r-devel-windows-x86_64 3.3 12.00 75.00 87.00 OK
r-devel-windows-x86_64-gcc10-UCRT 3.3 ERROR
r-patched-linux-x86_64 3.3 7.87 64.78 72.65 OK
r-patched-solaris-x86 3.3 145.80 OK
r-release-linux-x86_64 3.3 6.82 64.78 71.60 OK
r-release-macos-arm64 3.3 OK
r-release-macos-x86_64 3.3 OK
r-release-windows-ix86+x86_64 3.3 17.00 100.00 117.00 OK
r-oldrel-macos-x86_64 3.3 OK
r-oldrel-windows-ix86+x86_64 3.3 18.00 79.00 97.00 OK

Check Details

Version: 3.3
Check: whether package can be installed
Result: WARN
    Found the following significant warnings:
     WARNING: installation-time patches will not be applied, could not get the patches index
Flavor: r-devel-windows-x86_64-gcc10-UCRT

Version: 3.3
Check: PDF version of manual
Result: WARN
    LaTeX errors when creating PDF version.
    This typically indicates Rd problems.
Flavor: r-devel-windows-x86_64-gcc10-UCRT

Version: 3.3
Check: PDF version of manual without hyperrefs or index
Result: ERROR
    Re-running with no redirection of stdout/stderr.
Flavor: r-devel-windows-x86_64-gcc10-UCRT