CRAN Package Check Results for Package NFWdist

Last updated on 2021-12-01 23:51:44 CET.

Flavor Version Tinstall Tcheck Ttotal Status Flags
r-devel-linux-x86_64-debian-clang 0.1.0 1.67 25.79 27.46 NOTE
r-devel-linux-x86_64-debian-gcc 0.1.0 1.68 20.32 22.00 NOTE
r-devel-linux-x86_64-fedora-clang 0.1.0 47.27 NOTE
r-devel-linux-x86_64-fedora-gcc 0.1.0 35.75 NOTE
r-devel-windows-x86_64-new-UL 0.1.0 6.00 65.00 71.00 NOTE
r-devel-windows-x86_64-new-TK 0.1.0 NOTE
r-devel-windows-x86_64-old 0.1.0 4.00 33.00 37.00 NOTE
r-patched-linux-x86_64 0.1.0 1.99 22.10 24.09 NOTE
r-patched-solaris-x86 0.1.0 50.70 NOTE
r-release-linux-x86_64 0.1.0 1.81 21.96 23.77 NOTE
r-release-macos-arm64 0.1.0 NOTE
r-release-macos-x86_64 0.1.0 NOTE
r-release-windows-ix86+x86_64 0.1.0 5.00 39.00 44.00 NOTE
r-oldrel-macos-x86_64 0.1.0 OK
r-oldrel-windows-ix86+x86_64 0.1.0 5.00 40.00 45.00 OK

Check Details

Version: 0.1.0
Check: LazyData
Result: NOTE
     'LazyData' is specified without a 'data' directory
Flavors: r-devel-linux-x86_64-debian-clang, r-devel-linux-x86_64-debian-gcc, r-devel-linux-x86_64-fedora-clang, r-devel-linux-x86_64-fedora-gcc, r-devel-windows-x86_64-new-UL, r-devel-windows-x86_64-new-TK, r-devel-windows-x86_64-old, r-patched-linux-x86_64, r-patched-solaris-x86, r-release-linux-x86_64, r-release-macos-arm64, r-release-macos-x86_64, r-release-windows-ix86+x86_64