CRAN Package Check Results for Package NACHO

Last updated on 2021-10-23 23:50:19 CEST.

Flavor Version Tinstall Tcheck Ttotal Status Flags
r-devel-linux-x86_64-debian-clang 1.1.0 9.69 220.89 230.58 OK
r-devel-linux-x86_64-debian-gcc 1.1.0 7.15 160.40 167.55 OK
r-devel-linux-x86_64-fedora-clang 1.1.0 270.81 OK
r-devel-linux-x86_64-fedora-gcc 1.1.0 262.68 OK
r-devel-windows-x86_64 1.1.0 16.00 262.00 278.00 OK
r-devel-windows-x86_64-gcc10-UCRT 1.1.0 OK
r-patched-linux-x86_64 1.1.0 7.58 210.46 218.04 OK
r-patched-solaris-x86 1.1.0 212.90 OK
r-release-linux-x86_64 1.1.0 6.79 207.64 214.43 OK
r-release-macos-arm64 1.1.0 NOTE
r-release-macos-x86_64 1.1.0 OK
r-release-windows-ix86+x86_64 1.1.0 16.00 265.00 281.00 OK
r-oldrel-macos-x86_64 1.1.0 OK
r-oldrel-windows-ix86+x86_64 1.1.0 22.00 279.00 301.00 OK

Check Details

Version: 1.1.0
Check: package dependencies
Result: NOTE
    Package suggested but not available for checking: ‘GEOquery’
Flavor: r-release-macos-arm64