CRAN Package Check Results for Package MultivariateAnalysis

Last updated on 2024-06-13 00:55:23 CEST.

Flavor Version Tinstall Tcheck Ttotal Status Flags
r-devel-linux-x86_64-debian-clang 0.5.0 15.45 242.85 258.30 OK
r-devel-linux-x86_64-debian-gcc 0.5.0 0.56 1.93 2.49 ERROR
r-devel-linux-x86_64-fedora-clang 0.5.0 322.97 OK
r-devel-linux-x86_64-fedora-gcc 0.5.0 315.10 OK
r-devel-windows-x86_64 0.5.0 14.00 181.00 195.00 OK
r-patched-linux-x86_64 0.5.0 19.19 235.82 255.01 OK
r-release-linux-x86_64 0.5.0 14.48 233.45 247.93 OK
r-release-macos-arm64 0.5.0 78.00 OK
r-release-macos-x86_64 0.5.0 131.00 OK
r-release-windows-x86_64 0.5.0 14.00 183.00 197.00 OK
r-oldrel-macos-arm64 0.5.0 89.00 OK
r-oldrel-macos-x86_64 0.5.0 149.00 OK
r-oldrel-windows-x86_64 0.5.0 19.00 221.00 240.00 OK

Check Details

Version: 0.5.0
Check: package dependencies
Result: ERROR Packages required but not available: 'factoextra', 'candisc', 'ggdendro', 'plotly', 'ecodist', 'ggplot2' See section ‘The DESCRIPTION file’ in the ‘Writing R Extensions’ manual. Flavor: r-devel-linux-x86_64-debian-gcc