CRAN Package Check Results for Package MuChPoint

Last updated on 2023-02-06 23:55:51 CET.

Flavor Version Tinstall Tcheck Ttotal Status Flags
r-devel-linux-x86_64-debian-clang 0.6.3 21.94 36.62 58.56 OK
r-devel-linux-x86_64-debian-gcc 0.6.3 15.72 28.20 43.92 OK
r-devel-linux-x86_64-fedora-clang 0.6.3 79.68 NOTE
r-devel-linux-x86_64-fedora-gcc 0.6.3 72.09 NOTE
r-devel-windows-x86_64 0.6.3 36.00 87.00 123.00 OK
r-patched-linux-x86_64 0.6.3 20.08 36.91 56.99 OK
r-release-linux-x86_64 0.6.3 14.83 37.21 52.04 OK
r-release-macos-arm64 0.6.3 25.00 NOTE
r-release-macos-x86_64 0.6.3 44.00 NOTE
r-release-windows-x86_64 0.6.3 34.00 92.00 126.00 OK
r-oldrel-macos-arm64 0.6.3 26.00 NOTE
r-oldrel-macos-x86_64 0.6.3 38.00 NOTE
r-oldrel-windows-ix86+x86_64 0.6.3 49.00 102.00 151.00 OK

Check Details

Version: 0.6.3
Check: dependencies in R code
Result: NOTE
    Namespaces in Imports field not imported from:
     ‘Matrix’ ‘capushe’ ‘shiny’
     All declared Imports should be used.
Flavors: r-devel-linux-x86_64-fedora-clang, r-devel-linux-x86_64-fedora-gcc, r-release-macos-arm64, r-release-macos-x86_64, r-oldrel-macos-arm64, r-oldrel-macos-x86_64