CRAN Package Check Results for Package MortalityTables

Last updated on 2021-10-15 23:50:35 CEST.

Flavor Version Tinstall Tcheck Ttotal Status Flags
r-devel-linux-x86_64-debian-clang 2.0.3 10.28 135.64 145.92 OK
r-devel-linux-x86_64-debian-gcc 2.0.3 8.53 99.64 108.17 OK
r-devel-linux-x86_64-fedora-clang 2.0.3 200.09 OK
r-devel-linux-x86_64-fedora-gcc 2.0.3 200.08 OK
r-devel-windows-x86_64 2.0.3 19.00 140.00 159.00 OK
r-devel-windows-x86_64-gcc10-UCRT 2.0.3 OK
r-patched-linux-x86_64 2.0.3 9.92 108.17 118.09 OK
r-patched-solaris-x86 2.0.3 192.10 OK
r-release-linux-x86_64 2.0.3 8.64 108.36 117.00 OK
r-release-macos-arm64 2.0.3 OK
r-release-macos-x86_64 2.0.3 WARN
r-release-windows-ix86+x86_64 2.0.3 23.00 147.00 170.00 OK
r-oldrel-macos-x86_64 2.0.3 WARN
r-oldrel-windows-ix86+x86_64 2.0.3 23.00 149.00 172.00 OK

Check Details

Version: 2.0.3
Check: re-building of vignette outputs
Result: WARN
    Error(s) in re-building vignettes:
     ...
    --- re-building ‘international-mortality-tables-overview.Rmd’ using rmarkdown
    Warning in engine$weave(file, quiet = quiet, encoding = enc) :
     Pandoc (>= 1.12.3) not available. Falling back to R Markdown v1.
    Quitting from lines 235-237 (international-mortality-tables-overview.Rmd)
    Error: processing vignette 'international-mortality-tables-overview.Rmd' failed with diagnostics:
    could not find function "whittaker"
    --- failed re-building ‘international-mortality-tables-overview.Rmd’
    
    --- re-building ‘using-the-mortalityTables-package.Rmd’ using rmarkdown
    Warning in engine$weave(file, quiet = quiet, encoding = enc) :
     Pandoc (>= 1.12.3) not available. Falling back to R Markdown v1.
    Loading required package: ggplot2
    --- finished re-building ‘using-the-mortalityTables-package.Rmd’
    
    SUMMARY: processing the following file failed:
     ‘international-mortality-tables-overview.Rmd’
    
    Error: Vignette re-building failed.
    Execution halted
Flavors: r-release-macos-x86_64, r-oldrel-macos-x86_64