CRAN Package Check Results for Package Morpho

Last updated on 2021-09-26 23:49:43 CEST.

Flavor Version Tinstall Tcheck Ttotal Status Flags
r-devel-linux-x86_64-debian-clang 2.9 282.57 187.89 470.46 OK
r-devel-linux-x86_64-debian-gcc 2.9 186.79 143.15 329.94 OK
r-devel-linux-x86_64-fedora-clang 2.9 638.58 NOTE
r-devel-linux-x86_64-fedora-gcc 2.9 577.82 OK
r-devel-windows-x86_64 2.9 239.00 180.00 419.00 NOTE
r-devel-windows-x86_64-gcc10-UCRT 2.9 OK
r-patched-linux-x86_64 2.9 224.11 181.49 405.60 OK
r-patched-solaris-x86 2.9 535.60 OK
r-release-linux-x86_64 2.9 215.32 181.31 396.63 OK
r-release-macos-arm64 2.9 NOTE
r-release-macos-x86_64 2.9 NOTE
r-release-windows-ix86+x86_64 2.9 630.00 356.00 986.00 NOTE
r-oldrel-macos-x86_64 2.9 NOTE
r-oldrel-windows-ix86+x86_64 2.9 462.00 281.00 743.00 NOTE

Check Details

Version: 2.9
Check: installed package size
Result: NOTE
     installed size is 11.5Mb
     sub-directories of 1Mb or more:
     data 2.0Mb
     libs 7.8Mb
Flavors: r-devel-linux-x86_64-fedora-clang, r-devel-windows-x86_64, r-release-macos-arm64, r-release-macos-x86_64, r-release-windows-ix86+x86_64, r-oldrel-macos-x86_64, r-oldrel-windows-ix86+x86_64