CRAN Package Check Results for Package MoBPS

Last updated on 2024-07-14 00:55:28 CEST.

Flavor Version Tinstall Tcheck Ttotal Status Flags
r-devel-linux-x86_64-debian-clang 1.6.64 63.38 175.20 238.58 NOTE
r-devel-linux-x86_64-debian-gcc 1.6.64 50.71 122.46 173.17 NOTE
r-devel-linux-x86_64-fedora-clang 1.6.64 297.84 NOTE
r-devel-linux-x86_64-fedora-gcc 1.6.64 299.46 NOTE
r-devel-windows-x86_64 1.6.64 44.00 134.00 178.00 NOTE
r-patched-linux-x86_64 1.6.64 53.64 135.22 188.86 NOTE
r-release-linux-x86_64 1.6.64 51.41 161.43 212.84 NOTE
r-release-macos-arm64 1.6.64 63.00 NOTE
r-release-macos-x86_64 1.6.64 123.00 NOTE
r-release-windows-x86_64 1.6.64 46.00 150.00 196.00 NOTE
r-oldrel-macos-arm64 1.6.64 71.00 NOTE
r-oldrel-macos-x86_64 1.6.64 135.00 NOTE
r-oldrel-windows-x86_64 1.6.64 46.00 165.00 211.00 NOTE

Additional issues

noSuggests

Check Details

Version: 1.6.64
Check: package dependencies
Result: NOTE Package suggested but not available for checking: ‘alstructure’ Packages which this enhances but not available for checking: 'miraculix', 'RandomFieldsUtils', 'MoBPSmaps' Flavors: r-devel-linux-x86_64-debian-clang, r-devel-linux-x86_64-debian-gcc, r-devel-linux-x86_64-fedora-clang, r-devel-linux-x86_64-fedora-gcc, r-devel-windows-x86_64, r-patched-linux-x86_64, r-release-linux-x86_64, r-release-windows-x86_64, r-oldrel-windows-x86_64

Version: 1.6.64
Check: Rd files
Result: NOTE checkRd: (-1) creating.phenotypic.transform.Rd:20: Lost braces 20 | trafo <- function(x){ return(x^2)} | ^ Flavors: r-devel-linux-x86_64-debian-clang, r-devel-linux-x86_64-debian-gcc, r-devel-linux-x86_64-fedora-clang, r-devel-linux-x86_64-fedora-gcc, r-devel-windows-x86_64, r-patched-linux-x86_64, r-release-linux-x86_64, r-release-macos-arm64, r-release-macos-x86_64, r-release-windows-x86_64

Version: 1.6.64
Check: package dependencies
Result: NOTE Packages suggested but not available for checking: 'doMPI', 'optiSel', 'alstructure' Packages which this enhances but not available for checking: 'miraculix', 'RandomFieldsUtils', 'MoBPSmaps' Flavors: r-release-macos-arm64, r-release-macos-x86_64

Version: 1.6.64
Check: package dependencies
Result: NOTE Packages suggested but not available for checking: 'doMPI', 'alstructure' Packages which this enhances but not available for checking: 'miraculix', 'RandomFieldsUtils', 'MoBPSmaps' Flavors: r-oldrel-macos-arm64, r-oldrel-macos-x86_64