CRAN Package Check Results for Package MixMatrix

Last updated on 2024-06-14 00:53:49 CEST.

Flavor Version Tinstall Tcheck Ttotal Status Flags
r-devel-linux-x86_64-debian-clang 0.2.6 60.62 84.39 145.01 NOTE
r-devel-linux-x86_64-debian-gcc 0.2.6 47.62 49.68 97.30 ERROR
r-devel-linux-x86_64-fedora-clang 0.2.6 208.23 NOTE
r-devel-linux-x86_64-fedora-gcc 0.2.6 224.48 NOTE
r-devel-windows-x86_64 0.2.6 54.00 107.00 161.00 NOTE
r-patched-linux-x86_64 0.2.6 55.36 79.49 134.85 NOTE
r-release-linux-x86_64 0.2.6 61.33 76.61 137.94 NOTE
r-release-macos-arm64 0.2.6 55.00 NOTE
r-release-macos-x86_64 0.2.6 85.00 NOTE
r-release-windows-x86_64 0.2.6 51.00 116.00 167.00 NOTE
r-oldrel-macos-arm64 0.2.6 67.00 NOTE
r-oldrel-macos-x86_64 0.2.6 98.00 NOTE
r-oldrel-windows-x86_64 0.2.6 64.00 125.00 189.00 NOTE

Check Details

Version: 0.2.6
Check: C++ specification
Result: NOTE Specified C++11: please drop specification unless essential Flavors: r-devel-linux-x86_64-debian-clang, r-devel-linux-x86_64-debian-gcc, r-devel-linux-x86_64-fedora-clang, r-devel-linux-x86_64-fedora-gcc, r-devel-windows-x86_64, r-patched-linux-x86_64, r-release-linux-x86_64, r-release-macos-arm64, r-release-macos-x86_64, r-release-windows-x86_64, r-oldrel-macos-arm64, r-oldrel-macos-x86_64, r-oldrel-windows-x86_64

Version: 0.2.6
Check: package dependencies
Result: NOTE Packages suggested but not available for checking: 'testthat', 'ggplot2', 'dplyr' Flavor: r-devel-linux-x86_64-debian-gcc

Version: 0.2.6
Check: tests
Result: ERROR Running ‘testthat.R’ [0s/1s] Running the tests in ‘tests/testthat.R’ failed. Complete output: > library(testthat) Error in library(testthat) : there is no package called 'testthat' Execution halted Flavor: r-devel-linux-x86_64-debian-gcc

Version: 0.2.6
Check: re-building of vignette outputs
Result: ERROR Error(s) in re-building vignettes: ... --- re-building ‘discriminant-analysis.Rmd’ using rmarkdown --- finished re-building ‘discriminant-analysis.Rmd’ --- re-building ‘matrix-t-estimation.Rmd’ using rmarkdown Quitting from lines 271-317 [dftenexample] (matrix-t-estimation.Rmd) Error: processing vignette 'matrix-t-estimation.Rmd' failed with diagnostics: there is no package called 'ggplot2' --- failed re-building ‘matrix-t-estimation.Rmd’ --- re-building ‘matrixnormal.Rmd’ using rmarkdown --- finished re-building ‘matrixnormal.Rmd’ --- re-building ‘mixturemodel.Rmd’ using rmarkdown ** Processing: /home/hornik/tmp/R.check/r-devel-gcc/Work/PKGS/MixMatrix.Rcheck/vign_test/MixMatrix/vignettes/mixturemodel_files/figure-html/demo-1.png 288x288 pixels, 8 bits/pixel, 256 colors in palette Reducing image to 8 bits/pixel, grayscale Input IDAT size = 4451 bytes Input file size = 5309 bytes Trying: zc = 9 zm = 8 zs = 0 f = 0 IDAT size = 3880 zc = 9 zm = 8 zs = 1 f = 0 zc = 1 zm = 8 zs = 2 f = 0 zc = 9 zm = 8 zs = 3 f = 0 zc = 9 zm = 8 zs = 0 f = 5 zc = 9 zm = 8 zs = 1 f = 5 zc = 1 zm = 8 zs = 2 f = 5 zc = 9 zm = 8 zs = 3 f = 5 Selecting parameters: zc = 9 zm = 8 zs = 0 f = 0 IDAT size = 3880 Output IDAT size = 3880 bytes (571 bytes decrease) Output file size = 3958 bytes (1351 bytes = 25.45% decrease) --- finished re-building ‘mixturemodel.Rmd’ SUMMARY: processing the following file failed: ‘matrix-t-estimation.Rmd’ Error: Vignette re-building failed. Execution halted Flavor: r-devel-linux-x86_64-debian-gcc