CRAN Package Check Results for Package MetaUtility

Last updated on 2024-06-24 00:50:14 CEST.

Flavor Version Tinstall Tcheck Ttotal Status Flags
r-devel-linux-x86_64-debian-clang 2.1.2 13.94 113.79 127.73 OK
r-devel-linux-x86_64-debian-gcc 2.1.2 11.27 83.19 94.46 OK
r-devel-linux-x86_64-fedora-clang 2.1.2 160.94 NOTE
r-devel-linux-x86_64-fedora-gcc 2.1.2 152.36 NOTE
r-devel-windows-x86_64 2.1.2 13.00 99.00 112.00 OK
r-patched-linux-x86_64 2.1.2 15.03 111.68 126.71 OK
r-release-linux-x86_64 2.1.2 11.10 108.99 120.09 OK
r-release-macos-arm64 2.1.2 46.00 OK
r-release-macos-x86_64 2.1.2 67.00 OK
r-release-windows-x86_64 2.1.2 13.00 100.00 113.00 OK
r-oldrel-macos-arm64 2.1.2 47.00 OK
r-oldrel-macos-x86_64 2.1.2 76.00 OK
r-oldrel-windows-x86_64 2.1.2 17.00 123.00 140.00 OK

Check Details

Version: 2.1.2
Check: dependencies in R code
Result: NOTE Namespace in Imports field not imported from: ‘metadat’ All declared Imports should be used. Flavors: r-devel-linux-x86_64-fedora-clang, r-devel-linux-x86_64-fedora-gcc