CRAN Package Check Results for Package MetaIntegrator

Last updated on 2021-07-28 23:51:08 CEST.

Flavor Version Tinstall Tcheck Ttotal Status Flags
r-devel-linux-x86_64-debian-clang 2.1.3 OK
r-devel-linux-x86_64-debian-gcc 2.1.3 13.69 115.65 129.34 OK
r-devel-linux-x86_64-fedora-clang 2.1.3 216.52 NOTE
r-devel-linux-x86_64-fedora-gcc 2.1.3 198.58 NOTE
r-devel-windows-x86_64 2.1.3 34.00 213.00 247.00 OK
r-devel-windows-x86_64-gcc10-UCRT 2.1.3 NOTE
r-patched-linux-x86_64 2.1.3 15.27 148.51 163.78 OK
r-patched-solaris-x86 2.1.3 267.90 NOTE
r-release-linux-x86_64 2.1.3 13.56 149.21 162.77 OK
r-release-macos-arm64 2.1.3 ERROR
r-release-macos-x86_64 2.1.3 ERROR
r-release-windows-ix86+x86_64 2.1.3 32.00 212.00 244.00 OK
r-oldrel-macos-x86_64 2.1.3 ERROR
r-oldrel-windows-ix86+x86_64 2.1.3 32.00 192.00 224.00 OK

Check Details

Version: 2.1.3
Check: package dependencies
Result: NOTE
    Imports includes 35 non-default packages.
    Importing from so many packages makes the package vulnerable to any of
    them becoming unavailable. Move as many as possible to Suggests and
    use conditionally.
Flavor: r-devel-linux-x86_64-fedora-clang

Version: 2.1.3
Check: dependencies in R code
Result: NOTE
    Namespaces in Imports field not imported from:
     ‘BiocManager’ ‘DT’ ‘GEOmetadb’ ‘RMySQL’ ‘RSQLite’ ‘gplots’ ‘pheatmap’
     ‘readr’
     All declared Imports should be used.
Flavors: r-devel-linux-x86_64-fedora-clang, r-devel-linux-x86_64-fedora-gcc, r-devel-windows-x86_64-gcc10-UCRT, r-patched-solaris-x86

Version: 2.1.3
Check: package dependencies
Result: ERROR
    Packages required but not available: 'GEOquery', 'GEOmetadb'
    
    Packages suggested but not available for checking: 'BiocStyle', 'snplist'
    
    See section ‘The DESCRIPTION file’ in the ‘Writing R Extensions’
    manual.
Flavor: r-release-macos-arm64

Version: 2.1.3
Check: package dependencies
Result: ERROR
    Package required but not available: ‘GEOmetadb’
    
    See section ‘The DESCRIPTION file’ in the ‘Writing R Extensions’
    manual.
Flavors: r-release-macos-x86_64, r-oldrel-macos-x86_64