CRAN Package Check Results for Package MazamaLocationUtils

Last updated on 2022-01-23 23:50:21 CET.

Flavor Version Tinstall Tcheck Ttotal Status Flags
r-devel-linux-x86_64-debian-clang 0.3.1 9.22 94.76 103.98 OK
r-devel-linux-x86_64-debian-gcc 0.3.1 8.17 80.99 89.16 OK
r-devel-linux-x86_64-fedora-clang 0.3.1 127.74 OK
r-devel-linux-x86_64-fedora-gcc 0.3.1 111.71 OK
r-devel-windows-x86_64-new-UL 0.3.1 452.00 147.00 599.00 OK
r-devel-windows-x86_64-new-TK 0.3.1 OK
r-patched-linux-x86_64 0.3.1 7.71 88.91 96.62 OK
r-release-linux-x86_64 0.3.1 7.49 88.45 95.94 OK
r-release-macos-arm64 0.2.7 NOTE
r-release-macos-x86_64 0.3.1 OK
r-release-windows-ix86+x86_64 0.3.1 29.00 128.00 157.00 OK
r-oldrel-macos-x86_64 0.2.7 NOTE
r-oldrel-windows-ix86+x86_64 0.3.1 41.00 141.00 182.00 OK

Check Details

Version: 0.2.7
Check: dependencies in R code
Result: NOTE
    Namespace in Imports field not imported from: ‘digest’
     All declared Imports should be used.
Flavors: r-release-macos-arm64, r-oldrel-macos-x86_64