CRAN Package Check Results for Package MVNtestchar

Last updated on 2021-10-19 23:53:02 CEST.

Flavor Version Tinstall Tcheck Ttotal Status Flags
r-devel-linux-x86_64-debian-clang 1.1.3 2.64 35.68 38.32 OK
r-devel-linux-x86_64-debian-gcc 1.1.3 2.38 27.26 29.64 OK
r-devel-linux-x86_64-fedora-clang 1.1.3 57.30 NOTE
r-devel-linux-x86_64-fedora-gcc 1.1.3 45.74 NOTE
r-devel-windows-x86_64 1.1.3 6.00 59.00 65.00 OK
r-devel-windows-x86_64-gcc10-UCRT 1.1.3 NOTE
r-patched-linux-x86_64 1.1.3 3.08 30.69 33.77 OK
r-patched-solaris-x86 1.1.3 66.10 NOTE
r-release-linux-x86_64 1.1.3 2.77 31.07 33.84 OK
r-release-macos-arm64 1.1.3 NOTE
r-release-macos-x86_64 1.1.3 NOTE
r-release-windows-ix86+x86_64 1.1.3 11.00 51.00 62.00 OK
r-oldrel-macos-x86_64 1.1.3 NOTE
r-oldrel-windows-ix86+x86_64 1.1.3 8.00 49.00 57.00 OK

Check Details

Version: 1.1.3
Check: dependencies in R code
Result: NOTE
    Namespaces in Imports field not imported from:
     ‘ggplot2’ ‘grDevices’ ‘knitr’ ‘utils’
     All declared Imports should be used.
Flavors: r-devel-linux-x86_64-fedora-clang, r-devel-linux-x86_64-fedora-gcc, r-devel-windows-x86_64-gcc10-UCRT, r-patched-solaris-x86, r-release-macos-arm64, r-release-macos-x86_64, r-oldrel-macos-x86_64