CRAN Package Check Results for Package MTSYS

Last updated on 2022-01-17 23:51:30 CET.

Flavor Version Tinstall Tcheck Ttotal Status Flags
r-devel-linux-x86_64-debian-clang 1.2.0 2.55 36.67 39.22 NOTE
r-devel-linux-x86_64-debian-gcc 1.2.0 1.80 28.83 30.63 NOTE
r-devel-linux-x86_64-fedora-clang 1.2.0 48.47 NOTE
r-devel-linux-x86_64-fedora-gcc 1.2.0 41.45 NOTE
r-devel-windows-x86_64-new-UL 1.2.0 32.00 60.00 92.00 NOTE
r-devel-windows-x86_64-new-TK 1.2.0 NOTE
r-patched-linux-x86_64 1.2.0 2.49 35.94 38.43 NOTE
r-release-linux-x86_64 1.2.0 NOTE
r-release-macos-arm64 1.2.0 NOTE
r-release-macos-x86_64 1.2.0 NOTE
r-release-windows-ix86+x86_64 1.2.0 8.00 49.00 57.00 NOTE
r-oldrel-macos-x86_64 1.2.0 OK
r-oldrel-windows-ix86+x86_64 1.2.0 6.00 48.00 54.00 OK

Check Details

Version: 1.2.0
Check: LazyData
Result: NOTE
     'LazyData' is specified without a 'data' directory
Flavors: r-devel-linux-x86_64-debian-clang, r-devel-linux-x86_64-debian-gcc, r-devel-linux-x86_64-fedora-clang, r-devel-linux-x86_64-fedora-gcc, r-devel-windows-x86_64-new-UL, r-devel-windows-x86_64-new-TK, r-patched-linux-x86_64, r-release-linux-x86_64, r-release-macos-arm64, r-release-macos-x86_64, r-release-windows-ix86+x86_64