CRAN Package Check Results for Package MSCMT

Last updated on 2021-10-15 23:50:35 CEST.

Flavor Version Tinstall Tcheck Ttotal Status Flags
r-devel-linux-x86_64-debian-clang 1.3.4 17.22 173.91 191.13 NOTE
r-devel-linux-x86_64-debian-gcc 1.3.4 12.96 120.32 133.28 NOTE
r-devel-linux-x86_64-fedora-clang 1.3.4 242.02 NOTE
r-devel-linux-x86_64-fedora-gcc 1.3.4 224.68 NOTE
r-devel-windows-x86_64 1.3.4 25.00 285.00 310.00 NOTE
r-devel-windows-x86_64-gcc10-UCRT 1.3.4 NOTE
r-patched-linux-x86_64 1.3.4 15.30 170.04 185.34 NOTE
r-patched-solaris-x86 1.3.4 152.80 NOTE
r-release-linux-x86_64 1.3.4 15.04 168.48 183.52 NOTE
r-release-macos-arm64 1.3.4 NOTE
r-release-macos-x86_64 1.3.4 NOTE
r-release-windows-ix86+x86_64 1.3.4 40.00 373.00 413.00 NOTE
r-oldrel-macos-x86_64 1.3.4 OK
r-oldrel-windows-ix86+x86_64 1.3.4 39.00 376.00 415.00 OK

Check Details

Version: 1.3.4
Check: LazyData
Result: NOTE
     'LazyData' is specified without a 'data' directory
Flavors: r-devel-linux-x86_64-debian-clang, r-devel-linux-x86_64-debian-gcc, r-devel-linux-x86_64-fedora-clang, r-devel-linux-x86_64-fedora-gcc, r-devel-windows-x86_64, r-devel-windows-x86_64-gcc10-UCRT, r-patched-linux-x86_64, r-patched-solaris-x86, r-release-linux-x86_64, r-release-macos-arm64, r-release-macos-x86_64, r-release-windows-ix86+x86_64