CRAN Package Check Results for Package MRTSampleSizeBinary

Last updated on 2021-10-18 23:49:38 CEST.

Flavor Version Tinstall Tcheck Ttotal Status Flags
r-devel-linux-x86_64-debian-clang 0.1.0 9.77 94.76 104.53 OK
r-devel-linux-x86_64-debian-gcc 0.1.0 8.11 70.03 78.14 OK
r-devel-linux-x86_64-fedora-clang 0.1.0 134.61 NOTE
r-devel-linux-x86_64-fedora-gcc 0.1.0 121.58 NOTE
r-devel-windows-x86_64 0.1.0 14.00 118.00 132.00 OK
r-devel-windows-x86_64-gcc10-UCRT 0.1.0 NOTE
r-patched-linux-x86_64 0.1.0 9.76 87.22 96.98 OK
r-patched-solaris-x86 0.1.0 173.00 NOTE
r-release-linux-x86_64 0.1.0 9.33 86.99 96.32 OK
r-release-macos-arm64 0.1.0 NOTE
r-release-macos-x86_64 0.1.0 NOTE
r-release-windows-ix86+x86_64 0.1.0 14.00 114.00 128.00 OK
r-oldrel-macos-x86_64 0.1.0 NOTE
r-oldrel-windows-ix86+x86_64 0.1.0 25.00 115.00 140.00 OK

Check Details

Version: 0.1.0
Check: dependencies in R code
Result: NOTE
    Namespace in Imports field not imported from: ‘dplyr’
     All declared Imports should be used.
Flavors: r-devel-linux-x86_64-fedora-clang, r-devel-linux-x86_64-fedora-gcc, r-devel-windows-x86_64-gcc10-UCRT, r-patched-solaris-x86, r-release-macos-arm64, r-release-macos-x86_64, r-oldrel-macos-x86_64