CRAN Package Check Results for Package MRTAnalysis

Last updated on 2024-07-22 00:50:42 CEST.

Flavor Version Tinstall Tcheck Ttotal Status Flags
r-devel-linux-x86_64-debian-clang 0.1.2 7.70 123.93 131.63 NOTE
r-devel-linux-x86_64-debian-gcc 0.1.2 5.14 97.15 102.29 NOTE
r-devel-linux-x86_64-fedora-clang 0.1.2 166.65 NOTE
r-devel-linux-x86_64-fedora-gcc 0.1.2 184.15 NOTE
r-devel-windows-x86_64 0.1.2 7.00 109.00 116.00 NOTE
r-patched-linux-x86_64 0.1.2 4.76 126.55 131.31 NOTE
r-release-linux-x86_64 0.1.2 4.76 126.97 131.73 NOTE
r-release-macos-arm64 0.1.2 63.00 NOTE
r-release-macos-x86_64 0.1.2 85.00 NOTE
r-release-windows-x86_64 0.1.2 7.00 109.00 116.00 NOTE
r-oldrel-macos-arm64 0.1.2 55.00 OK
r-oldrel-macos-x86_64 0.1.2 116.00 OK
r-oldrel-windows-x86_64 0.1.2 9.00 130.00 139.00 OK

Check Details

Version: 0.1.2
Check: Rd files
Result: NOTE checkRd: (-1) data_binary.Rd:10: Lost braces; missing escapes or markup? 10 | log E(Y_{t+1} | A_t = 0, I_t = 1) = alpha_0 + alpha_1 * time / total_T | ^ Flavors: r-devel-linux-x86_64-debian-clang, r-devel-linux-x86_64-debian-gcc, r-devel-linux-x86_64-fedora-clang, r-devel-linux-x86_64-fedora-gcc, r-devel-windows-x86_64, r-patched-linux-x86_64, r-release-linux-x86_64, r-release-macos-arm64, r-release-macos-x86_64, r-release-windows-x86_64