CRAN Package Check Results for Package MRS

Last updated on 2024-06-13 00:55:23 CEST.

Flavor Version Tinstall Tcheck Ttotal Status Flags
r-devel-linux-x86_64-debian-clang 1.2.6 74.11 41.74 115.85 OK
r-devel-linux-x86_64-debian-gcc 1.2.6 0.35 1.53 1.88 ERROR
r-devel-linux-x86_64-fedora-clang 1.2.6 163.68 OK
r-devel-linux-x86_64-fedora-gcc 1.2.6 169.15 OK
r-devel-windows-x86_64 1.2.6 55.00 70.00 125.00 OK
r-patched-linux-x86_64 1.2.6 60.30 40.95 101.25 OK
r-release-linux-x86_64 1.2.6 64.08 41.49 105.57 OK
r-release-macos-arm64 1.2.6 37.00 OK
r-release-macos-x86_64 1.2.6 45.00 OK
r-release-windows-x86_64 1.2.6 56.00 77.00 133.00 OK
r-oldrel-macos-arm64 1.2.6 45.00 OK
r-oldrel-macos-x86_64 1.2.6 66.00 OK
r-oldrel-windows-x86_64 1.2.6 69.00 82.00 151.00 OK

Check Details

Version: 1.2.6
Check: package dependencies
Result: ERROR Package required but not available: ‘igraph’ See section ‘The DESCRIPTION file’ in the ‘Writing R Extensions’ manual. Flavor: r-devel-linux-x86_64-debian-gcc