CRAN Package Check Results for Package MPTinR

Last updated on 2021-12-07 23:54:36 CET.

Flavor Version Tinstall Tcheck Ttotal Status Flags
r-devel-linux-x86_64-debian-clang 1.14.1 53.99 188.82 242.81 OK
r-devel-linux-x86_64-debian-gcc 1.14.1 39.42 147.79 187.21 OK
r-devel-linux-x86_64-fedora-clang 1.14.1 318.33 NOTE
r-devel-linux-x86_64-fedora-gcc 1.14.1 295.29 OK
r-devel-windows-x86_64-new-UL 1.14.1 69.00 293.00 362.00 OK
r-devel-windows-x86_64-new-TK 1.14.1 OK
r-devel-windows-x86_64-old 1.14.1 70.00 252.00 322.00 OK
r-patched-linux-x86_64 1.14.1 53.36 181.35 234.71 OK
r-release-linux-x86_64 1.14.1 47.00 183.42 230.42 OK
r-release-macos-arm64 1.14.1 NOTE
r-release-macos-x86_64 1.14.1 NOTE
r-release-windows-ix86+x86_64 1.14.1 92.00 262.00 354.00 OK
r-oldrel-macos-x86_64 1.14.1 NOTE
r-oldrel-windows-ix86+x86_64 1.14.1 126.00 267.00 393.00 OK

Check Details

Version: 1.14.1
Check: installed package size
Result: NOTE
     installed size is 9.9Mb
     sub-directories of 1Mb or more:
     libs 8.6Mb
Flavors: r-devel-linux-x86_64-fedora-clang, r-release-macos-arm64, r-release-macos-x86_64, r-oldrel-macos-x86_64