CRAN Package Check Results for Package MMAC

Last updated on 2024-07-17 00:48:24 CEST.

Flavor Version Tinstall Tcheck Ttotal Status Flags
r-devel-linux-x86_64-debian-clang 0.1.2 2.53 27.90 30.43 NOTE
r-devel-linux-x86_64-debian-gcc 0.1.2 2.12 21.57 23.69 NOTE
r-devel-linux-x86_64-fedora-clang 0.1.2 38.64 NOTE
r-devel-linux-x86_64-fedora-gcc 0.1.2 36.42 NOTE
r-devel-windows-x86_64 0.1.2 5.00 53.00 58.00 NOTE
r-patched-linux-x86_64 0.1.2 3.39 26.68 30.07 NOTE
r-release-linux-x86_64 0.1.2 2.70 27.31 30.01 NOTE
r-release-macos-arm64 0.1.2 16.00 NOTE
r-release-macos-x86_64 0.1.2 27.00 NOTE
r-release-windows-x86_64 0.1.2 5.00 53.00 58.00 NOTE
r-oldrel-macos-arm64 0.1.2 18.00 OK
r-oldrel-macos-x86_64 0.1.2 23.00 OK
r-oldrel-windows-x86_64 0.1.2 4.00 57.00 61.00 OK

Check Details

Version: 0.1.2
Check: Rd files
Result: NOTE checkRd: (-1) AAPLStockMonthly.Rd:9: Lost braces in \itemize; meant \describe ? checkRd: (-1) AAPLStockMonthly.Rd:10: Lost braces in \itemize; meant \describe ? checkRd: (-1) APCalculus.Rd:9: Lost braces in \itemize; meant \describe ? checkRd: (-1) APCalculus.Rd:10: Lost braces in \itemize; meant \describe ? checkRd: (-1) APCalculus2.Rd:9: Lost braces in \itemize; meant \describe ? checkRd: (-1) APCalculus2.Rd:10: Lost braces in \itemize; meant \describe ? checkRd: (-1) BlastData.Rd:9: Lost braces in \itemize; meant \describe ? checkRd: (-1) BlastData.Rd:11: Lost braces in \itemize; meant \describe ? checkRd: (-1) BodyMassMetabolicRate.Rd:9: Lost braces in \itemize; meant \describe ? checkRd: (-1) BodyMassMetabolicRate.Rd:10: Lost braces in \itemize; meant \describe ? checkRd: (-1) DJIACloseQuarterly.Rd:9: Lost braces in \itemize; meant \describe ? checkRd: (-1) DJIACloseQuarterly.Rd:10: Lost braces in \itemize; meant \describe ? checkRd: (-1) EbolaSierraLeone.Rd:9: Lost braces in \itemize; meant \describe ? checkRd: (-1) EbolaSierraLeone.Rd:10: Lost braces in \itemize; meant \describe ? checkRd: (-1) ElectricBill.Rd:9: Lost braces in \itemize; meant \describe ? checkRd: (-1) ElectricBill.Rd:10: Lost braces in \itemize; meant \describe ? checkRd: (-1) ElectronicMailOrderSales.Rd:10: Lost braces in \itemize; meant \describe ? checkRd: (-1) EngineRPM.Rd:9: Lost braces in \itemize; meant \describe ? checkRd: (-1) FacebookUsers.Rd:9: Lost braces in \itemize; meant \describe ? checkRd: (-1) FacebookUsers.Rd:10: Lost braces in \itemize; meant \describe ? checkRd: (-1) FordMarketVolume1.Rd:9: Lost braces in \itemize; meant \describe ? checkRd: (-1) FordMarketVolume1.Rd:10: Lost braces in \itemize; meant \describe ? checkRd: (-1) FordMarketVolume2.Rd:9: Lost braces in \itemize; meant \describe ? checkRd: (-1) FordMarketVolume2.Rd:10: Lost braces in \itemize; meant \describe ? checkRd: (-1) GenderRatio1.Rd:10: Lost braces in \itemize; meant \describe ? checkRd: (-1) GenderRatio2.Rd:10: Lost braces in \itemize; meant \describe ? checkRd: (-1) HSDropoutRate.Rd:10: Lost braces in \itemize; meant \describe ? checkRd: (-1) HSGradsInCollege.Rd:10: Lost braces in \itemize; meant \describe ? checkRd: (-1) Hawaii.Rd:9: Lost braces in \itemize; meant \describe ? checkRd: (-1) Hawaii.Rd:10: Lost braces in \itemize; meant \describe ? checkRd: (-1) HealthExpenditure.Rd:10: Lost braces in \itemize; meant \describe ? checkRd: (-1) HispanicPopulation.Rd:10: Lost braces in \itemize; meant \describe ? checkRd: (-1) LifeExpectancyPhysicians.Rd:9: Lost braces in \itemize; meant \describe ? checkRd: (-1) LifeExpectancyPhysicians.Rd:10: Lost braces in \itemize; meant \describe ? checkRd: (-1) MaunaLoaCO2.Rd:10: Lost braces in \itemize; meant \describe ? checkRd: (-1) McDBurgers1.Rd:10: Lost braces in \itemize; meant \describe ? checkRd: (-1) McDBurgers2.Rd:10: Lost braces in \itemize; meant \describe ? checkRd: (-1) MonthlyUnemployment.Rd:9: Lost braces in \itemize; meant \describe ? checkRd: (-1) MonthlyUnemployment.Rd:10: Lost braces in \itemize; meant \describe ? checkRd: (-1) Mortgage15YrAnnual.Rd:10: Lost braces in \itemize; meant \describe ? checkRd: (-1) Mortgage30YrAnnual.Rd:10: Lost braces in \itemize; meant \describe ? checkRd: (-1) Mortgage30YrMonthly1.Rd:10: Lost braces in \itemize; meant \describe ? checkRd: (-1) Mortgage30YrMonthly2.Rd:10: Lost braces in \itemize; meant \describe ? checkRd: (-1) NASDAQQuarterly.Rd:9: Lost braces in \itemize; meant \describe ? checkRd: (-1) NASDAQQuarterly.Rd:10: Lost braces in \itemize; meant \describe ? checkRd: (-1) NaturalGasConsumption.Rd:10: Lost braces in \itemize; meant \describe ? checkRd: (-1) NaturalGasConsumption2.Rd:10: Lost braces in \itemize; meant \describe ? checkRd: (-1) NetherlandsPopulation.Rd:10: Lost braces in \itemize; meant \describe ? checkRd: (-1) OilProductionAnnual1.Rd:10: Lost braces in \itemize; meant \describe ? checkRd: (-1) OilProductionAnnual2.Rd:10: Lost braces in \itemize; meant \describe ? checkRd: (-1) PollenCountLA.Rd:9: Lost braces in \itemize; meant \describe ? checkRd: (-1) PollenCountLA.Rd:10: Lost braces in \itemize; meant \describe ? checkRd: (-1) PopulationBelgium.Rd:10: Lost braces in \itemize; meant \describe ? checkRd: (-1) RunningSpeed.Rd:9: Lost braces in \itemize; meant \describe ? checkRd: (-1) RunningSpeed.Rd:10: Lost braces in \itemize; meant \describe ? checkRd: (-1) SATMathKentucky.Rd:10: Lost braces in \itemize; meant \describe ? checkRd: (-1) StudentDebt1.Rd:10: Lost braces in \itemize; meant \describe ? checkRd: (-1) StudentDebt2.Rd:10: Lost braces in \itemize; meant \describe ? checkRd: (-1) SunPositionAlaska.Rd:9: Lost braces in \itemize; meant \describe ? checkRd: (-1) SunPositionAlaska.Rd:10: Lost braces in \itemize; meant \describe ? checkRd: (-1) SunriseLA.Rd:9: Lost braces in \itemize; meant \describe ? checkRd: (-1) SunriseLA.Rd:10: Lost braces in \itemize; meant \describe ? checkRd: (-1) SunsetGreenwich.Rd:9: Lost braces in \itemize; meant \describe ? checkRd: (-1) SunsetGreenwich.Rd:10: Lost braces in \itemize; meant \describe ? checkRd: (-1) SunsetLA.Rd:9: Lost braces in \itemize; meant \describe ? checkRd: (-1) SunsetLA.Rd:10: Lost braces in \itemize; meant \describe ? checkRd: (-1) SwimmingSpeed.Rd:9: Lost braces in \itemize; meant \describe ? checkRd: (-1) SwimmingSpeed.Rd:10: Lost braces in \itemize; meant \describe ? checkRd: (-1) TemperaturesDanville.Rd:9: Lost braces in \itemize; meant \describe ? checkRd: (-1) TemperaturesDanville.Rd:10: Lost braces in \itemize; meant \describe ? checkRd: (-1) ToyotaMonthly.Rd:9: Lost braces in \itemize; meant \describe ? checkRd: (-1) ToyotaMonthly.Rd:10: Lost braces in \itemize; meant \describe ? checkRd: (-1) TwitterUsers.Rd:9: Lost braces in \itemize; meant \describe ? checkRd: (-1) TwitterUsers.Rd:10: Lost braces in \itemize; meant \describe ? checkRd: (-1) TwitterUsers1.Rd:9: Lost braces in \itemize; meant \describe ? checkRd: (-1) TwitterUsers1.Rd:10: Lost braces in \itemize; meant \describe ? checkRd: (-1) TwitterUsers2.Rd:9: Lost braces in \itemize; meant \describe ? checkRd: (-1) TwitterUsers2.Rd:10: Lost braces in \itemize; meant \describe ? checkRd: (-1) TwitterUsers3.Rd:9: Lost braces in \itemize; meant \describe ? checkRd: (-1) TwitterUsers3.Rd:10: Lost braces in \itemize; meant \describe ? checkRd: (-1) USRetailTax.Rd:10: Lost braces in \itemize; meant \describe ? checkRd: (-1) USTotalPopulation.Rd:10: Lost braces in \itemize; meant \describe ? checkRd: (-1) USTotalPopulation.Rd:11: Lost braces in \itemize; meant \describe ? checkRd: (-1) WaterLevelsEastportMaine.Rd:9: Lost braces in \itemize; meant \describe ? checkRd: (-1) WaterLevelsEastportMaine.Rd:10: Lost braces in \itemize; meant \describe ? checkRd: (-1) WeightChange.Rd:9: Lost braces in \itemize; meant \describe ? checkRd: (-1) WeightChange.Rd:10: Lost braces in \itemize; meant \describe ? checkRd: (-1) WorldPopulation.Rd:10: Lost braces in \itemize; meant \describe ? checkRd: (-1) WorldPopulationChange.Rd:10: Lost braces in \itemize; meant \describe ? checkRd: (-1) YellowCards.Rd:10: Lost braces in \itemize; meant \describe ? Flavors: r-devel-linux-x86_64-debian-clang, r-devel-linux-x86_64-debian-gcc, r-devel-linux-x86_64-fedora-clang, r-devel-linux-x86_64-fedora-gcc, r-devel-windows-x86_64, r-patched-linux-x86_64, r-release-linux-x86_64, r-release-macos-arm64, r-release-macos-x86_64, r-release-windows-x86_64