Last updated on 2023-02-08 00:03:32 CET.
Flavor | Version | Tinstall | Tcheck | Ttotal | Status | Flags |
---|---|---|---|---|---|---|
r-devel-linux-x86_64-debian-clang | 3.0.2 | 85.23 | 110.40 | 195.63 | OK | |
r-devel-linux-x86_64-debian-gcc | 3.0.2 | 67.51 | 82.19 | 149.70 | OK | |
r-devel-linux-x86_64-fedora-clang | 3.0.2 | 236.14 | OK | |||
r-devel-linux-x86_64-fedora-gcc | 3.0.2 | 241.00 | OK | |||
r-devel-windows-x86_64 | 3.0.2 | 64.00 | 149.00 | 213.00 | OK | |
r-patched-linux-x86_64 | 3.0.2 | 67.31 | 109.13 | 176.44 | OK | |
r-release-linux-x86_64 | 3.0.2 | 68.05 | 109.62 | 177.67 | OK | |
r-release-macos-arm64 | 3.0.2 | 98.00 | NOTE | |||
r-release-macos-x86_64 | 3.0.2 | 90.00 | NOTE | |||
r-release-windows-x86_64 | 3.0.2 | 55.00 | 165.00 | 220.00 | OK | |
r-oldrel-macos-arm64 | 3.0.2 | 94.00 | NOTE | |||
r-oldrel-macos-x86_64 | 3.0.2 | 93.00 | NOTE | |||
r-oldrel-windows-ix86+x86_64 | 3.0.2 | 155.00 | 186.00 | 341.00 | OK |
Version: 3.0.2
Check: installed package size
Result: NOTE
installed size is 22.1Mb
sub-directories of 1Mb or more:
libs 21.4Mb
Flavors: r-release-macos-arm64, r-release-macos-x86_64, r-oldrel-macos-arm64, r-oldrel-macos-x86_64