Last updated on 2022-05-23 23:50:08 CEST.
Flavor | Version | Tinstall | Tcheck | Ttotal | Status | Flags |
---|---|---|---|---|---|---|
r-devel-linux-x86_64-debian-clang | 0.1.4 | 146.53 | 154.84 | 301.37 | OK | |
r-devel-linux-x86_64-debian-gcc | 0.1.4 | 104.54 | 116.43 | 220.97 | OK | |
r-devel-linux-x86_64-fedora-clang | 0.1.4 | 402.70 | NOTE | |||
r-devel-linux-x86_64-fedora-gcc | 0.1.4 | 348.20 | OK | |||
r-devel-windows-x86_64 | 0.1.4 | 80.00 | 195.00 | 275.00 | NOTE | |
r-patched-linux-x86_64 | 0.1.4 | 110.17 | 148.06 | 258.23 | OK | |
r-release-linux-x86_64 | 0.1.4 | OK | ||||
r-release-macos-arm64 | 0.1.4 | 122.00 | NOTE | |||
r-release-macos-x86_64 | 0.1.4 | 189.00 | NOTE | |||
r-release-windows-x86_64 | 0.1.4 | 78.00 | 201.00 | 279.00 | NOTE | |
r-oldrel-macos-arm64 | 0.1.4 | 95.00 | NOTE | |||
r-oldrel-macos-x86_64 | 0.1.4 | 123.00 | NOTE | |||
r-oldrel-windows-ix86+x86_64 | 0.1.4 | 253.00 | 218.00 | 471.00 | NOTE |
Version: 0.1.4
Check: installed package size
Result: NOTE
installed size is 17.9Mb
sub-directories of 1Mb or more:
libs 17.4Mb
Flavors: r-devel-linux-x86_64-fedora-clang, r-devel-windows-x86_64, r-release-macos-arm64, r-release-macos-x86_64, r-release-windows-x86_64, r-oldrel-macos-arm64, r-oldrel-macos-x86_64, r-oldrel-windows-ix86+x86_64