CRAN Package Check Results for Package MLZ

Last updated on 2021-11-28 23:50:32 CET.

Flavor Version Tinstall Tcheck Ttotal Status Flags
r-devel-linux-x86_64-debian-clang 0.1.3 OK
r-devel-linux-x86_64-debian-gcc 0.1.3 96.27 97.51 193.78 OK
r-devel-linux-x86_64-fedora-clang 0.1.3 398.82 NOTE
r-devel-linux-x86_64-fedora-gcc 0.1.3 318.30 OK
r-devel-windows-x86_64-new-UL 0.1.3 125.00 216.00 341.00 NOTE
r-devel-windows-x86_64-new-TK 0.1.3 OK
r-devel-windows-x86_64-old 0.1.3 89.00 154.00 243.00 NOTE
r-patched-linux-x86_64 0.1.3 100.64 120.21 220.85 OK
r-patched-solaris-x86 0.1.3 296.30 OK
r-release-linux-x86_64 0.1.3 95.22 123.33 218.55 OK
r-release-macos-arm64 0.1.3 NOTE
r-release-macos-x86_64 0.1.3 NOTE
r-release-windows-ix86+x86_64 0.1.3 252.00 211.00 463.00 NOTE
r-oldrel-macos-x86_64 0.1.3 NOTE
r-oldrel-windows-ix86+x86_64 0.1.3 220.00 207.00 427.00 NOTE

Check Details

Version: 0.1.3
Check: installed package size
Result: NOTE
     installed size is 22.4Mb
     sub-directories of 1Mb or more:
     libs 21.9Mb
Flavors: r-devel-linux-x86_64-fedora-clang, r-devel-windows-x86_64-new-UL, r-devel-windows-x86_64-old, r-release-macos-arm64, r-release-macos-x86_64, r-release-windows-ix86+x86_64, r-oldrel-macos-x86_64, r-oldrel-windows-ix86+x86_64