Last updated on 2023-01-28 23:51:43 CET.
Flavor | Version | Tinstall | Tcheck | Ttotal | Status | Flags |
---|---|---|---|---|---|---|
r-devel-linux-x86_64-debian-clang | 1.6.0 | 63.70 | 347.60 | 411.30 | OK | |
r-devel-linux-x86_64-debian-gcc | 1.6.0 | 52.82 | 241.47 | 294.29 | OK | |
r-devel-linux-x86_64-fedora-clang | 1.6.0 | 544.37 | OK | |||
r-devel-linux-x86_64-fedora-gcc | 1.6.0 | 569.17 | OK | |||
r-devel-windows-x86_64 | 1.6.0 | 112.00 | 427.00 | 539.00 | OK | |
r-patched-linux-x86_64 | 1.6.0 | 61.00 | 334.72 | 395.72 | OK | |
r-release-linux-x86_64 | 1.6.0 | 53.37 | 326.62 | 379.99 | OK | |
r-release-macos-arm64 | 1.6.0 | 104.00 | OK | |||
r-release-macos-x86_64 | 1.6.0 | 144.00 | OK | |||
r-release-windows-x86_64 | 1.6.0 | 107.00 | 398.00 | 505.00 | OK | |
r-oldrel-macos-arm64 | 1.6.0 | 121.00 | OK | |||
r-oldrel-macos-x86_64 | 1.6.0 | 211.00 | OK | |||
r-oldrel-windows-ix86+x86_64 | 1.6.0 | 132.00 | 404.00 | 536.00 | NOTE |
Version: 1.6.0
Check: installed package size
Result: NOTE
installed size is 5.0Mb
sub-directories of 1Mb or more:
doc 2.2Mb
libs 2.1Mb
Flavor: r-oldrel-windows-ix86+x86_64