Last updated on 2022-07-05 23:55:45 CEST.
Flavor | Version | Tinstall | Tcheck | Ttotal | Status | Flags |
---|---|---|---|---|---|---|
r-devel-linux-x86_64-debian-clang | 0.1.3 | 7.92 | 110.63 | 118.55 | OK | |
r-devel-linux-x86_64-debian-gcc | 0.1.3 | 6.98 | 80.04 | 87.02 | OK | |
r-devel-linux-x86_64-fedora-clang | 0.1.3 | 157.61 | NOTE | |||
r-devel-linux-x86_64-fedora-gcc | 0.1.3 | 162.83 | NOTE | |||
r-devel-windows-x86_64 | 0.1.3 | 18.00 | 135.00 | 153.00 | OK | |
r-patched-linux-x86_64 | 0.1.3 | 9.67 | 104.16 | 113.83 | OK | |
r-release-linux-x86_64 | 0.1.3 | 9.27 | 105.78 | 115.05 | OK | |
r-release-macos-arm64 | 0.1.3 | 42.00 | NOTE | |||
r-release-macos-x86_64 | 0.1.3 | 57.00 | NOTE | |||
r-release-windows-x86_64 | 0.1.3 | 23.00 | 139.00 | 162.00 | OK | |
r-oldrel-macos-arm64 | 0.1.3 | 38.00 | NOTE | |||
r-oldrel-macos-x86_64 | 0.1.3 | 58.00 | NOTE | |||
r-oldrel-windows-ix86+x86_64 | 0.1.3 | 21.00 | 116.00 | 137.00 | OK |
Version: 0.1.3
Check: dependencies in R code
Result: NOTE
Namespace in Imports field not imported from: ‘fs’
All declared Imports should be used.
Flavors: r-devel-linux-x86_64-fedora-clang, r-devel-linux-x86_64-fedora-gcc, r-release-macos-arm64, r-release-macos-x86_64, r-oldrel-macos-arm64, r-oldrel-macos-x86_64