CRAN Package Check Results for Package MESS

Last updated on 2021-10-18 23:49:37 CEST.

Flavor Version Tinstall Tcheck Ttotal Status Flags
r-devel-linux-x86_64-debian-clang 0.5.7 221.16 129.10 350.26 OK
r-devel-linux-x86_64-debian-gcc 0.5.7 170.79 96.32 267.11 OK
r-devel-linux-x86_64-fedora-clang 0.5.7 548.42 NOTE
r-devel-linux-x86_64-fedora-gcc 0.5.7 506.88 OK
r-devel-windows-x86_64 0.5.7 309.00 187.00 496.00 OK
r-devel-windows-x86_64-gcc10-UCRT 0.5.7 OK
r-patched-linux-x86_64 0.5.7 198.12 123.50 321.62 OK
r-patched-solaris-x86 0.5.7 472.70 OK
r-release-linux-x86_64 0.5.7 205.75 121.73 327.48 OK
r-release-macos-arm64 0.5.7 NOTE
r-release-macos-x86_64 0.5.7 NOTE
r-release-windows-ix86+x86_64 0.5.7 590.00 249.00 839.00 NOTE
r-oldrel-macos-x86_64 0.5.7 NOTE
r-oldrel-windows-ix86+x86_64 0.5.7 592.00 262.00 854.00 NOTE

Check Details

Version: 0.5.7
Check: installed package size
Result: NOTE
     installed size is 8.8Mb
     sub-directories of 1Mb or more:
     data 2.8Mb
     libs 5.6Mb
Flavors: r-devel-linux-x86_64-fedora-clang, r-release-macos-arm64, r-release-macos-x86_64, r-release-windows-ix86+x86_64, r-oldrel-macos-x86_64, r-oldrel-windows-ix86+x86_64