CRAN Package Check Results for Package MCMCtreeR

Last updated on 2022-09-28 23:55:47 CEST.

Flavor Version Tinstall Tcheck Ttotal Status Flags
r-devel-linux-x86_64-debian-clang 1.1 7.28 95.98 103.26 OK
r-devel-linux-x86_64-debian-gcc 1.1 5.38 70.32 75.70 OK
r-devel-linux-x86_64-fedora-clang 1.1 136.52 NOTE
r-devel-linux-x86_64-fedora-gcc 1.1 126.98 OK
r-devel-windows-x86_64 1.1 37.00 164.00 201.00 NOTE
r-patched-linux-x86_64 1.1 5.73 90.52 96.25 OK
r-release-linux-x86_64 1.1 5.72 90.11 95.83 OK
r-release-macos-arm64 1.1 57.00 NOTE
r-release-macos-x86_64 1.1 81.00 NOTE
r-release-windows-x86_64 1.1 12.00 159.00 171.00 NOTE
r-oldrel-macos-arm64 1.1 48.00 NOTE
r-oldrel-macos-x86_64 1.1 111.00 NOTE
r-oldrel-windows-ix86+x86_64 1.1 17.00 130.00 147.00 NOTE

Check Details

Version: 1.1
Check: installed package size
Result: NOTE
     installed size is 7.4Mb
     sub-directories of 1Mb or more:
     doc 6.8Mb
Flavors: r-devel-linux-x86_64-fedora-clang, r-devel-windows-x86_64, r-release-macos-arm64, r-release-macos-x86_64, r-release-windows-x86_64, r-oldrel-macos-arm64, r-oldrel-macos-x86_64, r-oldrel-windows-ix86+x86_64