CRAN Package Check Results for Package MCMCtreeR

Last updated on 2021-11-28 23:50:32 CET.

Flavor Version Tinstall Tcheck Ttotal Status Flags
r-devel-linux-x86_64-debian-clang 1.1 OK
r-devel-linux-x86_64-debian-gcc 1.1 6.49 65.28 71.77 OK
r-devel-linux-x86_64-fedora-clang 1.1 134.67 NOTE
r-devel-linux-x86_64-fedora-gcc 1.1 119.76 OK
r-devel-windows-x86_64-new-UL 1.1 19.00 185.00 204.00 NOTE
r-devel-windows-x86_64-new-TK 1.1 OK
r-devel-windows-x86_64-old 1.1 13.00 125.00 138.00 NOTE
r-patched-linux-x86_64 1.1 7.67 77.89 85.56 OK
r-patched-solaris-x86 1.1 114.20 NOTE
r-release-linux-x86_64 1.1 8.61 78.51 87.12 OK
r-release-macos-arm64 1.1 NOTE
r-release-macos-x86_64 1.1 NOTE
r-release-windows-ix86+x86_64 1.1 17.00 123.00 140.00 NOTE
r-oldrel-macos-x86_64 1.1 NOTE
r-oldrel-windows-ix86+x86_64 1.1 11.00 124.00 135.00 NOTE

Check Details

Version: 1.1
Check: installed package size
Result: NOTE
     installed size is 7.4Mb
     sub-directories of 1Mb or more:
     doc 6.8Mb
Flavors: r-devel-linux-x86_64-fedora-clang, r-devel-windows-x86_64-new-UL, r-devel-windows-x86_64-old, r-patched-solaris-x86, r-release-macos-arm64, r-release-macos-x86_64, r-release-windows-ix86+x86_64, r-oldrel-macos-x86_64, r-oldrel-windows-ix86+x86_64