CRAN Package Check Results for Package MARSS

Last updated on 2021-10-21 23:50:17 CEST.

Flavor Version Tinstall Tcheck Ttotal Status Flags
r-devel-linux-x86_64-debian-clang 3.11.3 22.45 236.00 258.45 OK
r-devel-linux-x86_64-debian-gcc 3.11.3 17.30 174.83 192.13 OK
r-devel-linux-x86_64-fedora-clang 3.11.3 335.09 OK
r-devel-linux-x86_64-fedora-gcc 3.11.3 341.34 OK
r-devel-windows-x86_64 3.11.3 32.00 259.00 291.00 OK
r-devel-windows-x86_64-gcc10-UCRT 3.11.3 OK
r-patched-linux-x86_64 3.11.3 23.49 229.95 253.44 OK
r-patched-solaris-x86 3.11.3 360.60 NOTE
r-release-linux-x86_64 3.11.3 17.37 230.74 248.11 OK
r-release-macos-arm64 3.11.3 OK
r-release-macos-x86_64 3.11.3 OK
r-release-windows-ix86+x86_64 3.11.3 25.00 256.00 281.00 OK
r-oldrel-macos-x86_64 3.11.3 OK
r-oldrel-windows-ix86+x86_64 3.11.3 34.00 256.00 290.00 OK

Check Details

Version: 3.11.3
Check: installed package size
Result: NOTE
     installed size is 5.3Mb
     sub-directories of 1Mb or more:
     doc 3.8Mb
Flavor: r-patched-solaris-x86