CRAN Package Check Results for Package MAPITR

Last updated on 2024-06-25 00:58:06 CEST.

Flavor Version Tinstall Tcheck Ttotal Status Flags
r-devel-linux-x86_64-debian-clang 1.1.2 37.03 49.35 86.38 NOTE
r-devel-linux-x86_64-debian-gcc 1.1.2 27.80 43.25 71.05 NOTE
r-devel-linux-x86_64-fedora-clang 1.1.2 120.42 NOTE
r-devel-linux-x86_64-fedora-gcc 1.1.2 149.52 NOTE
r-devel-windows-x86_64 1.1.2 33.00 81.00 114.00 NOTE
r-patched-linux-x86_64 1.1.2 38.97 53.70 92.67 NOTE
r-release-linux-x86_64 1.1.2 36.84 53.37 90.21 NOTE
r-release-macos-arm64 1.1.2 46.00 NOTE
r-release-macos-x86_64 1.1.2 83.00 NOTE
r-release-windows-x86_64 1.1.2 36.00 84.00 120.00 NOTE
r-oldrel-macos-arm64 1.1.2 50.00 NOTE
r-oldrel-macos-x86_64 1.1.2 76.00 NOTE
r-oldrel-windows-x86_64 1.1.2 42.00 95.00 137.00 NOTE

Check Details

Version: 1.1.2
Check: C++ specification
Result: NOTE Specified C++11: please drop specification unless essential Flavors: r-devel-linux-x86_64-debian-clang, r-devel-linux-x86_64-debian-gcc, r-devel-linux-x86_64-fedora-clang, r-devel-linux-x86_64-fedora-gcc, r-devel-windows-x86_64, r-patched-linux-x86_64, r-release-linux-x86_64, r-release-macos-arm64, r-release-macos-x86_64, r-release-windows-x86_64, r-oldrel-macos-arm64, r-oldrel-macos-x86_64, r-oldrel-windows-x86_64