CRAN Package Check Results for Package MANOVA.RM

Last updated on 2024-06-22 00:58:02 CEST.

Flavor Version Tinstall Tcheck Ttotal Status Flags
r-devel-linux-x86_64-debian-clang 0.5.4 10.72 243.90 254.62 NOTE
r-devel-linux-x86_64-debian-gcc 0.5.4 8.07 174.72 182.79 NOTE
r-devel-linux-x86_64-fedora-clang 0.5.4 307.45 NOTE
r-devel-linux-x86_64-fedora-gcc 0.5.4 310.75 NOTE
r-devel-windows-x86_64 0.5.4 10.00 177.00 187.00 NOTE
r-patched-linux-x86_64 0.5.4 11.38 237.50 248.88 NOTE
r-release-linux-x86_64 0.5.4 10.37 240.34 250.71 NOTE
r-release-macos-arm64 0.5.4 77.00 NOTE
r-release-macos-x86_64 0.5.4 137.00 NOTE
r-release-windows-x86_64 0.5.4 11.00 172.00 183.00 NOTE
r-oldrel-macos-arm64 0.5.4 89.00 OK
r-oldrel-macos-x86_64 0.5.4 258.00 OK
r-oldrel-windows-x86_64 0.5.4 13.00 234.00 247.00 OK

Check Details

Version: 0.5.4
Check: Rd files
Result: NOTE checkRd: (-1) EEGwide.Rd:30-33: Lost braces 30 | if(requireNamespace("ggplot2")){ | ^ Flavors: r-devel-linux-x86_64-debian-clang, r-devel-linux-x86_64-debian-gcc, r-devel-linux-x86_64-fedora-clang, r-devel-linux-x86_64-fedora-gcc, r-devel-windows-x86_64, r-patched-linux-x86_64, r-release-linux-x86_64, r-release-macos-arm64, r-release-macos-x86_64, r-release-windows-x86_64