CRAN Package Check Results for Package MAINT.Data

Last updated on 2021-11-28 23:50:31 CET.

Flavor Version Tinstall Tcheck Ttotal Status Flags
r-devel-linux-x86_64-debian-clang 2.6.2 OK
r-devel-linux-x86_64-debian-gcc 2.6.2 162.50 117.97 280.47 OK
r-devel-linux-x86_64-fedora-clang 2.6.2 600.27 NOTE
r-devel-linux-x86_64-fedora-gcc 2.6.2 549.47 OK
r-devel-windows-x86_64-new-UL 2.6.2 306.00 226.00 532.00 NOTE
r-devel-windows-x86_64-new-TK 2.6.2 OK
r-devel-windows-x86_64-old 2.6.2 274.00 198.00 472.00 NOTE
r-patched-linux-x86_64 2.6.2 206.80 151.53 358.33 OK
r-patched-solaris-x86 2.6.2 513.30 OK
r-release-linux-x86_64 2.6.2 201.44 154.95 356.39 OK
r-release-macos-arm64 2.6.2 NOTE
r-release-macos-x86_64 2.6.2 NOTE
r-release-windows-ix86+x86_64 2.6.2 543.00 187.00 730.00 NOTE
r-oldrel-macos-x86_64 2.6.2 NOTE
r-oldrel-windows-ix86+x86_64 2.6.2 551.00 251.00 802.00 NOTE

Check Details

Version: 2.6.2
Check: installed package size
Result: NOTE
     installed size is 8.9Mb
     sub-directories of 1Mb or more:
     R 1.5Mb
     data 2.3Mb
     libs 4.7Mb
Flavors: r-devel-linux-x86_64-fedora-clang, r-devel-windows-x86_64-new-UL, r-devel-windows-x86_64-old, r-release-macos-arm64, r-release-macos-x86_64, r-release-windows-ix86+x86_64, r-oldrel-macos-x86_64, r-oldrel-windows-ix86+x86_64